{"id":15852,"date":"2021-07-12T15:48:59","date_gmt":"2021-07-12T20:48:24","guid":{"rendered":"http:\/\/www.uartes.edu.ec\/sitio\/agua\/inicio\/agua\/quienes-somos-2\/"},"modified":"2026-02-20T09:44:47","modified_gmt":"2026-02-20T14:44:47","slug":"somo","status":"publish","type":"page","link":"http:\/\/www.uartes.edu.ec\/sitio\/agua\/somos\/","title":{"rendered":"Somos AGUA"},"content":{"rendered":"\t\t<div data-elementor-type=\"wp-page\" data-elementor-id=\"15852\" class=\"elementor elementor-15852\" data-elementor-post-type=\"page\">\n\t\t\t\t<div class=\"elementor-element elementor-element-a1725bd e-flex e-con-boxed e-con e-parent\" data-id=\"a1725bd\" data-element_type=\"container\" data-e-type=\"container\">\n\t\t\t\t\t<div class=\"e-con-inner\">\n\t\t<div class=\"elementor-element elementor-element-0489a15 e-con-full e-flex e-con e-child\" data-id=\"0489a15\" data-element_type=\"container\" data-e-type=\"container\">\n\t\t\t\t<div class=\"elementor-element elementor-element-724f47b elementor-widget elementor-widget-heading\" data-id=\"724f47b\" data-element_type=\"widget\" data-e-type=\"widget\" data-widget_type=\"heading.default\">\n\t\t\t\t\t<h2 class=\"elementor-heading-title elementor-size-default\">Qui\u00e9nes somos<\/h2>\t\t\t\t<\/div>\n\t\t<div class=\"elementor-element elementor-element-4b5c56d e-flex e-con-boxed e-con e-child\" data-id=\"4b5c56d\" data-element_type=\"container\" data-e-type=\"container\" data-settings=\"{&quot;background_background&quot;:&quot;classic&quot;}\">\n\t\t\t\t\t<div class=\"e-con-inner\">\n\t\t\t\t<div class=\"elementor-element elementor-element-e0a20fa elementor-widget elementor-widget-text-editor\" data-id=\"e0a20fa\" data-element_type=\"widget\" data-e-type=\"widget\" data-widget_type=\"text-editor.default\">\n\t\t\t\t\t\t\t\t\t\n<p><strong>Agua <\/strong>es un instrumento, una postura, un medio, un servicio p\u00fablico, un espacio para afianzar la producci\u00f3n simb\u00f3lica de las artes en Guayaquil.<\/p>\n\n<h3 class=\"wp-block-heading\">\u00bfQu\u00e9 es Agua?<\/h3>\n\n<p><strong>Agua\u00a0<\/strong> es una plataforma virtual donde se da a conocer la producci\u00f3n simb\u00f3lica de las artes en Guayaquil. Una propuesta que procura replicar el tejido social que los artistas y espacios culturales realizan a trav\u00e9s de diversas practicas creativas e innovadoras.<\/p>\n\n<h3 class=\"wp-block-heading\">\u00bfCu\u00e1l es su objetivo?<\/h3>\n\n<p><strong>Agua <\/strong>busca potenciar la energ\u00eda art\u00edstica de la ciudad porte\u00f1a y servir a la vez como catalizadora de emprendimientos y espacios emergentes.<\/p>\n\n<p><strong>Agua<\/strong> desea promover la participaci\u00f3n y apropiaci\u00f3n ciudadana de las expresiones art\u00edsticas.<\/p>\n\n<h3 class=\"wp-block-heading\">\u00bfQui\u00e9nes participan?<\/h3>\n\n<p>Todos los productores de manifestaciones art\u00edsticas y culturales de la ciudad de Guayaquil.<\/p>\n\n<p>\u00a1S\u00e9 parte de <a href=\"http:\/\/www.uartes.edu.ec\/sitio\/agua\/participa\/\"><strong>Agua<\/strong>!<\/a><\/p>\n\t\t\t\t\t\t\t\t<\/div>\n\t\t\t\t\t<\/div>\n\t\t\t\t<\/div>\n\t\t\t\t<\/div>\n\t\t\t\t\t<\/div>\n\t\t\t\t<\/div>\n\t\t\t\t<\/div>\n\t\t","protected":false},"excerpt":{"rendered":"<p>Qui\u00e9nes somos Agua es un instrumento, una postura, un medio, un servicio p\u00fablico, un espacio para afianzar la producci\u00f3n simb\u00f3lica de las artes en Guayaquil. \u00bfQu\u00e9 es Agua? Agua\u00a0 es [&hellip;]<\/p>\n","protected":false},"author":21,"featured_media":17206,"parent":0,"menu_order":5,"comment_status":"closed","ping_status":"closed","template":"","meta":{"_tec_requires_first_save":true,"_uag_custom_page_level_css":"","_monsterinsights_skip_tracking":false,"_monsterinsights_sitenote_active":false,"_monsterinsights_sitenote_note":"","_monsterinsights_sitenote_category":0,"_EventAllDay":false,"_EventTimezone":"","_EventStartDate":"","_EventEndDate":"","_EventStartDateUTC":"","_EventEndDateUTC":"","_EventShowMap":false,"_EventShowMapLink":false,"_EventURL":"","_EventCost":"","_EventCostDescription":"","_EventCurrencySymbol":"","_EventCurrencyCode":"","_EventCurrencyPosition":"","_EventDateTimeSeparator":"","_EventTimeRangeSeparator":"","_EventOrganizerID":[],"_EventVenueID":[],"_OrganizerEmail":"","_OrganizerPhone":"","_OrganizerWebsite":"","_VenueAddress":"","_VenueCity":"","_VenueCountry":"","_VenueProvince":"","_VenueState":"","_VenueZip":"","_VenuePhone":"","_VenueURL":"","_VenueStateProvince":"","_VenueLat":"","_VenueLng":"","_VenueShowMap":false,"_VenueShowMapLink":false,"_tribe_blocks_recurrence_rules":"","_tribe_blocks_recurrence_description":"","_tribe_blocks_recurrence_exclusions":"","cybocfi_hide_featured_image":"","footnotes":""},"class_list":["post-15852","page","type-page","status-publish","has-post-thumbnail","hentry"],"uagb_featured_image_src":{"full":["https:\/\/www.uartes.edu.ec\/sitio\/agua\/wp-content\/uploads\/sites\/7\/PIN.png",80,80,false],"thumbnail":["https:\/\/www.uartes.edu.ec\/sitio\/agua\/wp-content\/uploads\/sites\/7\/PIN.png",80,80,false],"medium":["https:\/\/www.uartes.edu.ec\/sitio\/agua\/wp-content\/uploads\/sites\/7\/PIN.png",80,80,false],"medium_large":["https:\/\/www.uartes.edu.ec\/sitio\/agua\/wp-content\/uploads\/sites\/7\/PIN.png",80,80,false],"large":["https:\/\/www.uartes.edu.ec\/sitio\/agua\/wp-content\/uploads\/sites\/7\/PIN.png",80,80,false],"1536x1536":["https:\/\/www.uartes.edu.ec\/sitio\/agua\/wp-content\/uploads\/sites\/7\/PIN.png",80,80,false],"2048x2048":["https:\/\/www.uartes.edu.ec\/sitio\/agua\/wp-content\/uploads\/sites\/7\/PIN.png",80,80,false],"gb-block-post-grid-landscape":["https:\/\/www.uartes.edu.ec\/sitio\/agua\/wp-content\/uploads\/sites\/7\/PIN.png",80,80,false],"gb-block-post-grid-square":["https:\/\/www.uartes.edu.ec\/sitio\/agua\/wp-content\/uploads\/sites\/7\/PIN.png",80,80,false]},"uagb_author_info":{"display_name":"","author_link":"https:\/\/www.uartes.edu.ec\/sitio\/agua\/author\/"},"uagb_comment_info":0,"uagb_excerpt":"Qui\u00e9nes somos Agua es un instrumento, una postura, un medio, un servicio p\u00fablico, un espacio para afianzar la producci\u00f3n simb\u00f3lica de las artes en Guayaquil. \u00bfQu\u00e9 es Agua? Agua\u00a0 es [&hellip;]","featured_image_src":"https:\/\/www.uartes.edu.ec\/sitio\/agua\/wp-content\/uploads\/sites\/7\/PIN.png","featured_image_src_square":"https:\/\/www.uartes.edu.ec\/sitio\/agua\/wp-content\/uploads\/sites\/7\/PIN.png","distributor_meta":false,"distributor_terms":false,"distributor_media":false,"distributor_original_site_name":"Agua","distributor_original_site_url":"https:\/\/www.uartes.edu.ec\/sitio\/agua","push-errors":false,"_links":{"self":[{"href":"https:\/\/www.uartes.edu.ec\/sitio\/agua\/wp-json\/wp\/v2\/pages\/15852","targetHints":{"allow":["GET"]}}],"collection":[{"href":"https:\/\/www.uartes.edu.ec\/sitio\/agua\/wp-json\/wp\/v2\/pages"}],"about":[{"href":"https:\/\/www.uartes.edu.ec\/sitio\/agua\/wp-json\/wp\/v2\/types\/page"}],"author":[{"embeddable":true,"href":"https:\/\/www.uartes.edu.ec\/sitio\/agua\/wp-json\/wp\/v2\/users\/21"}],"replies":[{"embeddable":true,"href":"https:\/\/www.uartes.edu.ec\/sitio\/agua\/wp-json\/wp\/v2\/comments?post=15852"}],"version-history":[{"count":21,"href":"https:\/\/www.uartes.edu.ec\/sitio\/agua\/wp-json\/wp\/v2\/pages\/15852\/revisions"}],"predecessor-version":[{"id":28870,"href":"https:\/\/www.uartes.edu.ec\/sitio\/agua\/wp-json\/wp\/v2\/pages\/15852\/revisions\/28870"}],"wp:featuredmedia":[{"embeddable":true,"href":"https:\/\/www.uartes.edu.ec\/sitio\/agua\/wp-json\/wp\/v2\/media\/17206"}],"wp:attachment":[{"href":"https:\/\/www.uartes.edu.ec\/sitio\/agua\/wp-json\/wp\/v2\/media?parent=15852"}],"curies":[{"name":"wp","href":"https:\/\/api.w.org\/{rel}","templated":true}]}}

<div data-elementor-type="wp-page" data-elementor-id="15852" class="elementor elementor-15852" data-elementor-post-type="page">
				<div class="elementor-element elementor-element-a1725bd e-flex e-con-boxed e-con e-parent" data-id="a1725bd" data-element_type="container" data-e-type="container">
					<div class="e-con-inner">
		<div class="elementor-element elementor-element-0489a15 e-con-full e-flex e-con e-child" data-id="0489a15" data-element_type="container" data-e-type="container">
				<div class="elementor-element elementor-element-724f47b elementor-widget elementor-widget-heading" data-id="724f47b" data-element_type="widget" data-e-type="widget" data-widget_type="heading.default">
					<h2 class="elementor-heading-title elementor-size-default">Quiénes somos</h2>				</div>
		<div class="elementor-element elementor-element-4b5c56d e-flex e-con-boxed e-con e-child" data-id="4b5c56d" data-element_type="container" data-e-type="container" data-settings="{&quot;background_background&quot;:&quot;classic&quot;}">
					<div class="e-con-inner">
				<div class="elementor-element elementor-element-e0a20fa elementor-widget elementor-widget-text-editor" data-id="e0a20fa" data-element_type="widget" data-e-type="widget" data-widget_type="text-editor.default">
									
<p><strong>Agua </strong>es un instrumento, una postura, un medio, un servicio público, un espacio para afianzar la producción simbólica de las artes en Guayaquil.</p>

<h3 class="wp-block-heading">¿Qué es Agua?</h3>

<p><strong>Agua </strong> es una plataforma virtual donde se da a conocer la producción simbólica de las artes en Guayaquil. Una propuesta que procura replicar el tejido social que los artistas y espacios culturales realizan a través de diversas practicas creativas e innovadoras.</p>

<h3 class="wp-block-heading">¿Cuál es su objetivo?</h3>

<p><strong>Agua </strong>busca potenciar la energía artística de la ciudad porteña y servir a la vez como catalizadora de emprendimientos y espacios emergentes.</p>

<p><strong>Agua</strong> desea promover la participación y apropiación ciudadana de las expresiones artísticas.</p>

<h3 class="wp-block-heading">¿Quiénes participan?</h3>

<p>Todos los productores de manifestaciones artísticas y culturales de la ciudad de Guayaquil.</p>

<p>¡Sé parte de <a href="http://www.uartes.edu.ec/sitio/agua/participa/"><strong>Agua</strong>!</a></p>
								</div>
					</div>
				</div>
				</div>
					</div>
				</div>
				</div>

<p>Quiénes somos Agua es un instrumento, una postura, un medio, un servicio público, un espacio para afianzar la producción simbólica de las artes en Guayaquil. ¿Qué es Agua? Agua  es [&hellip;]</p>

Quiénes somos Agua es un instrumento, una postura, un medio, un servicio público, un espacio para afianzar la producción simbólica de las artes en Guayaquil. ¿Qué es Agua? Agua  es [&hellip;]
