{"id":10001600,"date":"2025-02-11T11:09:47","date_gmt":"2025-02-11T16:09:47","guid":{"rendered":"https:\/\/www.uartes.edu.ec\/sitio\/agua\/?post_type=tribe_events&#038;p=26462"},"modified":"2025-02-11T11:09:51","modified_gmt":"2025-02-11T16:09:51","slug":"simposio-estudios-visuales-desde-la-digitalidad","status":"publish","type":"tribe_events","link":"https:\/\/www.uartes.edu.ec\/sitio\/agua\/evento\/simposio-estudios-visuales-desde-la-digitalidad\/2025-02-19\/","title":{"rendered":"Simposio: Estudios Visuales desde la Digitalidad"},"content":{"rendered":"<div  class=\"tribe-events-schedule tribe-clearfix\" >\n\t<p class=\"tribe-events-schedule__datetime\">\n\t\t<span class=\"tribe-events-schedule__date tribe-events-schedule__date--start\">\n\t\t\tmi\u00e9rcoles, febrero 19, 2025\t\t<\/span>\n\n\t\t\t\t\t<span class=\"tribe-events-schedule__separator tribe-events-schedule__separator--date\">\n\t\t\t\t @ \t\t\t<\/span>\n\t\t\t<span class=\"tribe-events-schedule__time tribe-events-schedule__time--start\">\n\t\t\t\t4:00 pm\t\t\t<\/span>\n\t\t\n\t\t\t\t\t\t\t\t\t<span class=\"tribe-events-schedule__separator tribe-events-schedule__separator--time\">\n\t\t\t\t\t &#8211; \t\t\t\t<\/span>\n\t\t\t\n\t\t\t\t\t\t\t<span class=\"tribe-events-schedule__time tribe-events-schedule__time--end\">\n\t\t\t\t\t7:00 pm\t\t\t\t<\/span>\n\t\t\t\n\t\t\t\t\t\t<\/p>\n<\/div>\n\n\n<div  class=\"tribe-block tribe-block__event-price\" >\n\t\t\t<span class=\"tribe-block__event-price__cost\"> Free <\/span>\n\t\t<\/div>\n\n\n<div class=\"tribe-events-event-image\"><img fetchpriority=\"high\" decoding=\"async\" width=\"1000\" height=\"1000\" src=\"https:\/\/www.uartes.edu.ec\/sitio\/agua\/wp-content\/uploads\/sites\/7\/MAVNM\u2014Simposio_Carrusel-01.jpg\" class=\"attachment-full size-full wp-post-image\" alt=\"\" srcset=\"https:\/\/www.uartes.edu.ec\/sitio\/agua\/wp-content\/uploads\/sites\/7\/MAVNM\u2014Simposio_Carrusel-01.jpg 1000w, https:\/\/www.uartes.edu.ec\/sitio\/agua\/wp-content\/uploads\/sites\/7\/MAVNM\u2014Simposio_Carrusel-01-400x400.jpg 400w, https:\/\/www.uartes.edu.ec\/sitio\/agua\/wp-content\/uploads\/sites\/7\/MAVNM\u2014Simposio_Carrusel-01-644x644.jpg 644w, https:\/\/www.uartes.edu.ec\/sitio\/agua\/wp-content\/uploads\/sites\/7\/MAVNM\u2014Simposio_Carrusel-01-150x150.jpg 150w, https:\/\/www.uartes.edu.ec\/sitio\/agua\/wp-content\/uploads\/sites\/7\/MAVNM\u2014Simposio_Carrusel-01-768x768.jpg 768w, https:\/\/www.uartes.edu.ec\/sitio\/agua\/wp-content\/uploads\/sites\/7\/MAVNM\u2014Simposio_Carrusel-01-60x60.jpg 60w, https:\/\/www.uartes.edu.ec\/sitio\/agua\/wp-content\/uploads\/sites\/7\/MAVNM\u2014Simposio_Carrusel-01-600x600.jpg 600w\" sizes=\"(max-width: 1000px) 100vw, 1000px\" \/><\/div>\n\n\n<p>Este simposio surge del seminario de maestr\u00eda \u201c<strong>Estudios Visuales<\/strong>\u201d impartido en la <strong>Maestr\u00eda en Artes Visuales y Nuevos Medios,<\/strong>&nbsp;donde se analizaron cr\u00edticamente las implicaciones de los medios digitales como eje central de la visualidad contempor\u00e1nea. Se compone de cuatro paneles \u2014Autoidentificaci\u00f3n, especulaci\u00f3n y performatividad; Datos y nuevas materialidades; Mem\u00e9tica y viralidad; y Archivo, memoria e identidad\u2014 que abordan el impacto est\u00e9tico, social y pol\u00edtico de la intersecci\u00f3n entre arte, tecnolog\u00eda y pr\u00e1cticas visuales en la cultura actual. El evento busca propiciar un espacio de di\u00e1logo y reflexi\u00f3n en torno a c\u00f3mo la digitalidad redefine los procesos de producci\u00f3n, circulaci\u00f3n y recepci\u00f3n de las im\u00e1genes.<\/p>\n\n\n\n<p>A lo largo de las sesiones lxs estudiantes que participaron de este seminario se reunir\u00e1n para discutir la manera en que la subjetividad y el cuerpo se reconfiguran a trav\u00e9s de narrativas digitales, c\u00f3mo la recolecci\u00f3n y el manejo de datos propician nuevas formas materiales y discursivas en el campo art\u00edstico, y de qu\u00e9 forma el fen\u00f3meno de la mem\u00e9tica y la viralidad incide en la creaci\u00f3n de imaginarios colectivos. Adem\u00e1s, se analizar\u00e1 la relevancia de los archivos digitales en la construcci\u00f3n de la memoria y la identidad, y se pondr\u00e1 \u00e9nfasis en las tensiones y posibilidades que surgen al fusionarse el arte con el entorno tecnol\u00f3gico contempor\u00e1neo.<\/p>\n\n\n\n<p><strong>Mi\u00e9rcoles 19 de Febrero&nbsp;<\/strong><\/p>\n\n\n\n<ul class=\"wp-block-list\">\n<li><strong>Panel 1: Datos y nuevas materialidades.-<\/strong>&nbsp;Enrique Land\u00edvar, Andrea Moreira, Pedro Gonz\u00e1lez y David Barber\u00e1n.<\/li>\n\n\n\n<li><strong>Panel 2: Autoidentificaci\u00f3n, especulaci\u00f3n y performatividad.-<\/strong>&nbsp;David Moncayo, Mariv\u00ed Suarez y Gabriel Arroyo.&nbsp;<\/li>\n<\/ul>\n\n\n\n<p><strong>Jueves 20 de Febrero&nbsp;<\/strong><\/p>\n\n\n\n<ul class=\"wp-block-list\">\n<li><strong>Panel 3: Mem\u00e9tica y viralidad.- <\/strong>Chay Velasco, Juanca Vargas y Jos\u00e9 Luis Espinoza<\/li>\n\n\n\n<li><strong>Panel 4: Archivo, memoria e identidad.-<\/strong>&nbsp;Fernando Falcon\u00ed, Iv\u00e1n Basurto, Jimmy Lara y Syl Quezada.&nbsp;<\/li>\n<\/ul>\n\n\n\n<p>Presentaci\u00f3n: Doreen R\u00edos<br>Moderadores: Cristian Villavicencio, Lupe \u00c1lvarez e Ilich Castillo.<\/p>\n\n\n\n<p>Puedes acompa\u00f1arnos tambi\u00e9n a trav\u00e9s de <a href=\"https:\/\/cedia.zoom.us\/j\/83806128294\">Zoom<\/a>.<\/p>\n\n\n<div  class=\"tribe-block tribe-block__venue tribe-clearfix tribe-block__venue--has-map\" >\n\t\n\t\n<div class=\"tribe-block__venue__meta\">\n\t<div class=\"tribe-block__venue__name\">\n\t\t<h3><a href=\"http:\/\/www.uartes.edu.ec\/sitio\/agua\/biblioteca\/piso-3\/\" title=\"Piso 3 &#8211; Biblioteca de las Artes\">Piso 3 &#8211; Biblioteca de las Artes<\/a><\/h3>\n\t<\/div>\n\n\t\n\t\t\t\t\t\t<address class=\"tribe-block__venue__address\">\n\t\t\t\t<span class=\"tribe-address\">\n\n<span class=\"tribe-street-address\">Biblioteca de las Artes, Aguirre y Panam\u00e1 esquina<\/span>\n\t\n\t\t<br>\n\t\t<span class=\"tribe-locality\">Guayaquil<\/span><span class=\"tribe-delimiter\">,<\/span>\n\n\n\n\t<span class=\"tribe-country-name\">Ecuador<\/span>\n\n<\/span>\n\n\t\t\t\t\t\t\t\t\t<a class=\"tribe-events-gmap\" href=\"https:\/\/www.google.com\/maps\/search\/?api=1&#038;query=-2.1939090085933%2C-79.881031486916\" title=\"Haz clic para ver un mapa de Google\" target=\"_blank\" rel=\"noreferrer noopener\">+ Google Map<\/a>\t\t\t\t\t\t\t<\/address>\n\t\t\n\t\t\n\t\t\t\t\t<span class=\"tribe-block__venue__website\"><a href=\"https:\/\/biblioteca.uartes.edu.ec\" target=\"_self\" rel=\"external\">Ver el sitio web del Recinto<\/a><\/span><br \/>\n\t\t\t\n\t<\/div>\n\t\n<div class=\"tribe-block__venue__map\">\n\t\n<iframe\n  title=\"Iframe de Google Maps mostrando la direcci\u00f3n a Piso 3 &#8211; Biblioteca de las Artes\"\n  aria-label=\"Mapa de ubicaci\u00f3n del recinto\"\n  width=\"310px\"\n  height=\"256px\"\n  frameborder=\"0\" style=\"border:0\"\n  src=\"https:\/\/www.google.com\/maps\/embed\/v1\/place?key=AIzaSyDNsicAsP6-VuGtAb1O9riI3oc_NOb7IOU&#038;q=Biblioteca+de+las+Artes%2C+Aguirre+y+Panam%C3%A1+esquina+Guayaquil+Ecuador+&#038;zoom=15\" allowfullscreen>\n<\/iframe>\n<\/div>\n\n\t<\/div>\n","protected":false},"excerpt":{"rendered":"<p>Este simposio surge del seminario de maestr\u00eda \u201cEstudios Visuales\u201d impartido en la Maestr\u00eda en Artes Visuales y Nuevos Medios,&nbsp;donde se analizaron cr\u00edticamente las implicaciones de los medios digitales como eje [&hellip;]<\/p>\n","protected":false},"author":1,"featured_media":26465,"template":"","meta":{"_tec_requires_first_save":false,"_uag_custom_page_level_css":"","_monsterinsights_skip_tracking":false,"_monsterinsights_sitenote_active":false,"_monsterinsights_sitenote_note":"","_monsterinsights_sitenote_category":0,"_EventAllDay":false,"_EventTimezone":"America\/Guayaquil","_EventStartDate":"2025-02-19 16:00:00","_EventEndDate":"2025-02-19 19:00:00","_EventStartDateUTC":"2025-02-19 21:00:00","_EventEndDateUTC":"2025-02-20 00:00:00","_EventShowMap":false,"_EventShowMapLink":false,"_EventURL":"","_EventCost":"Free","_EventCostDescription":"","_EventCurrencySymbol":"$","_EventCurrencyCode":"USD","_EventCurrencyPosition":"prefix","_EventDateTimeSeparator":" @ ","_EventTimeRangeSeparator":" - ","_EventOrganizerID":[],"_EventVenueID":[17695],"_OrganizerEmail":"","_OrganizerPhone":"","_OrganizerWebsite":"","_VenueAddress":"","_VenueCity":"","_VenueCountry":"","_VenueProvince":"","_VenueState":"","_VenueZip":"","_VenuePhone":"","_VenueURL":"","_VenueStateProvince":"","_VenueLat":"","_VenueLng":"","_VenueShowMap":false,"_VenueShowMapLink":false,"_tribe_blocks_recurrence_rules":"[{\"all_day\":false,\"multi_day\":false,\"type\":\"daily\",\"limit_type\":\"date\",\"limit\":\"2025-02-20\",\"_limit_date_input\":\"February 20, 2025\",\"between\":1,\"start_time\":\"16:00:00\",\"end_time\":\"19:00:00\",\"isOffStart\":false}]","_tribe_blocks_recurrence_description":"","_tribe_blocks_recurrence_exclusions":"[]","cybocfi_hide_featured_image":"","_tribe_events_status":"","_tribe_events_status_reason":"","_tribe_events_is_hybrid":"","_tribe_events_is_virtual":"","_tribe_events_virtual_video_source":"","_tribe_events_virtual_embed_video":"","_tribe_events_virtual_linked_button_text":"","_tribe_events_virtual_linked_button":"","_tribe_events_virtual_show_embed_at":"","_tribe_events_virtual_show_embed_to":[],"_tribe_events_virtual_show_on_event":"","_tribe_events_virtual_show_on_views":"","_tribe_events_virtual_url":"","footnotes":""},"tags":[],"tribe_events_cat":[402,407],"class_list":["post-10001600","tribe_events","type-tribe_events","status-publish","has-post-thumbnail","hentry","tribe_events_cat-academico","tribe_events_cat-biblioteca","cat_academico","cat_biblioteca","tribe-recurring-event","tribe-recurring-event-parent"],"uagb_featured_image_src":{"full":["https:\/\/www.uartes.edu.ec\/sitio\/agua\/wp-content\/uploads\/sites\/7\/MAVNM\u2014Simposio_Carrusel-01.jpg",1000,1000,false],"thumbnail":["https:\/\/www.uartes.edu.ec\/sitio\/agua\/wp-content\/uploads\/sites\/7\/MAVNM\u2014Simposio_Carrusel-01-150x150.jpg",150,150,true],"medium":["https:\/\/www.uartes.edu.ec\/sitio\/agua\/wp-content\/uploads\/sites\/7\/MAVNM\u2014Simposio_Carrusel-01-400x400.jpg",400,400,true],"medium_large":["https:\/\/www.uartes.edu.ec\/sitio\/agua\/wp-content\/uploads\/sites\/7\/MAVNM\u2014Simposio_Carrusel-01-768x768.jpg",768,768,true],"large":["https:\/\/www.uartes.edu.ec\/sitio\/agua\/wp-content\/uploads\/sites\/7\/MAVNM\u2014Simposio_Carrusel-01-644x644.jpg",644,644,true],"1536x1536":["https:\/\/www.uartes.edu.ec\/sitio\/agua\/wp-content\/uploads\/sites\/7\/MAVNM\u2014Simposio_Carrusel-01.jpg",1000,1000,false],"2048x2048":["https:\/\/www.uartes.edu.ec\/sitio\/agua\/wp-content\/uploads\/sites\/7\/MAVNM\u2014Simposio_Carrusel-01.jpg",1000,1000,false],"gb-block-post-grid-landscape":["https:\/\/www.uartes.edu.ec\/sitio\/agua\/wp-content\/uploads\/sites\/7\/MAVNM\u2014Simposio_Carrusel-01-600x400.jpg",600,400,true],"gb-block-post-grid-square":["https:\/\/www.uartes.edu.ec\/sitio\/agua\/wp-content\/uploads\/sites\/7\/MAVNM\u2014Simposio_Carrusel-01-600x600.jpg",600,600,true]},"uagb_author_info":{"display_name":"Universidad de las Artes","author_link":"https:\/\/www.uartes.edu.ec\/sitio\/agua\/author\/dircomadm\/"},"uagb_comment_info":0,"uagb_excerpt":"Este simposio surge del seminario de maestr\u00eda \u201cEstudios Visuales\u201d impartido en la Maestr\u00eda en Artes Visuales y Nuevos Medios,&nbsp;donde se analizaron cr\u00edticamente las implicaciones de los medios digitales como eje [&hellip;]","distributor_meta":false,"distributor_terms":false,"distributor_media":false,"distributor_original_site_name":"Agua","distributor_original_site_url":"https:\/\/www.uartes.edu.ec\/sitio\/agua","push-errors":false,"_links":{"self":[{"href":"https:\/\/www.uartes.edu.ec\/sitio\/agua\/wp-json\/wp\/v2\/tribe_events\/10001600","targetHints":{"allow":["GET"]}}],"collection":[{"href":"https:\/\/www.uartes.edu.ec\/sitio\/agua\/wp-json\/wp\/v2\/tribe_events"}],"about":[{"href":"https:\/\/www.uartes.edu.ec\/sitio\/agua\/wp-json\/wp\/v2\/types\/tribe_events"}],"author":[{"embeddable":true,"href":"https:\/\/www.uartes.edu.ec\/sitio\/agua\/wp-json\/wp\/v2\/users\/1"}],"version-history":[{"count":0,"href":"https:\/\/www.uartes.edu.ec\/sitio\/agua\/wp-json\/wp\/v2\/tribe_events\/10001600\/revisions"}],"wp:featuredmedia":[{"embeddable":true,"href":"https:\/\/www.uartes.edu.ec\/sitio\/agua\/wp-json\/wp\/v2\/media\/26465"}],"wp:attachment":[{"href":"https:\/\/www.uartes.edu.ec\/sitio\/agua\/wp-json\/wp\/v2\/media?parent=10001600"}],"wp:term":[{"taxonomy":"post_tag","embeddable":true,"href":"https:\/\/www.uartes.edu.ec\/sitio\/agua\/wp-json\/wp\/v2\/tags?post=10001600"},{"taxonomy":"tribe_events_cat","embeddable":true,"href":"https:\/\/www.uartes.edu.ec\/sitio\/agua\/wp-json\/wp\/v2\/tribe_events_cat?post=10001600"}],"curies":[{"name":"wp","href":"https:\/\/api.w.org\/{rel}","templated":true}]}}

<div  class="tribe-events-schedule tribe-clearfix" >
	<p class="tribe-events-schedule__datetime">
		<span class="tribe-events-schedule__date tribe-events-schedule__date--start">
			miércoles, febrero 19, 2025		</span>

					<span class="tribe-events-schedule__separator tribe-events-schedule__separator--date">
				 @ 			</span>
			<span class="tribe-events-schedule__time tribe-events-schedule__time--start">
				4:00 pm			</span>
		
									<span class="tribe-events-schedule__separator tribe-events-schedule__separator--time">
					 &#8211; 				</span>
			
							<span class="tribe-events-schedule__time tribe-events-schedule__time--end">
					7:00 pm				</span>
			
						</p>
</div>


<div  class="tribe-block tribe-block__event-price" >
			<span class="tribe-block__event-price__cost"> Free </span>
		</div>


<div class="tribe-events-event-image"><img fetchpriority="high" decoding="async" width="1000" height="1000" src="https://www.uartes.edu.ec/sitio/agua/wp-content/uploads/sites/7/MAVNM—Simposio_Carrusel-01.jpg" class="attachment-full size-full wp-post-image" alt="" srcset="https://www.uartes.edu.ec/sitio/agua/wp-content/uploads/sites/7/MAVNM—Simposio_Carrusel-01.jpg 1000w, https://www.uartes.edu.ec/sitio/agua/wp-content/uploads/sites/7/MAVNM—Simposio_Carrusel-01-400x400.jpg 400w, https://www.uartes.edu.ec/sitio/agua/wp-content/uploads/sites/7/MAVNM—Simposio_Carrusel-01-644x644.jpg 644w, https://www.uartes.edu.ec/sitio/agua/wp-content/uploads/sites/7/MAVNM—Simposio_Carrusel-01-150x150.jpg 150w, https://www.uartes.edu.ec/sitio/agua/wp-content/uploads/sites/7/MAVNM—Simposio_Carrusel-01-768x768.jpg 768w, https://www.uartes.edu.ec/sitio/agua/wp-content/uploads/sites/7/MAVNM—Simposio_Carrusel-01-60x60.jpg 60w, https://www.uartes.edu.ec/sitio/agua/wp-content/uploads/sites/7/MAVNM—Simposio_Carrusel-01-600x600.jpg 600w" sizes="(max-width: 1000px) 100vw, 1000px" /></div>


<p>Este simposio surge del seminario de maestría “<strong>Estudios Visuales</strong>” impartido en la <strong>Maestría en Artes Visuales y Nuevos Medios,</strong>&nbsp;donde se analizaron críticamente las implicaciones de los medios digitales como eje central de la visualidad contemporánea. Se compone de cuatro paneles —Autoidentificación, especulación y performatividad; Datos y nuevas materialidades; Memética y viralidad; y Archivo, memoria e identidad— que abordan el impacto estético, social y político de la intersección entre arte, tecnología y prácticas visuales en la cultura actual. El evento busca propiciar un espacio de diálogo y reflexión en torno a cómo la digitalidad redefine los procesos de producción, circulación y recepción de las imágenes.</p>



<p>A lo largo de las sesiones lxs estudiantes que participaron de este seminario se reunirán para discutir la manera en que la subjetividad y el cuerpo se reconfiguran a través de narrativas digitales, cómo la recolección y el manejo de datos propician nuevas formas materiales y discursivas en el campo artístico, y de qué forma el fenómeno de la memética y la viralidad incide en la creación de imaginarios colectivos. Además, se analizará la relevancia de los archivos digitales en la construcción de la memoria y la identidad, y se pondrá énfasis en las tensiones y posibilidades que surgen al fusionarse el arte con el entorno tecnológico contemporáneo.</p>



<p><strong>Miércoles 19 de Febrero&nbsp;</strong></p>



<ul class="wp-block-list">
<li><strong>Panel 1: Datos y nuevas materialidades.-</strong>&nbsp;Enrique Landívar, Andrea Moreira, Pedro González y David Barberán.</li>



<li><strong>Panel 2: Autoidentificación, especulación y performatividad.-</strong>&nbsp;David Moncayo, Mariví Suarez y Gabriel Arroyo.&nbsp;</li>
</ul>



<p><strong>Jueves 20 de Febrero&nbsp;</strong></p>



<ul class="wp-block-list">
<li><strong>Panel 3: Memética y viralidad.- </strong>Chay Velasco, Juanca Vargas y José Luis Espinoza</li>



<li><strong>Panel 4: Archivo, memoria e identidad.-</strong>&nbsp;Fernando Falconí, Iván Basurto, Jimmy Lara y Syl Quezada.&nbsp;</li>
</ul>



<p>Presentación: Doreen Ríos<br>Moderadores: Cristian Villavicencio, Lupe Álvarez e Ilich Castillo.</p>



<p>Puedes acompañarnos también a través de <a href="https://cedia.zoom.us/j/83806128294">Zoom</a>.</p>


<div  class="tribe-block tribe-block__venue tribe-clearfix tribe-block__venue--has-map" >
	
	
<div class="tribe-block__venue__meta">
	<div class="tribe-block__venue__name">
		<h3><a href="http://www.uartes.edu.ec/sitio/agua/biblioteca/piso-3/" title="Piso 3 &#8211; Biblioteca de las Artes">Piso 3 &#8211; Biblioteca de las Artes</a></h3>
	</div>

	
						<address class="tribe-block__venue__address">
				<span class="tribe-address">

<span class="tribe-street-address">Biblioteca de las Artes, Aguirre y Panamá esquina</span>
	
		<br>
		<span class="tribe-locality">Guayaquil</span><span class="tribe-delimiter">,</span>



	<span class="tribe-country-name">Ecuador</span>

</span>

									<a class="tribe-events-gmap" href="https://www.google.com/maps/search/?api=1&#038;query=-2.1939090085933%2C-79.881031486916" title="Haz clic para ver un mapa de Google" target="_blank" rel="noreferrer noopener">+ Google Map</a>							</address>
		
		
					<span class="tribe-block__venue__website"><a href="https://biblioteca.uartes.edu.ec" target="_self" rel="external">Ver el sitio web del Recinto</a></span><br />
			
	</div>
	
<div class="tribe-block__venue__map">
	
<iframe
  title="Iframe de Google Maps mostrando la dirección a Piso 3 &#8211; Biblioteca de las Artes"
  aria-label="Mapa de ubicación del recinto"
  width="310px"
  height="256px"
  frameborder="0" style="border:0"
  src="https://www.google.com/maps/embed/v1/place?key=AIzaSyDNsicAsP6-VuGtAb1O9riI3oc_NOb7IOU&#038;q=Biblioteca+de+las+Artes%2C+Aguirre+y+Panam%C3%A1+esquina+Guayaquil+Ecuador+&#038;zoom=15" allowfullscreen>
</iframe>
</div>

	</div>

<p>Este simposio surge del seminario de maestría “Estudios Visuales” impartido en la Maestría en Artes Visuales y Nuevos Medios,&nbsp;donde se analizaron críticamente las implicaciones de los medios digitales como eje [&hellip;]</p>

Este simposio surge del seminario de maestría “Estudios Visuales” impartido en la Maestría en Artes Visuales y Nuevos Medios,&nbsp;donde se analizaron críticamente las implicaciones de los medios digitales como eje [&hellip;]
