{"id":10002575,"date":"2026-03-03T11:22:48","date_gmt":"2026-03-03T16:22:48","guid":{"rendered":"https:\/\/www.uartes.edu.ec\/sitio\/agua\/?post_type=tribe_events&#038;p=28972"},"modified":"2026-03-03T11:23:07","modified_gmt":"2026-03-03T16:23:07","slug":"tierras-raras","status":"publish","type":"tribe_events","link":"https:\/\/www.uartes.edu.ec\/sitio\/agua\/evento\/tierras-raras\/2026-03-17\/","title":{"rendered":"Tierras raras"},"content":{"rendered":"<div  class=\"tribe-events-schedule tribe-clearfix\" >\n\t<p class=\"tribe-events-schedule__datetime\">\n\t\t<span class=\"tribe-events-schedule__date tribe-events-schedule__date--start\">\n\t\t\tmarzo 17\t\t<\/span>\n\n\t\t\t\t\t<span class=\"tribe-events-schedule__separator tribe-events-schedule__separator--date\">\n\t\t\t\t @ \t\t\t<\/span>\n\t\t\t<span class=\"tribe-events-schedule__time tribe-events-schedule__time--start\">\n\t\t\t\t8:00 am\t\t\t<\/span>\n\t\t\n\t\t\t\t\t\t\t\t\t<span class=\"tribe-events-schedule__separator tribe-events-schedule__separator--time\">\n\t\t\t\t\t &#8211; \t\t\t\t<\/span>\n\t\t\t\n\t\t\t\t\t\t\t<span class=\"tribe-events-schedule__time tribe-events-schedule__time--end\">\n\t\t\t\t\t5:00 pm\t\t\t\t<\/span>\n\t\t\t\n\t\t\t\t\t\t<\/p>\n<\/div>\n\n\n<div  class=\"tribe-block tribe-block__event-price\" >\n\t\t\t<span class=\"tribe-block__event-price__cost\"> Gratuito <\/span>\n\t\t<\/div>\n\n\n<div class=\"tribe-events-event-image\"><img fetchpriority=\"high\" decoding=\"async\" width=\"1000\" height=\"1000\" src=\"https:\/\/www.uartes.edu.ec\/sitio\/agua\/wp-content\/uploads\/sites\/7\/260303-evnndto-viasuales.jpg\" class=\"attachment-full size-full wp-post-image\" alt=\"\" srcset=\"https:\/\/www.uartes.edu.ec\/sitio\/agua\/wp-content\/uploads\/sites\/7\/260303-evnndto-viasuales.jpg 1000w, https:\/\/www.uartes.edu.ec\/sitio\/agua\/wp-content\/uploads\/sites\/7\/260303-evnndto-viasuales-400x400.jpg 400w, https:\/\/www.uartes.edu.ec\/sitio\/agua\/wp-content\/uploads\/sites\/7\/260303-evnndto-viasuales-644x644.jpg 644w, https:\/\/www.uartes.edu.ec\/sitio\/agua\/wp-content\/uploads\/sites\/7\/260303-evnndto-viasuales-150x150.jpg 150w, https:\/\/www.uartes.edu.ec\/sitio\/agua\/wp-content\/uploads\/sites\/7\/260303-evnndto-viasuales-768x768.jpg 768w, https:\/\/www.uartes.edu.ec\/sitio\/agua\/wp-content\/uploads\/sites\/7\/260303-evnndto-viasuales-600x600.jpg 600w\" sizes=\"(max-width: 1000px) 100vw, 1000px\" \/><\/div>\n\n\n<p>La Escuela de Posgrados y la Maestr\u00eda en Artes Visuales y Nuevos Medios de la @uartesec tienen el agrado de invitarles a la exposici\u00f3n de Titulaci\u00f3n TIERRAS RARAS.<\/p>\n\n\n\n<p>\ud83d\udcc5 Inauguraci\u00f3n:<br>Jueves 5 de Marzo, 2026.<br>18:00<\/p>\n\n\n\n<p>&#8220;Habitamos sistemas cuya escala \u2014ecol\u00f3gica, pol\u00edtica, tecnol\u00f3gica\u2014 excede nuestra capacidad de comprensi\u00f3n. Nos movemos dentro de mareas de datos, econom\u00edas extractivas y paisajes transformados por procesos que rara vez vemos en su totalidad. Las 12 propuestas que se presentan en esta exposici\u00f3n no intentan explicar esas estructuras, sino se\u00f1alar sus fluctuaciones, capturar sus destellos, interferencias, y resonancias de manera aut\u00f3noma para luego reconocer que hemos estado terraformando.<\/p>\n\n\n\n<p>TIERRAS RARAS\u202fexperimenta la coexistencia: un territorio que se sostiene en lo invisible, donde cada obra funciona como un nodo palpitante dentro de un universo m\u00e1s complejo. Si el todo es imposible de abarcar, nos queda la sensibilidad para percibir sus ecos. Nos queda la posibilidad de encarnar la complejidad y reconocer que somos, simult\u00e1neamente, materia y transmisi\u00f3n; superficie y subsuelo.&#8221;<\/p>\n\n\n\n<p>\ud83d\udccd Mz14<br>Panam\u00e1 y 9 de Octubre.<\/p>\n\n\n\n<p>\u00c9PSILON \/CIF<br>Jos\u00e9 Luis Espinoza: @joseluis.espinozaavecillas<br>Fernando Falcon\u00ed: @fernando_falconi<br>David Moncayo: @david_monnav<br>David Barber\u00e1n: @jodk<br>Enrique Land\u00edvar: @kikelandivar<\/p>\n\n\n\n<p>ANASTOMOS \/ Taller LATERAL<br>Andrea Moreira: @andreapaolamoreira89<\/p>\n\n\n\n<p>SEDE TEMPORAL \/ Project Room<br>Instituto Ecuatoriano del Chapeteo<\/p>\n\n\n\n<p>\ud83d\udccdBiblioteca de las Artes<br>Panam\u00e1 y Aguirre<\/p>\n\n\n\n<p>MIXCELIOS \/ 4TA PARED<br>Gabriel Arroyo: @gaag.nvm<br>Syl Quezada: @syl.quezada<br>Mariv\u00ed Su\u00e1rez: @cybercasa<br>Pedro Gonz\u00e1lez: @rupertvonmandrake<br>Iv\u00e1n Basurto: @basurtodiablo<\/p>\n\n\n\n<p>\ud83d\udccdMUSEO NAH\u00cdM ISA\u00cdAS<br>Panam\u00e1 y Aguirre<\/p>\n\n\n\n<p>GENEALOG\u00cdA DE LO IN-VISIBLE \/ Sala 5<br>Jimmy Lara: @jimmy_lara_g<\/p>\n\n\n\n<p>\ud83d\udccdEdif. El Tel\u00e9grafo<br>10 de Agosto 601 y Boyac\u00e1.<\/p>\n\n\n\n<p>CANTO RODADO \/<br>Sala La Rotativa<br>Chay Velasco: @chayvelasco_<\/p>\n\n\n\n<p>\ud83d\udce1Acompa\u00f1amiento: Cristian Villavicencio y Giada Lusardi<\/p>\n\n\n<div  class=\"tribe-block tribe-block__venue tribe-clearfix tribe-block__venue--has-map\" >\n\t\n\t\n<div class=\"tribe-block__venue__meta\">\n\t<div class=\"tribe-block__venue__name\">\n\t\t<h3><a href=\"http:\/\/www.uartes.edu.ec\/sitio\/agua\/mz14\/cif\/\" title=\"Sala CIF\">Sala CIF<\/a><\/h3>\n\t<\/div>\n\n\t\n\t\t\t\t\t\t<address class=\"tribe-block__venue__address\">\n\t\t\t\t<span class=\"tribe-address\">\n\n<span class=\"tribe-street-address\">MZ14, Panam\u00e1 y 9 de octubre esquina<\/span>\n\t\n\t\t<br>\n\t\t<span class=\"tribe-locality\">Guayaquil<\/span><span class=\"tribe-delimiter\">,<\/span>\n\n\n\n\t<span class=\"tribe-country-name\">Ecuador<\/span>\n\n<\/span>\n\n\t\t\t\t\t\t\t\t\t<a class=\"tribe-events-gmap\" href=\"https:\/\/www.google.com\/maps\/search\/?api=1&#038;query=-2.192061169799%2C-79.880202669053\" title=\"Haz clic para ver un mapa de Google\" target=\"_blank\" rel=\"noreferrer noopener\">+ Google Map<\/a>\t\t\t\t\t\t\t<\/address>\n\t\t\n\t\t\n\t\t\t\n\t<\/div>\n\t\n<div class=\"tribe-block__venue__map\">\n\t\n<iframe\n  title=\"Iframe de Google Maps mostrando la direcci\u00f3n a Sala CIF\"\n  aria-label=\"Mapa de ubicaci\u00f3n del recinto\"\n  width=\"310px\"\n  height=\"256px\"\n  frameborder=\"0\" style=\"border:0\"\n  src=\"https:\/\/www.google.com\/maps\/embed\/v1\/place?key=AIzaSyDNsicAsP6-VuGtAb1O9riI3oc_NOb7IOU&#038;q=MZ14%2C+Panam%C3%A1+y+9+de+octubre+esquina+Guayaquil+Ecuador+&#038;zoom=15\" allowfullscreen>\n<\/iframe>\n<\/div>\n\n\t<\/div>\n\n\n\n<p><\/p>\n","protected":false},"excerpt":{"rendered":"<p>La Escuela de Posgrados y la Maestr\u00eda en Artes Visuales y Nuevos Medios de la @uartesec tienen el agrado de invitarles a la exposici\u00f3n de Titulaci\u00f3n TIERRAS RARAS. \ud83d\udcc5 Inauguraci\u00f3n:Jueves [&hellip;]<\/p>\n","protected":false},"author":1,"featured_media":28973,"template":"","meta":{"_tec_requires_first_save":false,"_uag_custom_page_level_css":"","_monsterinsights_skip_tracking":false,"_monsterinsights_sitenote_active":false,"_monsterinsights_sitenote_note":"","_monsterinsights_sitenote_category":0,"_EventAllDay":false,"_EventTimezone":"America\/Guayaquil","_EventStartDate":"2026-03-17 08:00:00","_EventEndDate":"2026-03-17 17:00:00","_EventStartDateUTC":"2026-03-17 13:00:00","_EventEndDateUTC":"2026-03-17 22:00:00","_EventShowMap":false,"_EventShowMapLink":false,"_EventURL":"","_EventCost":"0","_EventCostDescription":"","_EventCurrencySymbol":"$","_EventCurrencyCode":"USD","_EventCurrencyPosition":"prefix","_EventDateTimeSeparator":" @ ","_EventTimeRangeSeparator":" - ","_EventOrganizerID":[],"_EventVenueID":[17586],"_OrganizerEmail":"","_OrganizerPhone":"","_OrganizerWebsite":"","_VenueAddress":"","_VenueCity":"","_VenueCountry":"","_VenueProvince":"","_VenueState":"","_VenueZip":"","_VenuePhone":"","_VenueURL":"","_VenueStateProvince":"","_VenueLat":"","_VenueLng":"","_VenueShowMap":false,"_VenueShowMapLink":false,"_tribe_blocks_recurrence_rules":"[{\"type\":\"daily\",\"all_day\":false,\"multi_day\":false,\"start_date\":\"2026-03-05\",\"_start_date_input\":\"jueves, marzo 5, 2026\",\"_start_date_obj\":\"2026-03-05T05:00:00.000Z\",\"start_time\":\"08:00:00\",\"_start_time_input\":\"8:00 am\",\"end_date\":\"2026-03-05\",\"_end_date_input\":\"jueves, marzo 5, 2026\",\"_end_date_obj\":\"2026-03-05T05:00:00.000Z\",\"end_time\":\"17:00:00\",\"_end_time_input\":\"5:00 pm\",\"between\":1,\"limit_type\":\"date\",\"limit\":\"2026-03-27\",\"_limit_date_input\":\"viernes, marzo 27, 2026\",\"_limit_date_obj\":\"2026-03-27T05:00:00.000Z\",\"days\":[4],\"week\":\"first\",\"day\":4,\"month\":[3],\"timezone\":\"America\/Guayaquil\",\"multi_day_span\":\"next_day\",\"isOffStart\":true}]","_tribe_blocks_recurrence_description":"","_tribe_blocks_recurrence_exclusions":"","cybocfi_hide_featured_image":"","_tribe_events_status":"","_tribe_events_status_reason":"","_tribe_events_is_hybrid":"","_tribe_events_is_virtual":"","_tribe_events_virtual_video_source":"","_tribe_events_virtual_embed_video":"","_tribe_events_virtual_linked_button_text":"","_tribe_events_virtual_linked_button":"","_tribe_events_virtual_show_embed_at":"","_tribe_events_virtual_show_embed_to":[],"_tribe_events_virtual_show_on_event":"","_tribe_events_virtual_show_on_views":"","_tribe_events_virtual_url":"","footnotes":""},"tags":[],"tribe_events_cat":[407,401,406,432],"class_list":["post-10002575","tribe_events","type-tribe_events","status-publish","has-post-thumbnail","hentry","tribe_events_cat-biblioteca","tribe_events_cat-muestra","tribe_events_cat-mz14","tribe_events_cat-pasa-en-la-ciudad","cat_biblioteca","cat_muestra","cat_mz14","cat_pasa-en-la-ciudad","tribe-recurring-event","tribe-recurring-event-parent"],"uagb_featured_image_src":{"full":["https:\/\/www.uartes.edu.ec\/sitio\/agua\/wp-content\/uploads\/sites\/7\/260303-evnndto-viasuales.jpg",1000,1000,false],"thumbnail":["https:\/\/www.uartes.edu.ec\/sitio\/agua\/wp-content\/uploads\/sites\/7\/260303-evnndto-viasuales-150x150.jpg",150,150,true],"medium":["https:\/\/www.uartes.edu.ec\/sitio\/agua\/wp-content\/uploads\/sites\/7\/260303-evnndto-viasuales-400x400.jpg",400,400,true],"medium_large":["https:\/\/www.uartes.edu.ec\/sitio\/agua\/wp-content\/uploads\/sites\/7\/260303-evnndto-viasuales-768x768.jpg",768,768,true],"large":["https:\/\/www.uartes.edu.ec\/sitio\/agua\/wp-content\/uploads\/sites\/7\/260303-evnndto-viasuales-644x644.jpg",644,644,true],"1536x1536":["https:\/\/www.uartes.edu.ec\/sitio\/agua\/wp-content\/uploads\/sites\/7\/260303-evnndto-viasuales.jpg",1000,1000,false],"2048x2048":["https:\/\/www.uartes.edu.ec\/sitio\/agua\/wp-content\/uploads\/sites\/7\/260303-evnndto-viasuales.jpg",1000,1000,false],"gb-block-post-grid-landscape":["https:\/\/www.uartes.edu.ec\/sitio\/agua\/wp-content\/uploads\/sites\/7\/260303-evnndto-viasuales-600x400.jpg",600,400,true],"gb-block-post-grid-square":["https:\/\/www.uartes.edu.ec\/sitio\/agua\/wp-content\/uploads\/sites\/7\/260303-evnndto-viasuales-600x600.jpg",600,600,true]},"uagb_author_info":{"display_name":"Universidad de las Artes","author_link":"https:\/\/www.uartes.edu.ec\/sitio\/agua\/author\/dircomadm\/"},"uagb_comment_info":0,"uagb_excerpt":"La Escuela de Posgrados y la Maestr\u00eda en Artes Visuales y Nuevos Medios de la @uartesec tienen el agrado de invitarles a la exposici\u00f3n de Titulaci\u00f3n TIERRAS RARAS. \ud83d\udcc5 Inauguraci\u00f3n:Jueves [&hellip;]","distributor_meta":false,"distributor_terms":false,"distributor_media":false,"distributor_original_site_name":"Agua","distributor_original_site_url":"https:\/\/www.uartes.edu.ec\/sitio\/agua","push-errors":false,"_links":{"self":[{"href":"https:\/\/www.uartes.edu.ec\/sitio\/agua\/wp-json\/wp\/v2\/tribe_events\/10002575","targetHints":{"allow":["GET"]}}],"collection":[{"href":"https:\/\/www.uartes.edu.ec\/sitio\/agua\/wp-json\/wp\/v2\/tribe_events"}],"about":[{"href":"https:\/\/www.uartes.edu.ec\/sitio\/agua\/wp-json\/wp\/v2\/types\/tribe_events"}],"author":[{"embeddable":true,"href":"https:\/\/www.uartes.edu.ec\/sitio\/agua\/wp-json\/wp\/v2\/users\/1"}],"version-history":[{"count":0,"href":"https:\/\/www.uartes.edu.ec\/sitio\/agua\/wp-json\/wp\/v2\/tribe_events\/10002575\/revisions"}],"wp:featuredmedia":[{"embeddable":true,"href":"https:\/\/www.uartes.edu.ec\/sitio\/agua\/wp-json\/wp\/v2\/media\/28973"}],"wp:attachment":[{"href":"https:\/\/www.uartes.edu.ec\/sitio\/agua\/wp-json\/wp\/v2\/media?parent=10002575"}],"wp:term":[{"taxonomy":"post_tag","embeddable":true,"href":"https:\/\/www.uartes.edu.ec\/sitio\/agua\/wp-json\/wp\/v2\/tags?post=10002575"},{"taxonomy":"tribe_events_cat","embeddable":true,"href":"https:\/\/www.uartes.edu.ec\/sitio\/agua\/wp-json\/wp\/v2\/tribe_events_cat?post=10002575"}],"curies":[{"name":"wp","href":"https:\/\/api.w.org\/{rel}","templated":true}]}}

<div  class="tribe-events-schedule tribe-clearfix" >
	<p class="tribe-events-schedule__datetime">
		<span class="tribe-events-schedule__date tribe-events-schedule__date--start">
			marzo 17		</span>

					<span class="tribe-events-schedule__separator tribe-events-schedule__separator--date">
				 @ 			</span>
			<span class="tribe-events-schedule__time tribe-events-schedule__time--start">
				8:00 am			</span>
		
									<span class="tribe-events-schedule__separator tribe-events-schedule__separator--time">
					 &#8211; 				</span>
			
							<span class="tribe-events-schedule__time tribe-events-schedule__time--end">
					5:00 pm				</span>
			
						</p>
</div>


<div  class="tribe-block tribe-block__event-price" >
			<span class="tribe-block__event-price__cost"> Gratuito </span>
		</div>


<div class="tribe-events-event-image"><img fetchpriority="high" decoding="async" width="1000" height="1000" src="https://www.uartes.edu.ec/sitio/agua/wp-content/uploads/sites/7/260303-evnndto-viasuales.jpg" class="attachment-full size-full wp-post-image" alt="" srcset="https://www.uartes.edu.ec/sitio/agua/wp-content/uploads/sites/7/260303-evnndto-viasuales.jpg 1000w, https://www.uartes.edu.ec/sitio/agua/wp-content/uploads/sites/7/260303-evnndto-viasuales-400x400.jpg 400w, https://www.uartes.edu.ec/sitio/agua/wp-content/uploads/sites/7/260303-evnndto-viasuales-644x644.jpg 644w, https://www.uartes.edu.ec/sitio/agua/wp-content/uploads/sites/7/260303-evnndto-viasuales-150x150.jpg 150w, https://www.uartes.edu.ec/sitio/agua/wp-content/uploads/sites/7/260303-evnndto-viasuales-768x768.jpg 768w, https://www.uartes.edu.ec/sitio/agua/wp-content/uploads/sites/7/260303-evnndto-viasuales-600x600.jpg 600w" sizes="(max-width: 1000px) 100vw, 1000px" /></div>


<p>La Escuela de Posgrados y la Maestría en Artes Visuales y Nuevos Medios de la @uartesec tienen el agrado de invitarles a la exposición de Titulación TIERRAS RARAS.</p>



<p>📅 Inauguración:<br>Jueves 5 de Marzo, 2026.<br>18:00</p>



<p>&#8220;Habitamos sistemas cuya escala —ecológica, política, tecnológica— excede nuestra capacidad de comprensión. Nos movemos dentro de mareas de datos, economías extractivas y paisajes transformados por procesos que rara vez vemos en su totalidad. Las 12 propuestas que se presentan en esta exposición no intentan explicar esas estructuras, sino señalar sus fluctuaciones, capturar sus destellos, interferencias, y resonancias de manera autónoma para luego reconocer que hemos estado terraformando.</p>



<p>TIERRAS RARAS experimenta la coexistencia: un territorio que se sostiene en lo invisible, donde cada obra funciona como un nodo palpitante dentro de un universo más complejo. Si el todo es imposible de abarcar, nos queda la sensibilidad para percibir sus ecos. Nos queda la posibilidad de encarnar la complejidad y reconocer que somos, simultáneamente, materia y transmisión; superficie y subsuelo.&#8221;</p>



<p>📍 Mz14<br>Panamá y 9 de Octubre.</p>



<p>ÉPSILON /CIF<br>José Luis Espinoza: @joseluis.espinozaavecillas<br>Fernando Falconí: @fernando_falconi<br>David Moncayo: @david_monnav<br>David Barberán: @jodk<br>Enrique Landívar: @kikelandivar</p>



<p>ANASTOMOS / Taller LATERAL<br>Andrea Moreira: @andreapaolamoreira89</p>



<p>SEDE TEMPORAL / Project Room<br>Instituto Ecuatoriano del Chapeteo</p>



<p>📍Biblioteca de las Artes<br>Panamá y Aguirre</p>



<p>MIXCELIOS / 4TA PARED<br>Gabriel Arroyo: @gaag.nvm<br>Syl Quezada: @syl.quezada<br>Mariví Suárez: @cybercasa<br>Pedro González: @rupertvonmandrake<br>Iván Basurto: @basurtodiablo</p>



<p>📍MUSEO NAHÍM ISAÍAS<br>Panamá y Aguirre</p>



<p>GENEALOGÍA DE LO IN-VISIBLE / Sala 5<br>Jimmy Lara: @jimmy_lara_g</p>



<p>📍Edif. El Telégrafo<br>10 de Agosto 601 y Boyacá.</p>



<p>CANTO RODADO /<br>Sala La Rotativa<br>Chay Velasco: @chayvelasco_</p>



<p>📡Acompañamiento: Cristian Villavicencio y Giada Lusardi</p>


<div  class="tribe-block tribe-block__venue tribe-clearfix tribe-block__venue--has-map" >
	
	
<div class="tribe-block__venue__meta">
	<div class="tribe-block__venue__name">
		<h3><a href="http://www.uartes.edu.ec/sitio/agua/mz14/cif/" title="Sala CIF">Sala CIF</a></h3>
	</div>

	
						<address class="tribe-block__venue__address">
				<span class="tribe-address">

<span class="tribe-street-address">MZ14, Panamá y 9 de octubre esquina</span>
	
		<br>
		<span class="tribe-locality">Guayaquil</span><span class="tribe-delimiter">,</span>



	<span class="tribe-country-name">Ecuador</span>

</span>

									<a class="tribe-events-gmap" href="https://www.google.com/maps/search/?api=1&#038;query=-2.192061169799%2C-79.880202669053" title="Haz clic para ver un mapa de Google" target="_blank" rel="noreferrer noopener">+ Google Map</a>							</address>
		
		
			
	</div>
	
<div class="tribe-block__venue__map">
	
<iframe
  title="Iframe de Google Maps mostrando la dirección a Sala CIF"
  aria-label="Mapa de ubicación del recinto"
  width="310px"
  height="256px"
  frameborder="0" style="border:0"
  src="https://www.google.com/maps/embed/v1/place?key=AIzaSyDNsicAsP6-VuGtAb1O9riI3oc_NOb7IOU&#038;q=MZ14%2C+Panam%C3%A1+y+9+de+octubre+esquina+Guayaquil+Ecuador+&#038;zoom=15" allowfullscreen>
</iframe>
</div>

	</div>



<p></p>

<p>La Escuela de Posgrados y la Maestría en Artes Visuales y Nuevos Medios de la @uartesec tienen el agrado de invitarles a la exposición de Titulación TIERRAS RARAS. 📅 Inauguración:Jueves [&hellip;]</p>

La Escuela de Posgrados y la Maestría en Artes Visuales y Nuevos Medios de la @uartesec tienen el agrado de invitarles a la exposición de Titulación TIERRAS RARAS. 📅 Inauguración:Jueves [&hellip;]
