{"id":10002622,"date":"2026-03-19T09:27:47","date_gmt":"2026-03-19T14:27:47","guid":{"rendered":"https:\/\/www.uartes.edu.ec\/sitio\/agua\/?post_type=tribe_events&#038;p=29027"},"modified":"2026-03-19T09:27:49","modified_gmt":"2026-03-19T14:27:49","slug":"manifestaciones-del-monte","status":"publish","type":"tribe_events","link":"https:\/\/www.uartes.edu.ec\/sitio\/agua\/evento\/manifestaciones-del-monte\/2026-04-26\/","title":{"rendered":"Manifestaciones del Monte"},"content":{"rendered":"<div  class=\"tribe-events-schedule tribe-clearfix\" >\n\t<p class=\"tribe-events-schedule__datetime\">\n\t\t<span class=\"tribe-events-schedule__date tribe-events-schedule__date--start\">\n\t\t\tabril 26\t\t<\/span>\n\n\t\t\t\t\t<span class=\"tribe-events-schedule__separator tribe-events-schedule__separator--date\">\n\t\t\t\t @ \t\t\t<\/span>\n\t\t\t<span class=\"tribe-events-schedule__time tribe-events-schedule__time--start\">\n\t\t\t\t9:00 am\t\t\t<\/span>\n\t\t\n\t\t\t\t\t\t\t\t\t<span class=\"tribe-events-schedule__separator tribe-events-schedule__separator--time\">\n\t\t\t\t\t &#8211; \t\t\t\t<\/span>\n\t\t\t\n\t\t\t\t\t\t\t<span class=\"tribe-events-schedule__time tribe-events-schedule__time--end\">\n\t\t\t\t\t5:00 pm\t\t\t\t<\/span>\n\t\t\t\n\t\t\t\t\t\t<\/p>\n<\/div>\n\n\n<div  class=\"tribe-block tribe-block__event-price\" >\n\t\t\t<span class=\"tribe-block__event-price__cost\"> Gratuito <\/span>\n\t\t<\/div>\n\n\n<div class=\"tribe-events-event-image\"><img fetchpriority=\"high\" decoding=\"async\" width=\"1000\" height=\"1000\" src=\"https:\/\/www.uartes.edu.ec\/sitio\/agua\/wp-content\/uploads\/sites\/7\/manifestacion.jpg\" class=\"attachment-full size-full wp-post-image\" alt=\"\" srcset=\"https:\/\/www.uartes.edu.ec\/sitio\/agua\/wp-content\/uploads\/sites\/7\/manifestacion.jpg 1000w, https:\/\/www.uartes.edu.ec\/sitio\/agua\/wp-content\/uploads\/sites\/7\/manifestacion-400x400.jpg 400w, https:\/\/www.uartes.edu.ec\/sitio\/agua\/wp-content\/uploads\/sites\/7\/manifestacion-644x644.jpg 644w, https:\/\/www.uartes.edu.ec\/sitio\/agua\/wp-content\/uploads\/sites\/7\/manifestacion-150x150.jpg 150w, https:\/\/www.uartes.edu.ec\/sitio\/agua\/wp-content\/uploads\/sites\/7\/manifestacion-768x768.jpg 768w, https:\/\/www.uartes.edu.ec\/sitio\/agua\/wp-content\/uploads\/sites\/7\/manifestacion-600x600.jpg 600w\" sizes=\"(max-width: 1000px) 100vw, 1000px\" \/><\/div>\n\n\n<p>Manifestaciones del Monte es un proyecto expositivo de la Fundaci\u00f3n EACHEVE, curado por Dulcina Abreu (Rep\u00fablica Dominicana), que presenta la obra del artista ecuatoriano Leandro Pesantes en el cruce entre arte contempor\u00e1neo, espiritualidad y pensamiento animista.<\/p>\n\n\n\n<p>La exposici\u00f3n parte de la noci\u00f3n del &#8220;monte&#8221; de la etn\u00f3grafa Lydia Cabrera: un territorio vivo donde lo vegetal, animal, humano y espiritual comparten una misma energ\u00eda. Usando tierra, pigmentos, residuos org\u00e1nicos y materiales encontrados, Pesantes construye esculturas e instalaciones que emergen como presencias h\u00edbridas entre lo mineral, vegetal y zoomorfo, evocando saberes populares y pr\u00e1cticas rituales como amuletos, sahumerios y limpias.<\/p>\n\n\n\n<p>La muestra propone comprender la materia como un cuerpo vivo capaz de contener memoria y esp\u00edritu. Las piezas funcionan como talismanes que activan una sensibilidad ritual, desdibujando las fronteras entre naturaleza y cultura, objeto y cuerpo.<\/p>\n\n\n\n<p>En di\u00e1logo con tradiciones andinas y caribe\u00f1as, la exposici\u00f3n transforma el museo en un espacio de resonancia ancestral donde las obras no representan lo sagrado, sino que lo encarnan.<\/p>\n\n\n\n<p><\/p>\n\n\n<div  class=\"tribe-block tribe-block__venue tribe-clearfix tribe-block__venue--has-map\" >\n\t\n\t\n<div class=\"tribe-block__venue__meta\">\n\t<div class=\"tribe-block__venue__name\">\n\t\t<h3><a href=\"http:\/\/www.uartes.edu.ec\/sitio\/agua\/local\/museo-antropologico-y-de-arte-contemporaneo-maac\/\" title=\"Museo Antropologico y de Arte Contemporaneo &#8211; MAAC\">Museo Antropologico y de Arte Contemporaneo &#8211; MAAC<\/a><\/h3>\n\t<\/div>\n\n\t\n\t\t\t\t\t\t<address class=\"tribe-block__venue__address\">\n\t\t\t\t<span class=\"tribe-address\">\n\n<span class=\"tribe-street-address\">Simon Bolivar Palacios 206 y Loja<\/span>\n\t\n\t\t<br>\n\t\t<span class=\"tribe-locality\">Guayaquil<\/span><span class=\"tribe-delimiter\">,<\/span>\n\n\t<abbr class=\"tribe-region tribe-events-abbr\" title=\"Guayas\">Guayas<\/abbr>\n\n\n\t<span class=\"tribe-country-name\">Ecuador<\/span>\n\n<\/span>\n\n\t\t\t\t\t\t\t\t\t<a class=\"tribe-events-gmap\" href=\"https:\/\/www.google.com\/maps\/search\/?api=1&#038;query=-2.1847122291022%2C-79.875477062483\" title=\"Haz clic para ver un mapa de Google\" target=\"_blank\" rel=\"noreferrer noopener\">+ Google Map<\/a>\t\t\t\t\t\t\t<\/address>\n\t\t\n\t\t\n\t\t\t\n\t<\/div>\n\t\n<div class=\"tribe-block__venue__map\">\n\t\n<iframe\n  title=\"Iframe de Google Maps mostrando la direcci\u00f3n a Museo Antropologico y de Arte Contemporaneo &#8211; MAAC\"\n  aria-label=\"Mapa de ubicaci\u00f3n del recinto\"\n  width=\"310px\"\n  height=\"256px\"\n  frameborder=\"0\" style=\"border:0\"\n  src=\"https:\/\/www.google.com\/maps\/embed\/v1\/place?key=AIzaSyDNsicAsP6-VuGtAb1O9riI3oc_NOb7IOU&#038;q=Simon+Bolivar+Palacios+206+y+Loja+Guayaquil+Guayas+Ecuador+&#038;zoom=15\" allowfullscreen>\n<\/iframe>\n<\/div>\n\n\t<\/div>\n","protected":false},"excerpt":{"rendered":"<p>Manifestaciones del Monte es un proyecto expositivo de la Fundaci\u00f3n EACHEVE, curado por Dulcina Abreu (Rep\u00fablica Dominicana), que presenta la obra del artista ecuatoriano Leandro Pesantes en el cruce entre [&hellip;]<\/p>\n","protected":false},"author":1,"featured_media":29025,"template":"","meta":{"_tec_requires_first_save":false,"_uag_custom_page_level_css":"","_monsterinsights_skip_tracking":false,"_monsterinsights_sitenote_active":false,"_monsterinsights_sitenote_note":"","_monsterinsights_sitenote_category":0,"_EventAllDay":false,"_EventTimezone":"America\/Guayaquil","_EventStartDate":"2026-04-26 09:00:00","_EventEndDate":"2026-04-26 17:00:00","_EventStartDateUTC":"2026-04-26 14:00:00","_EventEndDateUTC":"2026-04-26 22:00:00","_EventShowMap":false,"_EventShowMapLink":false,"_EventURL":"","_EventCost":"0","_EventCostDescription":"","_EventCurrencySymbol":"$","_EventCurrencyCode":"USD","_EventCurrencyPosition":"prefix","_EventDateTimeSeparator":" @ ","_EventTimeRangeSeparator":" - ","_EventOrganizerID":[],"_EventVenueID":[18403],"_OrganizerEmail":"","_OrganizerPhone":"","_OrganizerWebsite":"","_VenueAddress":"","_VenueCity":"","_VenueCountry":"","_VenueProvince":"","_VenueState":"","_VenueZip":"","_VenuePhone":"","_VenueURL":"","_VenueStateProvince":"","_VenueLat":"","_VenueLng":"","_VenueShowMap":false,"_VenueShowMapLink":false,"_tribe_blocks_recurrence_rules":"[{\"type\":\"weekly\",\"all_day\":false,\"multi_day\":false,\"start_date\":\"2026-03-19\",\"_start_date_input\":\"jueves, marzo 19, 2026\",\"_start_date_obj\":\"2026-03-19T05:00:00.000Z\",\"start_time\":\"09:00:00\",\"_start_time_input\":\"9:00 am\",\"end_date\":\"2026-03-19\",\"_end_date_input\":\"jueves, marzo 19, 2026\",\"_end_date_obj\":\"2026-03-19T05:00:00.000Z\",\"end_time\":\"17:00:00\",\"_end_time_input\":\"5:00 pm\",\"between\":1,\"limit_type\":\"date\",\"limit\":\"2026-06-28\",\"_limit_date_input\":\"domingo, junio 28, 2026\",\"_limit_date_obj\":\"2026-06-28T05:00:00.000Z\",\"days\":[2,3,4,5,6,7],\"week\":\"third\",\"day\":4,\"month\":[3],\"timezone\":\"America\/Guayaquil\",\"multi_day_span\":\"next_day\",\"isOffStart\":false}]","_tribe_blocks_recurrence_description":"","_tribe_blocks_recurrence_exclusions":"","cybocfi_hide_featured_image":"","_tribe_events_status":"","_tribe_events_status_reason":"","_tribe_events_is_hybrid":"","_tribe_events_is_virtual":"","_tribe_events_virtual_video_source":"","_tribe_events_virtual_embed_video":"","_tribe_events_virtual_linked_button_text":"","_tribe_events_virtual_linked_button":"","_tribe_events_virtual_show_embed_at":"","_tribe_events_virtual_show_embed_to":[],"_tribe_events_virtual_show_on_event":"","_tribe_events_virtual_show_on_views":"","_tribe_events_virtual_url":"","footnotes":""},"tags":[],"tribe_events_cat":[401,432],"class_list":["post-10002622","tribe_events","type-tribe_events","status-publish","has-post-thumbnail","hentry","tribe_events_cat-muestra","tribe_events_cat-pasa-en-la-ciudad","cat_muestra","cat_pasa-en-la-ciudad","tribe-recurring-event","tribe-recurring-event-parent"],"uagb_featured_image_src":{"full":["https:\/\/www.uartes.edu.ec\/sitio\/agua\/wp-content\/uploads\/sites\/7\/manifestacion.jpg",1000,1000,false],"thumbnail":["https:\/\/www.uartes.edu.ec\/sitio\/agua\/wp-content\/uploads\/sites\/7\/manifestacion-150x150.jpg",150,150,true],"medium":["https:\/\/www.uartes.edu.ec\/sitio\/agua\/wp-content\/uploads\/sites\/7\/manifestacion-400x400.jpg",400,400,true],"medium_large":["https:\/\/www.uartes.edu.ec\/sitio\/agua\/wp-content\/uploads\/sites\/7\/manifestacion-768x768.jpg",768,768,true],"large":["https:\/\/www.uartes.edu.ec\/sitio\/agua\/wp-content\/uploads\/sites\/7\/manifestacion-644x644.jpg",644,644,true],"1536x1536":["https:\/\/www.uartes.edu.ec\/sitio\/agua\/wp-content\/uploads\/sites\/7\/manifestacion.jpg",1000,1000,false],"2048x2048":["https:\/\/www.uartes.edu.ec\/sitio\/agua\/wp-content\/uploads\/sites\/7\/manifestacion.jpg",1000,1000,false],"gb-block-post-grid-landscape":["https:\/\/www.uartes.edu.ec\/sitio\/agua\/wp-content\/uploads\/sites\/7\/manifestacion-600x400.jpg",600,400,true],"gb-block-post-grid-square":["https:\/\/www.uartes.edu.ec\/sitio\/agua\/wp-content\/uploads\/sites\/7\/manifestacion-600x600.jpg",600,600,true]},"uagb_author_info":{"display_name":"Universidad de las Artes","author_link":"https:\/\/www.uartes.edu.ec\/sitio\/agua\/author\/dircomadm\/"},"uagb_comment_info":0,"uagb_excerpt":"Manifestaciones del Monte es un proyecto expositivo de la Fundaci\u00f3n EACHEVE, curado por Dulcina Abreu (Rep\u00fablica Dominicana), que presenta la obra del artista ecuatoriano Leandro Pesantes en el cruce entre [&hellip;]","distributor_meta":false,"distributor_terms":false,"distributor_media":false,"distributor_original_site_name":"Agua","distributor_original_site_url":"https:\/\/www.uartes.edu.ec\/sitio\/agua","push-errors":false,"_links":{"self":[{"href":"https:\/\/www.uartes.edu.ec\/sitio\/agua\/wp-json\/wp\/v2\/tribe_events\/10002622","targetHints":{"allow":["GET"]}}],"collection":[{"href":"https:\/\/www.uartes.edu.ec\/sitio\/agua\/wp-json\/wp\/v2\/tribe_events"}],"about":[{"href":"https:\/\/www.uartes.edu.ec\/sitio\/agua\/wp-json\/wp\/v2\/types\/tribe_events"}],"author":[{"embeddable":true,"href":"https:\/\/www.uartes.edu.ec\/sitio\/agua\/wp-json\/wp\/v2\/users\/1"}],"version-history":[{"count":0,"href":"https:\/\/www.uartes.edu.ec\/sitio\/agua\/wp-json\/wp\/v2\/tribe_events\/10002622\/revisions"}],"wp:featuredmedia":[{"embeddable":true,"href":"https:\/\/www.uartes.edu.ec\/sitio\/agua\/wp-json\/wp\/v2\/media\/29025"}],"wp:attachment":[{"href":"https:\/\/www.uartes.edu.ec\/sitio\/agua\/wp-json\/wp\/v2\/media?parent=10002622"}],"wp:term":[{"taxonomy":"post_tag","embeddable":true,"href":"https:\/\/www.uartes.edu.ec\/sitio\/agua\/wp-json\/wp\/v2\/tags?post=10002622"},{"taxonomy":"tribe_events_cat","embeddable":true,"href":"https:\/\/www.uartes.edu.ec\/sitio\/agua\/wp-json\/wp\/v2\/tribe_events_cat?post=10002622"}],"curies":[{"name":"wp","href":"https:\/\/api.w.org\/{rel}","templated":true}]}}

<div  class="tribe-events-schedule tribe-clearfix" >
	<p class="tribe-events-schedule__datetime">
		<span class="tribe-events-schedule__date tribe-events-schedule__date--start">
			abril 26		</span>

					<span class="tribe-events-schedule__separator tribe-events-schedule__separator--date">
				 @ 			</span>
			<span class="tribe-events-schedule__time tribe-events-schedule__time--start">
				9:00 am			</span>
		
									<span class="tribe-events-schedule__separator tribe-events-schedule__separator--time">
					 &#8211; 				</span>
			
							<span class="tribe-events-schedule__time tribe-events-schedule__time--end">
					5:00 pm				</span>
			
						</p>
</div>


<div  class="tribe-block tribe-block__event-price" >
			<span class="tribe-block__event-price__cost"> Gratuito </span>
		</div>


<div class="tribe-events-event-image"><img fetchpriority="high" decoding="async" width="1000" height="1000" src="https://www.uartes.edu.ec/sitio/agua/wp-content/uploads/sites/7/manifestacion.jpg" class="attachment-full size-full wp-post-image" alt="" srcset="https://www.uartes.edu.ec/sitio/agua/wp-content/uploads/sites/7/manifestacion.jpg 1000w, https://www.uartes.edu.ec/sitio/agua/wp-content/uploads/sites/7/manifestacion-400x400.jpg 400w, https://www.uartes.edu.ec/sitio/agua/wp-content/uploads/sites/7/manifestacion-644x644.jpg 644w, https://www.uartes.edu.ec/sitio/agua/wp-content/uploads/sites/7/manifestacion-150x150.jpg 150w, https://www.uartes.edu.ec/sitio/agua/wp-content/uploads/sites/7/manifestacion-768x768.jpg 768w, https://www.uartes.edu.ec/sitio/agua/wp-content/uploads/sites/7/manifestacion-600x600.jpg 600w" sizes="(max-width: 1000px) 100vw, 1000px" /></div>


<p>Manifestaciones del Monte es un proyecto expositivo de la Fundación EACHEVE, curado por Dulcina Abreu (República Dominicana), que presenta la obra del artista ecuatoriano Leandro Pesantes en el cruce entre arte contemporáneo, espiritualidad y pensamiento animista.</p>



<p>La exposición parte de la noción del &#8220;monte&#8221; de la etnógrafa Lydia Cabrera: un territorio vivo donde lo vegetal, animal, humano y espiritual comparten una misma energía. Usando tierra, pigmentos, residuos orgánicos y materiales encontrados, Pesantes construye esculturas e instalaciones que emergen como presencias híbridas entre lo mineral, vegetal y zoomorfo, evocando saberes populares y prácticas rituales como amuletos, sahumerios y limpias.</p>



<p>La muestra propone comprender la materia como un cuerpo vivo capaz de contener memoria y espíritu. Las piezas funcionan como talismanes que activan una sensibilidad ritual, desdibujando las fronteras entre naturaleza y cultura, objeto y cuerpo.</p>



<p>En diálogo con tradiciones andinas y caribeñas, la exposición transforma el museo en un espacio de resonancia ancestral donde las obras no representan lo sagrado, sino que lo encarnan.</p>



<p></p>


<div  class="tribe-block tribe-block__venue tribe-clearfix tribe-block__venue--has-map" >
	
	
<div class="tribe-block__venue__meta">
	<div class="tribe-block__venue__name">
		<h3><a href="http://www.uartes.edu.ec/sitio/agua/local/museo-antropologico-y-de-arte-contemporaneo-maac/" title="Museo Antropologico y de Arte Contemporaneo &#8211; MAAC">Museo Antropologico y de Arte Contemporaneo &#8211; MAAC</a></h3>
	</div>

	
						<address class="tribe-block__venue__address">
				<span class="tribe-address">

<span class="tribe-street-address">Simon Bolivar Palacios 206 y Loja</span>
	
		<br>
		<span class="tribe-locality">Guayaquil</span><span class="tribe-delimiter">,</span>

	<abbr class="tribe-region tribe-events-abbr" title="Guayas">Guayas</abbr>


	<span class="tribe-country-name">Ecuador</span>

</span>

									<a class="tribe-events-gmap" href="https://www.google.com/maps/search/?api=1&#038;query=-2.1847122291022%2C-79.875477062483" title="Haz clic para ver un mapa de Google" target="_blank" rel="noreferrer noopener">+ Google Map</a>							</address>
		
		
			
	</div>
	
<div class="tribe-block__venue__map">
	
<iframe
  title="Iframe de Google Maps mostrando la dirección a Museo Antropologico y de Arte Contemporaneo &#8211; MAAC"
  aria-label="Mapa de ubicación del recinto"
  width="310px"
  height="256px"
  frameborder="0" style="border:0"
  src="https://www.google.com/maps/embed/v1/place?key=AIzaSyDNsicAsP6-VuGtAb1O9riI3oc_NOb7IOU&#038;q=Simon+Bolivar+Palacios+206+y+Loja+Guayaquil+Guayas+Ecuador+&#038;zoom=15" allowfullscreen>
</iframe>
</div>

	</div>

<p>Manifestaciones del Monte es un proyecto expositivo de la Fundación EACHEVE, curado por Dulcina Abreu (República Dominicana), que presenta la obra del artista ecuatoriano Leandro Pesantes en el cruce entre [&hellip;]</p>

Manifestaciones del Monte es un proyecto expositivo de la Fundación EACHEVE, curado por Dulcina Abreu (República Dominicana), que presenta la obra del artista ecuatoriano Leandro Pesantes en el cruce entre [&hellip;]
