{"id":25931,"date":"2025-01-17T16:40:32","date_gmt":"2025-01-17T21:40:32","guid":{"rendered":"https:\/\/www.uartes.edu.ec\/sitio\/agua\/?post_type=tribe_events&#038;p=25931"},"modified":"2025-01-17T16:40:36","modified_gmt":"2025-01-17T21:40:36","slug":"materialidades-digitales-entre-copias-clones-y-mutaciones","status":"publish","type":"tribe_events","link":"https:\/\/www.uartes.edu.ec\/sitio\/agua\/evento\/materialidades-digitales-entre-copias-clones-y-mutaciones\/","title":{"rendered":"Materialidades digitales: entre copias, clones y mutaciones"},"content":{"rendered":"<div  class=\"tribe-events-schedule tribe-clearfix\" >\n\t<p class=\"tribe-events-schedule__datetime\">\n\t\t<span class=\"tribe-events-schedule__date tribe-events-schedule__date--start\">\n\t\t\tviernes, enero 24, 2025\t\t<\/span>\n\n\t\t\t\t\t<span class=\"tribe-events-schedule__separator tribe-events-schedule__separator--date\">\n\t\t\t\t @ \t\t\t<\/span>\n\t\t\t<span class=\"tribe-events-schedule__time tribe-events-schedule__time--start\">\n\t\t\t\t12:00 pm\t\t\t<\/span>\n\t\t\n\t\t\t\t\t\t\t\t\t<span class=\"tribe-events-schedule__separator tribe-events-schedule__separator--time\">\n\t\t\t\t\t &#8211; \t\t\t\t<\/span>\n\t\t\t\n\t\t\t\t\t\t\t<span class=\"tribe-events-schedule__time tribe-events-schedule__time--end\">\n\t\t\t\t\t1:30 pm\t\t\t\t<\/span>\n\t\t\t\n\t\t\t\t\t\t<\/p>\n<\/div>\n\n\n<div  class=\"tribe-block tribe-block__event-price\" >\n\t\t\t<span class=\"tribe-block__event-price__cost\"> Gratuito <\/span>\n\t\t<\/div>\n\n\n<div class=\"tribe-events-event-image\"><img fetchpriority=\"high\" decoding=\"async\" width=\"2482\" height=\"2481\" src=\"https:\/\/www.uartes.edu.ec\/sitio\/agua\/wp-content\/uploads\/sites\/7\/MAVNM\u2014Charla-SQ-01.jpg\" class=\"attachment-full size-full wp-post-image\" alt=\"\" srcset=\"https:\/\/www.uartes.edu.ec\/sitio\/agua\/wp-content\/uploads\/sites\/7\/MAVNM\u2014Charla-SQ-01.jpg 2482w, https:\/\/www.uartes.edu.ec\/sitio\/agua\/wp-content\/uploads\/sites\/7\/MAVNM\u2014Charla-SQ-01-400x400.jpg 400w, https:\/\/www.uartes.edu.ec\/sitio\/agua\/wp-content\/uploads\/sites\/7\/MAVNM\u2014Charla-SQ-01-644x644.jpg 644w, https:\/\/www.uartes.edu.ec\/sitio\/agua\/wp-content\/uploads\/sites\/7\/MAVNM\u2014Charla-SQ-01-150x150.jpg 150w, https:\/\/www.uartes.edu.ec\/sitio\/agua\/wp-content\/uploads\/sites\/7\/MAVNM\u2014Charla-SQ-01-768x768.jpg 768w, https:\/\/www.uartes.edu.ec\/sitio\/agua\/wp-content\/uploads\/sites\/7\/MAVNM\u2014Charla-SQ-01-1536x1536.jpg 1536w, https:\/\/www.uartes.edu.ec\/sitio\/agua\/wp-content\/uploads\/sites\/7\/MAVNM\u2014Charla-SQ-01-2048x2048.jpg 2048w, https:\/\/www.uartes.edu.ec\/sitio\/agua\/wp-content\/uploads\/sites\/7\/MAVNM\u2014Charla-SQ-01-60x60.jpg 60w, https:\/\/www.uartes.edu.ec\/sitio\/agua\/wp-content\/uploads\/sites\/7\/MAVNM\u2014Charla-SQ-01-600x600.jpg 600w\" sizes=\"(max-width: 2482px) 100vw, 2482px\" \/><\/div>\n\n\n<p>A cargo de Doreen R\u00edos<strong>*\u00a0<\/strong><\/p>\n\n\n\n<p>Desde hace poco m\u00e1s de 30 a\u00f1os el consumo, creaci\u00f3n y distribuci\u00f3n de material digital entre las masas ha sido posible a trav\u00e9s de Internet. Esto ha hecho que, como propone el te\u00f3rico William J. Mitchell, la WWW se haya encargado de &#8220;reemplazar espacios, reconfigurando el cuerpo social y los contextos arquitect\u00f3nicos&#8221;. (Mitchell 2003). Adoptando la postura y el pensamiento de Mitchell, podemos analizar las formas en que &#8220;la gente utiliza las met\u00e1foras y los paradigmas de la creaci\u00f3n de espacios para informar la construcci\u00f3n de sus \u00e1goras electr\u00f3nicas&#8221; y podemos reconocer a Internet como &#8220;el primer contendiente serio para hacer algunas de las cosas que la arquitectura siempre ha hecho: crear lugares para hacer, para ver y para ser visto.&#8221; (Lunenfeld 1999) Tomando esta reflexi\u00f3n como punto de partida, nos resulta interesante preguntarnos: \u00bfqu\u00e9 ocurre cuando tres d\u00e9cadas de materialidades digitales, que han estado ligadas a plataformas y dispositivos, se integran ahora m\u00e1s que nunca profundamente en nuestra vida cotidiana?, \u00bfd\u00f3nde radica el valor de los objetos digitales?, \u00bfqu\u00e9 implicaciones pol\u00edticas conlleva la producci\u00f3n y distribuci\u00f3n de obra a trav\u00e9s de Internet? \u00a0<\/p>\n\n\n\n<p>Las materialidades digitales, tal y como se perciben cuando forman parte de una producci\u00f3n creativa, comprenden una mezcla de tecnolog\u00edas, dibujo computarizado, inteligencia artificial, bases de datos, modelado digital, etc. y todo lo que ello conlleva, enmarcado en las disciplinas de procesos creativos m\u00e1s amplios. Esta charla se centrar\u00e1 en dar sentido a las vulnerabilidades y posibilidades de trabajar con materialidades digitales, a la vez que se analiza c\u00f3mo esto conecta con la distribuci\u00f3n de contenidos art\u00edsticos en Internet y reflexiona acerca de algunas de las consideraciones que subyacen a la manipulaci\u00f3n, archivo y mediaci\u00f3n que esta producci\u00f3n art\u00edstica requiere.<\/p>\n\n\n\n<p><strong>*<\/strong>Doreen R\u00edos (Toluca, M\u00e9xico, 1992) es curadora e investigadora. Su trabajo se enfoca en el arte digital, pr\u00e1cticas post-digitales y nuevas materialidades. Fundadora de [ANTI]MATERIA, plataforma en l\u00ednea dedicada a la investigaci\u00f3n y exposici\u00f3n de arte producido a trav\u00e9s de medios digitales.<\/p>\n\n\n\n<p>Puedes ingresar a la charla a trav\u00e9s del siguiente enlace: <a href=\"https:\/\/cedia.zoom.us\/j\/82161520962\">https:\/\/cedia.zoom.us\/j\/82161520962<\/a><\/p>\n\n\n<div  class=\"tribe-block tribe-block__venue tribe-clearfix tribe-block__venue--has-map\" >\n\t\n\t\n<div class=\"tribe-block__venue__meta\">\n\t<div class=\"tribe-block__venue__name\">\n\t\t<h3><a href=\"http:\/\/www.uartes.edu.ec\/sitio\/agua\/mz14\/plaza-publica\/\" title=\"Plaza P\u00fablica\">Plaza P\u00fablica<\/a><\/h3>\n\t<\/div>\n\n\t\n\t\t\t\t\t\t<address class=\"tribe-block__venue__address\">\n\t\t\t\t<span class=\"tribe-address\">\n\n<span class=\"tribe-street-address\">MZ14, Panam\u00e1 y 9 de Octubre, esquina<\/span>\n\t\n\t\t<br>\n\t\t<span class=\"tribe-locality\">Guayaquil<\/span><span class=\"tribe-delimiter\">,<\/span>\n\n\t<abbr class=\"tribe-region tribe-events-abbr\" title=\"Guayas\">Guayas<\/abbr>\n\n\n\t<span class=\"tribe-country-name\">Ecuador<\/span>\n\n<\/span>\n\n\t\t\t\t\t\t\t\t\t<a class=\"tribe-events-gmap\" href=\"https:\/\/www.google.com\/maps\/search\/?api=1&#038;query=-2.192061169799%2C-79.880202669053\" title=\"Haz clic para ver un mapa de Google\" target=\"_blank\" rel=\"noreferrer noopener\">+ Google Map<\/a>\t\t\t\t\t\t\t<\/address>\n\t\t\n\t\t\n\t\t\t\n\t<\/div>\n\t\n<div class=\"tribe-block__venue__map\">\n\t\n<iframe\n  title=\"Iframe de Google Maps mostrando la direcci\u00f3n a Plaza P\u00fablica\"\n  aria-label=\"Mapa de ubicaci\u00f3n del recinto\"\n  width=\"310px\"\n  height=\"256px\"\n  frameborder=\"0\" style=\"border:0\"\n  src=\"https:\/\/www.google.com\/maps\/embed\/v1\/place?key=AIzaSyDNsicAsP6-VuGtAb1O9riI3oc_NOb7IOU&#038;q=MZ14%2C+Panam%C3%A1+y+9+de+Octubre%2C+esquina+Guayaquil+Guayas+Ecuador+&#038;zoom=15\" allowfullscreen>\n<\/iframe>\n<\/div>\n\n\t<\/div>\n","protected":false},"excerpt":{"rendered":"<p>A cargo de Doreen R\u00edos*\u00a0 Desde hace poco m\u00e1s de 30 a\u00f1os el consumo, creaci\u00f3n y distribuci\u00f3n de material digital entre las masas ha sido posible a trav\u00e9s de Internet. [&hellip;]<\/p>\n","protected":false},"author":1,"featured_media":25932,"template":"","meta":{"_tec_requires_first_save":false,"_uag_custom_page_level_css":"","_monsterinsights_skip_tracking":false,"_monsterinsights_sitenote_active":false,"_monsterinsights_sitenote_note":"","_monsterinsights_sitenote_category":0,"_EventAllDay":false,"_EventTimezone":"America\/Guayaquil","_EventStartDate":"2025-01-24 12:00:00","_EventEndDate":"2025-01-24 13:30:00","_EventStartDateUTC":"2025-01-24 17:00:00","_EventEndDateUTC":"2025-01-24 18:30:00","_EventShowMap":false,"_EventShowMapLink":false,"_EventURL":"","_EventCost":"0","_EventCostDescription":"","_EventCurrencySymbol":"$","_EventCurrencyCode":"USD","_EventCurrencyPosition":"prefix","_EventDateTimeSeparator":" @ ","_EventTimeRangeSeparator":" - ","_EventOrganizerID":[],"_EventVenueID":[17058],"_OrganizerEmail":"","_OrganizerPhone":"","_OrganizerWebsite":"","_VenueAddress":"","_VenueCity":"","_VenueCountry":"","_VenueProvince":"","_VenueState":"","_VenueZip":"","_VenuePhone":"","_VenueURL":"","_VenueStateProvince":"","_VenueLat":"","_VenueLng":"","_VenueShowMap":false,"_VenueShowMapLink":false,"_tribe_blocks_recurrence_rules":"","_tribe_blocks_recurrence_description":"","_tribe_blocks_recurrence_exclusions":"","cybocfi_hide_featured_image":"","_tribe_events_status":"","_tribe_events_status_reason":"","_tribe_events_is_hybrid":"","_tribe_events_is_virtual":"","_tribe_events_virtual_video_source":"","_tribe_events_virtual_embed_video":"","_tribe_events_virtual_linked_button_text":"","_tribe_events_virtual_linked_button":"","_tribe_events_virtual_show_embed_at":"","_tribe_events_virtual_show_embed_to":[],"_tribe_events_virtual_show_on_event":"","_tribe_events_virtual_show_on_views":"","_tribe_events_virtual_url":"","footnotes":""},"tags":[],"tribe_events_cat":[402,406],"class_list":["post-25931","tribe_events","type-tribe_events","status-publish","has-post-thumbnail","hentry","tribe_events_cat-academico","tribe_events_cat-mz14","cat_academico","cat_mz14"],"uagb_featured_image_src":{"full":["https:\/\/www.uartes.edu.ec\/sitio\/agua\/wp-content\/uploads\/sites\/7\/MAVNM\u2014Charla-SQ-01.jpg",2482,2481,false],"thumbnail":["https:\/\/www.uartes.edu.ec\/sitio\/agua\/wp-content\/uploads\/sites\/7\/MAVNM\u2014Charla-SQ-01-150x150.jpg",150,150,true],"medium":["https:\/\/www.uartes.edu.ec\/sitio\/agua\/wp-content\/uploads\/sites\/7\/MAVNM\u2014Charla-SQ-01-400x400.jpg",400,400,true],"medium_large":["https:\/\/www.uartes.edu.ec\/sitio\/agua\/wp-content\/uploads\/sites\/7\/MAVNM\u2014Charla-SQ-01-768x768.jpg",768,768,true],"large":["https:\/\/www.uartes.edu.ec\/sitio\/agua\/wp-content\/uploads\/sites\/7\/MAVNM\u2014Charla-SQ-01-644x644.jpg",644,644,true],"1536x1536":["https:\/\/www.uartes.edu.ec\/sitio\/agua\/wp-content\/uploads\/sites\/7\/MAVNM\u2014Charla-SQ-01-1536x1536.jpg",1536,1536,true],"2048x2048":["https:\/\/www.uartes.edu.ec\/sitio\/agua\/wp-content\/uploads\/sites\/7\/MAVNM\u2014Charla-SQ-01-2048x2048.jpg",2048,2048,true],"gb-block-post-grid-landscape":["https:\/\/www.uartes.edu.ec\/sitio\/agua\/wp-content\/uploads\/sites\/7\/MAVNM\u2014Charla-SQ-01-600x400.jpg",600,400,true],"gb-block-post-grid-square":["https:\/\/www.uartes.edu.ec\/sitio\/agua\/wp-content\/uploads\/sites\/7\/MAVNM\u2014Charla-SQ-01-600x600.jpg",600,600,true]},"uagb_author_info":{"display_name":"Universidad de las Artes","author_link":"https:\/\/www.uartes.edu.ec\/sitio\/agua\/author\/dircomadm\/"},"uagb_comment_info":0,"uagb_excerpt":"A cargo de Doreen R\u00edos*\u00a0 Desde hace poco m\u00e1s de 30 a\u00f1os el consumo, creaci\u00f3n y distribuci\u00f3n de material digital entre las masas ha sido posible a trav\u00e9s de Internet. [&hellip;]","distributor_meta":false,"distributor_terms":false,"distributor_media":false,"distributor_original_site_name":"Agua","distributor_original_site_url":"https:\/\/www.uartes.edu.ec\/sitio\/agua","push-errors":false,"_links":{"self":[{"href":"https:\/\/www.uartes.edu.ec\/sitio\/agua\/wp-json\/wp\/v2\/tribe_events\/25931","targetHints":{"allow":["GET"]}}],"collection":[{"href":"https:\/\/www.uartes.edu.ec\/sitio\/agua\/wp-json\/wp\/v2\/tribe_events"}],"about":[{"href":"https:\/\/www.uartes.edu.ec\/sitio\/agua\/wp-json\/wp\/v2\/types\/tribe_events"}],"author":[{"embeddable":true,"href":"https:\/\/www.uartes.edu.ec\/sitio\/agua\/wp-json\/wp\/v2\/users\/1"}],"version-history":[{"count":1,"href":"https:\/\/www.uartes.edu.ec\/sitio\/agua\/wp-json\/wp\/v2\/tribe_events\/25931\/revisions"}],"predecessor-version":[{"id":25933,"href":"https:\/\/www.uartes.edu.ec\/sitio\/agua\/wp-json\/wp\/v2\/tribe_events\/25931\/revisions\/25933"}],"wp:featuredmedia":[{"embeddable":true,"href":"https:\/\/www.uartes.edu.ec\/sitio\/agua\/wp-json\/wp\/v2\/media\/25932"}],"wp:attachment":[{"href":"https:\/\/www.uartes.edu.ec\/sitio\/agua\/wp-json\/wp\/v2\/media?parent=25931"}],"wp:term":[{"taxonomy":"post_tag","embeddable":true,"href":"https:\/\/www.uartes.edu.ec\/sitio\/agua\/wp-json\/wp\/v2\/tags?post=25931"},{"taxonomy":"tribe_events_cat","embeddable":true,"href":"https:\/\/www.uartes.edu.ec\/sitio\/agua\/wp-json\/wp\/v2\/tribe_events_cat?post=25931"}],"curies":[{"name":"wp","href":"https:\/\/api.w.org\/{rel}","templated":true}]}}

<div  class="tribe-events-schedule tribe-clearfix" >
	<p class="tribe-events-schedule__datetime">
		<span class="tribe-events-schedule__date tribe-events-schedule__date--start">
			viernes, enero 24, 2025		</span>

					<span class="tribe-events-schedule__separator tribe-events-schedule__separator--date">
				 @ 			</span>
			<span class="tribe-events-schedule__time tribe-events-schedule__time--start">
				12:00 pm			</span>
		
									<span class="tribe-events-schedule__separator tribe-events-schedule__separator--time">
					 &#8211; 				</span>
			
							<span class="tribe-events-schedule__time tribe-events-schedule__time--end">
					1:30 pm				</span>
			
						</p>
</div>


<div  class="tribe-block tribe-block__event-price" >
			<span class="tribe-block__event-price__cost"> Gratuito </span>
		</div>


<div class="tribe-events-event-image"><img fetchpriority="high" decoding="async" width="2482" height="2481" src="https://www.uartes.edu.ec/sitio/agua/wp-content/uploads/sites/7/MAVNM—Charla-SQ-01.jpg" class="attachment-full size-full wp-post-image" alt="" srcset="https://www.uartes.edu.ec/sitio/agua/wp-content/uploads/sites/7/MAVNM—Charla-SQ-01.jpg 2482w, https://www.uartes.edu.ec/sitio/agua/wp-content/uploads/sites/7/MAVNM—Charla-SQ-01-400x400.jpg 400w, https://www.uartes.edu.ec/sitio/agua/wp-content/uploads/sites/7/MAVNM—Charla-SQ-01-644x644.jpg 644w, https://www.uartes.edu.ec/sitio/agua/wp-content/uploads/sites/7/MAVNM—Charla-SQ-01-150x150.jpg 150w, https://www.uartes.edu.ec/sitio/agua/wp-content/uploads/sites/7/MAVNM—Charla-SQ-01-768x768.jpg 768w, https://www.uartes.edu.ec/sitio/agua/wp-content/uploads/sites/7/MAVNM—Charla-SQ-01-1536x1536.jpg 1536w, https://www.uartes.edu.ec/sitio/agua/wp-content/uploads/sites/7/MAVNM—Charla-SQ-01-2048x2048.jpg 2048w, https://www.uartes.edu.ec/sitio/agua/wp-content/uploads/sites/7/MAVNM—Charla-SQ-01-60x60.jpg 60w, https://www.uartes.edu.ec/sitio/agua/wp-content/uploads/sites/7/MAVNM—Charla-SQ-01-600x600.jpg 600w" sizes="(max-width: 2482px) 100vw, 2482px" /></div>


<p>A cargo de Doreen Ríos<strong>* </strong></p>



<p>Desde hace poco más de 30 años el consumo, creación y distribución de material digital entre las masas ha sido posible a través de Internet. Esto ha hecho que, como propone el teórico William J. Mitchell, la WWW se haya encargado de &#8220;reemplazar espacios, reconfigurando el cuerpo social y los contextos arquitectónicos&#8221;. (Mitchell 2003). Adoptando la postura y el pensamiento de Mitchell, podemos analizar las formas en que &#8220;la gente utiliza las metáforas y los paradigmas de la creación de espacios para informar la construcción de sus ágoras electrónicas&#8221; y podemos reconocer a Internet como &#8220;el primer contendiente serio para hacer algunas de las cosas que la arquitectura siempre ha hecho: crear lugares para hacer, para ver y para ser visto.&#8221; (Lunenfeld 1999) Tomando esta reflexión como punto de partida, nos resulta interesante preguntarnos: ¿qué ocurre cuando tres décadas de materialidades digitales, que han estado ligadas a plataformas y dispositivos, se integran ahora más que nunca profundamente en nuestra vida cotidiana?, ¿dónde radica el valor de los objetos digitales?, ¿qué implicaciones políticas conlleva la producción y distribución de obra a través de Internet?  </p>



<p>Las materialidades digitales, tal y como se perciben cuando forman parte de una producción creativa, comprenden una mezcla de tecnologías, dibujo computarizado, inteligencia artificial, bases de datos, modelado digital, etc. y todo lo que ello conlleva, enmarcado en las disciplinas de procesos creativos más amplios. Esta charla se centrará en dar sentido a las vulnerabilidades y posibilidades de trabajar con materialidades digitales, a la vez que se analiza cómo esto conecta con la distribución de contenidos artísticos en Internet y reflexiona acerca de algunas de las consideraciones que subyacen a la manipulación, archivo y mediación que esta producción artística requiere.</p>



<p><strong>*</strong>Doreen Ríos (Toluca, México, 1992) es curadora e investigadora. Su trabajo se enfoca en el arte digital, prácticas post-digitales y nuevas materialidades. Fundadora de [ANTI]MATERIA, plataforma en línea dedicada a la investigación y exposición de arte producido a través de medios digitales.</p>



<p>Puedes ingresar a la charla a través del siguiente enlace: <a href="https://cedia.zoom.us/j/82161520962">https://cedia.zoom.us/j/82161520962</a></p>


<div  class="tribe-block tribe-block__venue tribe-clearfix tribe-block__venue--has-map" >
	
	
<div class="tribe-block__venue__meta">
	<div class="tribe-block__venue__name">
		<h3><a href="http://www.uartes.edu.ec/sitio/agua/mz14/plaza-publica/" title="Plaza Pública">Plaza Pública</a></h3>
	</div>

	
						<address class="tribe-block__venue__address">
				<span class="tribe-address">

<span class="tribe-street-address">MZ14, Panamá y 9 de Octubre, esquina</span>
	
		<br>
		<span class="tribe-locality">Guayaquil</span><span class="tribe-delimiter">,</span>

	<abbr class="tribe-region tribe-events-abbr" title="Guayas">Guayas</abbr>


	<span class="tribe-country-name">Ecuador</span>

</span>

									<a class="tribe-events-gmap" href="https://www.google.com/maps/search/?api=1&#038;query=-2.192061169799%2C-79.880202669053" title="Haz clic para ver un mapa de Google" target="_blank" rel="noreferrer noopener">+ Google Map</a>							</address>
		
		
			
	</div>
	
<div class="tribe-block__venue__map">
	
<iframe
  title="Iframe de Google Maps mostrando la dirección a Plaza Pública"
  aria-label="Mapa de ubicación del recinto"
  width="310px"
  height="256px"
  frameborder="0" style="border:0"
  src="https://www.google.com/maps/embed/v1/place?key=AIzaSyDNsicAsP6-VuGtAb1O9riI3oc_NOb7IOU&#038;q=MZ14%2C+Panam%C3%A1+y+9+de+Octubre%2C+esquina+Guayaquil+Guayas+Ecuador+&#038;zoom=15" allowfullscreen>
</iframe>
</div>

	</div>

<p>A cargo de Doreen Ríos*  Desde hace poco más de 30 años el consumo, creación y distribución de material digital entre las masas ha sido posible a través de Internet. [&hellip;]</p>

A cargo de Doreen Ríos*  Desde hace poco más de 30 años el consumo, creación y distribución de material digital entre las masas ha sido posible a través de Internet. [&hellip;]
