{"id":28021,"date":"2025-08-21T12:54:18","date_gmt":"2025-08-21T17:54:18","guid":{"rendered":"https:\/\/www.uartes.edu.ec\/sitio\/agua\/?post_type=tribe_events&#038;p=28021"},"modified":"2025-08-21T12:54:20","modified_gmt":"2025-08-21T17:54:20","slug":"exposicion-fantasmas-en-la-maquina","status":"publish","type":"tribe_events","link":"https:\/\/www.uartes.edu.ec\/sitio\/agua\/evento\/exposicion-fantasmas-en-la-maquina\/","title":{"rendered":"Exposici\u00f3n:\u00a0Fantasmas en la m\u00e1quina"},"content":{"rendered":"<div  class=\"tribe-events-schedule tribe-clearfix\" >\n\t<p class=\"tribe-events-schedule__datetime\">\n\t\t<span class=\"tribe-events-schedule__date tribe-events-schedule__date--start\">\n\t\t\tjueves, agosto 21, 2025\t\t<\/span>\n\n\t\t\t\t\t<span class=\"tribe-events-schedule__separator tribe-events-schedule__separator--date\">\n\t\t\t\t @ \t\t\t<\/span>\n\t\t\t<span class=\"tribe-events-schedule__time tribe-events-schedule__time--start\">\n\t\t\t\t8:00 am\t\t\t<\/span>\n\t\t\n\t\t\t\t\t\t\t\t\t<span class=\"tribe-events-schedule__separator tribe-events-schedule__separator--time\">\n\t\t\t\t\t &#8211; \t\t\t\t<\/span>\n\t\t\t\n\t\t\t\t\t\t\t<span class=\"tribe-events-schedule__date tribe-events-schedule__date--end\">\n\t\t\t\t\ts\u00e1bado, agosto 30, 2025\t\t\t\t<\/span>\n\n\t\t\t\t\t\t\t\t\t<span class=\"tribe-events-schedule__separator tribe-events-schedule__separator--date\">\n\t\t\t\t\t\t @ \t\t\t\t\t<\/span>\n\t\t\t\t\t<span class=\"tribe-events-schedule__time tribe-events-schedule__time--end\">\n\t\t\t\t\t\t5:00 pm\t\t\t\t\t<\/span>\n\t\t\t\t\n\t\t\t\n\t\t\t\t\t\t<\/p>\n<\/div>\n\n\n<div  class=\"tribe-block tribe-block__event-price\" >\n\t\t\t<span class=\"tribe-block__event-price__cost\"> Gratuito <\/span>\n\t\t<\/div>\n\n\n<div class=\"tribe-events-event-image\"><img fetchpriority=\"high\" decoding=\"async\" width=\"1013\" height=\"1013\" src=\"https:\/\/www.uartes.edu.ec\/sitio\/agua\/wp-content\/uploads\/sites\/7\/Op2-Print-FD-e1755798713372.jpg\" class=\"attachment-full size-full wp-post-image\" alt=\"\" srcset=\"https:\/\/www.uartes.edu.ec\/sitio\/agua\/wp-content\/uploads\/sites\/7\/Op2-Print-FD-e1755798713372.jpg 1013w, https:\/\/www.uartes.edu.ec\/sitio\/agua\/wp-content\/uploads\/sites\/7\/Op2-Print-FD-e1755798713372-400x400.jpg 400w, https:\/\/www.uartes.edu.ec\/sitio\/agua\/wp-content\/uploads\/sites\/7\/Op2-Print-FD-e1755798713372-644x644.jpg 644w, https:\/\/www.uartes.edu.ec\/sitio\/agua\/wp-content\/uploads\/sites\/7\/Op2-Print-FD-e1755798713372-150x150.jpg 150w, https:\/\/www.uartes.edu.ec\/sitio\/agua\/wp-content\/uploads\/sites\/7\/Op2-Print-FD-e1755798713372-768x768.jpg 768w, https:\/\/www.uartes.edu.ec\/sitio\/agua\/wp-content\/uploads\/sites\/7\/Op2-Print-FD-e1755798713372-600x600.jpg 600w\" sizes=\"(max-width: 1013px) 100vw, 1013px\" \/><\/div>\n\n\n<p>La Escuela de Posgrados y la Maestr\u00eda en Artes Visuales y Nuevos Medios de la&nbsp;<a href=\"https:\/\/www.instagram.com\/uartesec\/?hl=es-la\">@uartesec<\/a>&nbsp;tienen el agrado de invitarles a la exposici\u00f3n de procesos _Fantasmas en la m\u00e1quina._<br><br>\ud83d\udcc5&nbsp;Inauguraci\u00f3n: Jueves 21 de Agosto, 2025.<br><br>\u23f0&nbsp;17:00:<br>\ud83d\udccdSala La Rotativa<br>Edif. El Tel\u00e9grafo<br>10 de Agosto 601 y Boyac\u00e1.<br><br>18:30:<br>\ud83d\udccdTaller de Posgrado 001,<br>Mz14, PB, Detr\u00e1s del CIF.<br><br>19:00:<br>\ud83d\udccdSala de Cine<br>Mz14, Piso 3<br>Panam\u00e1 y 9 de Octubre.<br><br>&#8220;Las m\u00e1quinas no est\u00e1n muertas. Respiran, se oxidan, se detienen, pero siguen hablando en silencio. _Fantasmas en la m\u00e1quina_ es una muestra colectiva que emerge desde la intervenci\u00f3n del espacio de la rotativa del hist\u00f3rico diario El Tel\u00e9grafo en Guayaquil, un sitio cargado de memoria industrial, medi\u00e1tica y pol\u00edtica. All\u00ed donde antes giraban los engranajes de la prensa \u2014imprimiendo versiones oficiales del mundo\u2014, hoy se activan dispositivos sensibles que cuestionan, resignifican y reaniman esos vestigios materiales desde una mirada expandida,<br>afectiva y cr\u00edtica.&#8221;<br><br>\ud83c\udf9a\ufe0fCon propuestas de:.<br><br>Enrique Landivar&nbsp;<a href=\"https:\/\/www.instagram.com\/kikelandivar\/?hl=es-la\">@kikelandivar<\/a><br>Andrea Moreira&nbsp;<a href=\"https:\/\/www.instagram.com\/andreapaolamoreira89\/?hl=es-la\">@andreapaolamoreira89<\/a><br>Pedro Gonz\u00e1lez&nbsp;<a href=\"https:\/\/www.instagram.com\/rupertvonmandrake\/?hl=es-la\">@rupertvonmandrake<\/a><br>David Barber\u00e1n&nbsp;<a href=\"https:\/\/www.instagram.com\/jodk\/?hl=es-la\">@jodk<\/a><br>David Moncayo&nbsp;<a href=\"https:\/\/www.instagram.com\/david_monnav\/?hl=es-la\">@david_monnav<\/a><br>Mariv\u00ed Su\u00e1rez&nbsp;<a href=\"https:\/\/www.instagram.com\/cybercasa\/?hl=es-la\">@cybercasa<\/a><br>Gabriel Arroyo&nbsp;<a href=\"https:\/\/www.instagram.com\/gaag.nvm\/?hl=es-la\">@gaag.nvm<\/a><br>Chay Velasco&nbsp;<a href=\"https:\/\/www.instagram.com\/chayvelasco_\/?hl=es-la\">@chayvelasco_<\/a><br>Juanca Vargas&nbsp;<a href=\"https:\/\/www.instagram.com\/juancatvargasesp\/?hl=es-la\">@juancatvargasesp<\/a><br>Jos\u00e9 Luis Espinoza&nbsp;<a href=\"https:\/\/www.instagram.com\/joseluis.espinozaavecillas\/?hl=es-la\">@joseluis.espinozaavecillas<\/a><br>Fernando Falcon\u00ed&nbsp;<a href=\"https:\/\/www.instagram.com\/fernando_falconi\/?hl=es-la\">@fernando_falconi<\/a><br>Iv\u00e1n Basurto D.&nbsp;<a href=\"https:\/\/www.instagram.com\/basurtodiablo\/?hl=es-la\">@basurtodiablo<\/a><br>Jimmy Lara&nbsp;<a href=\"https:\/\/www.instagram.com\/jimmy_lara_g\/?hl=es-la\">@jimmy_lara_g<\/a><br>Syl Quezada&nbsp;<a href=\"https:\/\/www.instagram.com\/syl.quezada\/?hl=es-la\">@syl.quezada<\/a><br><br>\ud83d\udce1Acompa\u00f1amiento: Gonzalo Vargas&nbsp;<a href=\"https:\/\/www.instagram.com\/gonzalomvargasm\/?hl=es-la\">@gonzalomvargasm<\/a>&nbsp;e Ilich Castillo&nbsp;<a href=\"https:\/\/www.instagram.com\/ilich_castillo\/?hl=es-la\">@ilich_castillo<\/a><br><br>Producci\u00f3n Lisbeth Carvajal&nbsp;<a href=\"https:\/\/www.instagram.com\/lisbcarvajal\/?hl=es-la\">@lisbcarvajal<\/a><\/p>\n\n\n\n<p><\/p>\n\n\n<div  class=\"tribe-block tribe-block__venue tribe-clearfix tribe-block__venue--has-map\" >\n\t\n\t\n<div class=\"tribe-block__venue__meta\">\n\t<div class=\"tribe-block__venue__name\">\n\t\t<h3><a href=\"http:\/\/www.uartes.edu.ec\/sitio\/agua\/uartes\/la-rotativa\/\" title=\"Galer\u00eda La Rotativa\">Galer\u00eda La Rotativa<\/a><\/h3>\n\t<\/div>\n\n\t\n\t\t\t\t\t\t<address class=\"tribe-block__venue__address\">\n\t\t\t\t<span class=\"tribe-address\">\n\n<span class=\"tribe-street-address\">10 de Agosto 601 y Boyac\u00e1<\/span>\n\t\n\t\t<br>\n\t\t<span class=\"tribe-locality\">Guayaquil<\/span><span class=\"tribe-delimiter\">,<\/span>\n\n\t<abbr class=\"tribe-region tribe-events-abbr\" title=\"Guayas\">Guayas<\/abbr>\n\n\n\t<span class=\"tribe-country-name\">Ecuador<\/span>\n\n<\/span>\n\n\t\t\t\t\t\t\t\t\t<a class=\"tribe-events-gmap\" href=\"https:\/\/www.google.com\/maps\/search\/?api=1&#038;query=-2.1949782676851%2C-79.885076985854\" title=\"Haz clic para ver un mapa de Google\" target=\"_blank\" rel=\"noreferrer noopener\">+ Google Map<\/a>\t\t\t\t\t\t\t<\/address>\n\t\t\n\t\t\n\t\t\t\n\t<\/div>\n\t\n<div class=\"tribe-block__venue__map\">\n\t\n<iframe\n  title=\"Iframe de Google Maps mostrando la direcci\u00f3n a Galer\u00eda La Rotativa\"\n  aria-label=\"Mapa de ubicaci\u00f3n del recinto\"\n  width=\"310px\"\n  height=\"256px\"\n  frameborder=\"0\" style=\"border:0\"\n  src=\"https:\/\/www.google.com\/maps\/embed\/v1\/place?key=AIzaSyDNsicAsP6-VuGtAb1O9riI3oc_NOb7IOU&#038;q=10+de+Agosto+601+y+Boyac%C3%A1+Guayaquil+Guayas+Ecuador+&#038;zoom=15\" allowfullscreen>\n<\/iframe>\n<\/div>\n\n\t<\/div>\n","protected":false},"excerpt":{"rendered":"<p>La Escuela de Posgrados y la Maestr\u00eda en Artes Visuales y Nuevos Medios de la&nbsp;@uartesec&nbsp;tienen el agrado de invitarles a la exposici\u00f3n de procesos _Fantasmas en la m\u00e1quina._ \ud83d\udcc5&nbsp;Inauguraci\u00f3n: Jueves [&hellip;]<\/p>\n","protected":false},"author":29,"featured_media":28022,"template":"","meta":{"_tec_requires_first_save":false,"_uag_custom_page_level_css":"","_monsterinsights_skip_tracking":false,"_monsterinsights_sitenote_active":false,"_monsterinsights_sitenote_note":"","_monsterinsights_sitenote_category":0,"_EventAllDay":false,"_EventTimezone":"America\/Guayaquil","_EventStartDate":"2025-08-21 08:00:00","_EventEndDate":"2025-08-30 17:00:00","_EventStartDateUTC":"2025-08-21 13:00:00","_EventEndDateUTC":"2025-08-30 22:00:00","_EventShowMap":false,"_EventShowMapLink":false,"_EventURL":"","_EventCost":"0","_EventCostDescription":"","_EventCurrencySymbol":"$","_EventCurrencyCode":"USD","_EventCurrencyPosition":"prefix","_EventDateTimeSeparator":" @ ","_EventTimeRangeSeparator":" - ","_EventOrganizerID":[],"_EventVenueID":[21684],"_OrganizerEmail":"","_OrganizerPhone":"","_OrganizerWebsite":"","_VenueAddress":"","_VenueCity":"","_VenueCountry":"","_VenueProvince":"","_VenueState":"","_VenueZip":"","_VenuePhone":"","_VenueURL":"","_VenueStateProvince":"","_VenueLat":"","_VenueLng":"","_VenueShowMap":false,"_VenueShowMapLink":false,"_tribe_blocks_recurrence_rules":"","_tribe_blocks_recurrence_description":"","_tribe_blocks_recurrence_exclusions":"","cybocfi_hide_featured_image":"","_tribe_events_status":"","_tribe_events_status_reason":"","_tribe_events_is_hybrid":"","_tribe_events_is_virtual":"","_tribe_events_virtual_video_source":"","_tribe_events_virtual_embed_video":"","_tribe_events_virtual_linked_button_text":"","_tribe_events_virtual_linked_button":"","_tribe_events_virtual_show_embed_at":"","_tribe_events_virtual_show_embed_to":[],"_tribe_events_virtual_show_on_event":"","_tribe_events_virtual_show_on_views":"","_tribe_events_virtual_url":"","footnotes":""},"tags":[],"tribe_events_cat":[],"class_list":["post-28021","tribe_events","type-tribe_events","status-publish","has-post-thumbnail","hentry"],"uagb_featured_image_src":{"full":["https:\/\/www.uartes.edu.ec\/sitio\/agua\/wp-content\/uploads\/sites\/7\/Op2-Print-FD-e1755798713372.jpg",1013,1013,false],"thumbnail":["https:\/\/www.uartes.edu.ec\/sitio\/agua\/wp-content\/uploads\/sites\/7\/Op2-Print-FD-e1755798713372-150x150.jpg",150,150,true],"medium":["https:\/\/www.uartes.edu.ec\/sitio\/agua\/wp-content\/uploads\/sites\/7\/Op2-Print-FD-e1755798713372-400x400.jpg",400,400,true],"medium_large":["https:\/\/www.uartes.edu.ec\/sitio\/agua\/wp-content\/uploads\/sites\/7\/Op2-Print-FD-e1755798713372-768x768.jpg",768,768,true],"large":["https:\/\/www.uartes.edu.ec\/sitio\/agua\/wp-content\/uploads\/sites\/7\/Op2-Print-FD-e1755798713372-644x644.jpg",644,644,true],"1536x1536":["https:\/\/www.uartes.edu.ec\/sitio\/agua\/wp-content\/uploads\/sites\/7\/Op2-Print-FD-1536x858.jpg",1536,858,true],"2048x2048":["https:\/\/www.uartes.edu.ec\/sitio\/agua\/wp-content\/uploads\/sites\/7\/Op2-Print-FD-e1755798713372.jpg",1013,1013,false],"gb-block-post-grid-landscape":["https:\/\/www.uartes.edu.ec\/sitio\/agua\/wp-content\/uploads\/sites\/7\/Op2-Print-FD-e1755798713372-600x400.jpg",600,400,true],"gb-block-post-grid-square":["https:\/\/www.uartes.edu.ec\/sitio\/agua\/wp-content\/uploads\/sites\/7\/Op2-Print-FD-e1755798713372-600x600.jpg",600,600,true]},"uagb_author_info":{"display_name":"drosero","author_link":"https:\/\/www.uartes.edu.ec\/sitio\/agua\/author\/drosero\/"},"uagb_comment_info":0,"uagb_excerpt":"La Escuela de Posgrados y la Maestr\u00eda en Artes Visuales y Nuevos Medios de la&nbsp;@uartesec&nbsp;tienen el agrado de invitarles a la exposici\u00f3n de procesos _Fantasmas en la m\u00e1quina._ \ud83d\udcc5&nbsp;Inauguraci\u00f3n: Jueves [&hellip;]","distributor_meta":false,"distributor_terms":false,"distributor_media":false,"distributor_original_site_name":"Agua","distributor_original_site_url":"https:\/\/www.uartes.edu.ec\/sitio\/agua","push-errors":false,"_links":{"self":[{"href":"https:\/\/www.uartes.edu.ec\/sitio\/agua\/wp-json\/wp\/v2\/tribe_events\/28021","targetHints":{"allow":["GET"]}}],"collection":[{"href":"https:\/\/www.uartes.edu.ec\/sitio\/agua\/wp-json\/wp\/v2\/tribe_events"}],"about":[{"href":"https:\/\/www.uartes.edu.ec\/sitio\/agua\/wp-json\/wp\/v2\/types\/tribe_events"}],"author":[{"embeddable":true,"href":"https:\/\/www.uartes.edu.ec\/sitio\/agua\/wp-json\/wp\/v2\/users\/29"}],"version-history":[{"count":1,"href":"https:\/\/www.uartes.edu.ec\/sitio\/agua\/wp-json\/wp\/v2\/tribe_events\/28021\/revisions"}],"predecessor-version":[{"id":28023,"href":"https:\/\/www.uartes.edu.ec\/sitio\/agua\/wp-json\/wp\/v2\/tribe_events\/28021\/revisions\/28023"}],"wp:featuredmedia":[{"embeddable":true,"href":"https:\/\/www.uartes.edu.ec\/sitio\/agua\/wp-json\/wp\/v2\/media\/28022"}],"wp:attachment":[{"href":"https:\/\/www.uartes.edu.ec\/sitio\/agua\/wp-json\/wp\/v2\/media?parent=28021"}],"wp:term":[{"taxonomy":"post_tag","embeddable":true,"href":"https:\/\/www.uartes.edu.ec\/sitio\/agua\/wp-json\/wp\/v2\/tags?post=28021"},{"taxonomy":"tribe_events_cat","embeddable":true,"href":"https:\/\/www.uartes.edu.ec\/sitio\/agua\/wp-json\/wp\/v2\/tribe_events_cat?post=28021"}],"curies":[{"name":"wp","href":"https:\/\/api.w.org\/{rel}","templated":true}]}}

Exposición: Fantasmas en la máquina

<div  class="tribe-events-schedule tribe-clearfix" >
	<p class="tribe-events-schedule__datetime">
		<span class="tribe-events-schedule__date tribe-events-schedule__date--start">
			jueves, agosto 21, 2025		</span>

					<span class="tribe-events-schedule__separator tribe-events-schedule__separator--date">
				 @ 			</span>
			<span class="tribe-events-schedule__time tribe-events-schedule__time--start">
				8:00 am			</span>
		
									<span class="tribe-events-schedule__separator tribe-events-schedule__separator--time">
					 &#8211; 				</span>
			
							<span class="tribe-events-schedule__date tribe-events-schedule__date--end">
					sábado, agosto 30, 2025				</span>

									<span class="tribe-events-schedule__separator tribe-events-schedule__separator--date">
						 @ 					</span>
					<span class="tribe-events-schedule__time tribe-events-schedule__time--end">
						5:00 pm					</span>
				
			
						</p>
</div>


<div  class="tribe-block tribe-block__event-price" >
			<span class="tribe-block__event-price__cost"> Gratuito </span>
		</div>


<div class="tribe-events-event-image"><img fetchpriority="high" decoding="async" width="1013" height="1013" src="https://www.uartes.edu.ec/sitio/agua/wp-content/uploads/sites/7/Op2-Print-FD-e1755798713372.jpg" class="attachment-full size-full wp-post-image" alt="" srcset="https://www.uartes.edu.ec/sitio/agua/wp-content/uploads/sites/7/Op2-Print-FD-e1755798713372.jpg 1013w, https://www.uartes.edu.ec/sitio/agua/wp-content/uploads/sites/7/Op2-Print-FD-e1755798713372-400x400.jpg 400w, https://www.uartes.edu.ec/sitio/agua/wp-content/uploads/sites/7/Op2-Print-FD-e1755798713372-644x644.jpg 644w, https://www.uartes.edu.ec/sitio/agua/wp-content/uploads/sites/7/Op2-Print-FD-e1755798713372-150x150.jpg 150w, https://www.uartes.edu.ec/sitio/agua/wp-content/uploads/sites/7/Op2-Print-FD-e1755798713372-768x768.jpg 768w, https://www.uartes.edu.ec/sitio/agua/wp-content/uploads/sites/7/Op2-Print-FD-e1755798713372-600x600.jpg 600w" sizes="(max-width: 1013px) 100vw, 1013px" /></div>


<p>La Escuela de Posgrados y la Maestría en Artes Visuales y Nuevos Medios de la&nbsp;<a href="https://www.instagram.com/uartesec/?hl=es-la">@uartesec</a>&nbsp;tienen el agrado de invitarles a la exposición de procesos _Fantasmas en la máquina._<br><br>📅&nbsp;Inauguración: Jueves 21 de Agosto, 2025.<br><br>⏰&nbsp;17:00:<br>📍Sala La Rotativa<br>Edif. El Telégrafo<br>10 de Agosto 601 y Boyacá.<br><br>18:30:<br>📍Taller de Posgrado 001,<br>Mz14, PB, Detrás del CIF.<br><br>19:00:<br>📍Sala de Cine<br>Mz14, Piso 3<br>Panamá y 9 de Octubre.<br><br>&#8220;Las máquinas no están muertas. Respiran, se oxidan, se detienen, pero siguen hablando en silencio. _Fantasmas en la máquina_ es una muestra colectiva que emerge desde la intervención del espacio de la rotativa del histórico diario El Telégrafo en Guayaquil, un sitio cargado de memoria industrial, mediática y política. Allí donde antes giraban los engranajes de la prensa —imprimiendo versiones oficiales del mundo—, hoy se activan dispositivos sensibles que cuestionan, resignifican y reaniman esos vestigios materiales desde una mirada expandida,<br>afectiva y crítica.&#8221;<br><br>🎚️Con propuestas de:.<br><br>Enrique Landivar&nbsp;<a href="https://www.instagram.com/kikelandivar/?hl=es-la">@kikelandivar</a><br>Andrea Moreira&nbsp;<a href="https://www.instagram.com/andreapaolamoreira89/?hl=es-la">@andreapaolamoreira89</a><br>Pedro González&nbsp;<a href="https://www.instagram.com/rupertvonmandrake/?hl=es-la">@rupertvonmandrake</a><br>David Barberán&nbsp;<a href="https://www.instagram.com/jodk/?hl=es-la">@jodk</a><br>David Moncayo&nbsp;<a href="https://www.instagram.com/david_monnav/?hl=es-la">@david_monnav</a><br>Mariví Suárez&nbsp;<a href="https://www.instagram.com/cybercasa/?hl=es-la">@cybercasa</a><br>Gabriel Arroyo&nbsp;<a href="https://www.instagram.com/gaag.nvm/?hl=es-la">@gaag.nvm</a><br>Chay Velasco&nbsp;<a href="https://www.instagram.com/chayvelasco_/?hl=es-la">@chayvelasco_</a><br>Juanca Vargas&nbsp;<a href="https://www.instagram.com/juancatvargasesp/?hl=es-la">@juancatvargasesp</a><br>José Luis Espinoza&nbsp;<a href="https://www.instagram.com/joseluis.espinozaavecillas/?hl=es-la">@joseluis.espinozaavecillas</a><br>Fernando Falconí&nbsp;<a href="https://www.instagram.com/fernando_falconi/?hl=es-la">@fernando_falconi</a><br>Iván Basurto D.&nbsp;<a href="https://www.instagram.com/basurtodiablo/?hl=es-la">@basurtodiablo</a><br>Jimmy Lara&nbsp;<a href="https://www.instagram.com/jimmy_lara_g/?hl=es-la">@jimmy_lara_g</a><br>Syl Quezada&nbsp;<a href="https://www.instagram.com/syl.quezada/?hl=es-la">@syl.quezada</a><br><br>📡Acompañamiento: Gonzalo Vargas&nbsp;<a href="https://www.instagram.com/gonzalomvargasm/?hl=es-la">@gonzalomvargasm</a>&nbsp;e Ilich Castillo&nbsp;<a href="https://www.instagram.com/ilich_castillo/?hl=es-la">@ilich_castillo</a><br><br>Producción Lisbeth Carvajal&nbsp;<a href="https://www.instagram.com/lisbcarvajal/?hl=es-la">@lisbcarvajal</a></p>



<p></p>


<div  class="tribe-block tribe-block__venue tribe-clearfix tribe-block__venue--has-map" >
	
	
<div class="tribe-block__venue__meta">
	<div class="tribe-block__venue__name">
		<h3><a href="http://www.uartes.edu.ec/sitio/agua/uartes/la-rotativa/" title="Galería La Rotativa">Galería La Rotativa</a></h3>
	</div>

	
						<address class="tribe-block__venue__address">
				<span class="tribe-address">

<span class="tribe-street-address">10 de Agosto 601 y Boyacá</span>
	
		<br>
		<span class="tribe-locality">Guayaquil</span><span class="tribe-delimiter">,</span>

	<abbr class="tribe-region tribe-events-abbr" title="Guayas">Guayas</abbr>


	<span class="tribe-country-name">Ecuador</span>

</span>

									<a class="tribe-events-gmap" href="https://www.google.com/maps/search/?api=1&#038;query=-2.1949782676851%2C-79.885076985854" title="Haz clic para ver un mapa de Google" target="_blank" rel="noreferrer noopener">+ Google Map</a>							</address>
		
		
			
	</div>
	
<div class="tribe-block__venue__map">
	
<iframe
  title="Iframe de Google Maps mostrando la dirección a Galería La Rotativa"
  aria-label="Mapa de ubicación del recinto"
  width="310px"
  height="256px"
  frameborder="0" style="border:0"
  src="https://www.google.com/maps/embed/v1/place?key=AIzaSyDNsicAsP6-VuGtAb1O9riI3oc_NOb7IOU&#038;q=10+de+Agosto+601+y+Boyac%C3%A1+Guayaquil+Guayas+Ecuador+&#038;zoom=15" allowfullscreen>
</iframe>
</div>

	</div>

<p>La Escuela de Posgrados y la Maestría en Artes Visuales y Nuevos Medios de la&nbsp;@uartesec&nbsp;tienen el agrado de invitarles a la exposición de procesos _Fantasmas en la máquina._ 📅&nbsp;Inauguración: Jueves [&hellip;]</p>

La Escuela de Posgrados y la Maestría en Artes Visuales y Nuevos Medios de la&nbsp;@uartesec&nbsp;tienen el agrado de invitarles a la exposición de procesos _Fantasmas en la máquina._ 📅&nbsp;Inauguración: Jueves [&hellip;]
