{"id":28496,"date":"2025-12-09T17:38:37","date_gmt":"2025-12-09T22:38:37","guid":{"rendered":"https:\/\/www.uartes.edu.ec\/sitio\/agua\/?post_type=tribe_events&#038;p=28496"},"modified":"2025-12-09T17:38:38","modified_gmt":"2025-12-09T22:38:38","slug":"melodias-de-navidad","status":"publish","type":"tribe_events","link":"https:\/\/www.uartes.edu.ec\/sitio\/agua\/evento\/melodias-de-navidad\/","title":{"rendered":"Melod\u00edas de Navidad"},"content":{"rendered":"<div  class=\"tribe-events-schedule tribe-clearfix\" >\n\t<p class=\"tribe-events-schedule__datetime\">\n\t\t<span class=\"tribe-events-schedule__date tribe-events-schedule__date--start\">\n\t\t\ts\u00e1bado, diciembre 13, 2025\t\t<\/span>\n\n\t\t\t\t\t<span class=\"tribe-events-schedule__separator tribe-events-schedule__separator--date\">\n\t\t\t\t @ \t\t\t<\/span>\n\t\t\t<span class=\"tribe-events-schedule__time tribe-events-schedule__time--start\">\n\t\t\t\t9:30 am\t\t\t<\/span>\n\t\t\n\t\t\t\t\t\t\t\t\t<span class=\"tribe-events-schedule__separator tribe-events-schedule__separator--time\">\n\t\t\t\t\t &#8211; \t\t\t\t<\/span>\n\t\t\t\n\t\t\t\t\t\t\t<span class=\"tribe-events-schedule__time tribe-events-schedule__time--end\">\n\t\t\t\t\t10:30 am\t\t\t\t<\/span>\n\t\t\t\n\t\t\t\t\t\t<\/p>\n<\/div>\n\n\n<div  class=\"tribe-block tribe-block__event-price\" >\n\t\t\t<span class=\"tribe-block__event-price__cost\"> Gratuito <\/span>\n\t\t<\/div>\n\n\n<div class=\"tribe-events-event-image\"><img fetchpriority=\"high\" decoding=\"async\" width=\"893\" height=\"893\" src=\"https:\/\/www.uartes.edu.ec\/sitio\/agua\/wp-content\/uploads\/sites\/7\/Gemini_Generated_Image_2iy6e72iy6e72iy6-e1765308687632.png\" class=\"attachment-full size-full wp-post-image\" alt=\"\" srcset=\"https:\/\/www.uartes.edu.ec\/sitio\/agua\/wp-content\/uploads\/sites\/7\/Gemini_Generated_Image_2iy6e72iy6e72iy6-e1765308687632.png 893w, https:\/\/www.uartes.edu.ec\/sitio\/agua\/wp-content\/uploads\/sites\/7\/Gemini_Generated_Image_2iy6e72iy6e72iy6-e1765308687632-400x400.png 400w, https:\/\/www.uartes.edu.ec\/sitio\/agua\/wp-content\/uploads\/sites\/7\/Gemini_Generated_Image_2iy6e72iy6e72iy6-e1765308687632-644x644.png 644w, https:\/\/www.uartes.edu.ec\/sitio\/agua\/wp-content\/uploads\/sites\/7\/Gemini_Generated_Image_2iy6e72iy6e72iy6-e1765308687632-150x150.png 150w, https:\/\/www.uartes.edu.ec\/sitio\/agua\/wp-content\/uploads\/sites\/7\/Gemini_Generated_Image_2iy6e72iy6e72iy6-e1765308687632-768x768.png 768w, https:\/\/www.uartes.edu.ec\/sitio\/agua\/wp-content\/uploads\/sites\/7\/Gemini_Generated_Image_2iy6e72iy6e72iy6-e1765308687632-600x600.png 600w\" sizes=\"(max-width: 893px) 100vw, 893px\" \/><\/div>\n\n\n<p> \u00a1Vibra la Navidad!<br>Te invitamos a disfrutar de una <strong>presentaci\u00f3n navide\u00f1a especial<\/strong>, llena de energ\u00eda, m\u00fasica y esp\u00edritu festivo.<\/p>\n\n\n\n<p>Bajo la direcci\u00f3n de <strong>Haylis Aguirre<\/strong> de la Escuela de Artes Sonoras, vive una ma\u00f1ana distinta en la Sala R\u00eda de la Biblioteca de las Artes.<\/p>\n\n\n\n<p> <em>Un evento para compartir, disfrutar y dejarse llevar por la magia musical.<\/em><\/p>\n\n\n\n<p><\/p>\n\n\n<div  class=\"tribe-block tribe-block__venue tribe-clearfix tribe-block__venue--has-map\" >\n\t\n\t\n<div class=\"tribe-block__venue__meta\">\n\t<div class=\"tribe-block__venue__name\">\n\t\t<h3><a href=\"http:\/\/www.uartes.edu.ec\/sitio\/agua\/biblioteca\/ria\/\" title=\"R\u00eda Sala infantil &#8211; Biblioteca de las Artes\">R\u00eda Sala infantil &#8211; Biblioteca de las Artes<\/a><\/h3>\n\t<\/div>\n\n\t\n\t\t\t\t\t\t<address class=\"tribe-block__venue__address\">\n\t\t\t\t<span class=\"tribe-address\">\n\n<span class=\"tribe-street-address\">Biblioteca de las Artes, Aguirre y Panam\u00e1 esquina<\/span>\n\t\n\t\t<br>\n\t\t<span class=\"tribe-locality\">Guayaquil<\/span><span class=\"tribe-delimiter\">,<\/span>\n\n\n\n\t<span class=\"tribe-country-name\">Ecuador<\/span>\n\n<\/span>\n\n\t\t\t\t\t\t\t\t\t<a class=\"tribe-events-gmap\" href=\"https:\/\/www.google.com\/maps\/search\/?api=1&#038;query=-2.1939687079614%2C-79.881044763175\" title=\"Haz clic para ver un mapa de Google\" target=\"_blank\" rel=\"noreferrer noopener\">+ Google Map<\/a>\t\t\t\t\t\t\t<\/address>\n\t\t\n\t\t\n\t\t\t\t\t<span class=\"tribe-block__venue__website\"><a href=\"https:\/\/biblioteca.uartes.edu.ec\" target=\"_self\" rel=\"external\">Ver el sitio web del Recinto<\/a><\/span><br \/>\n\t\t\t\n\t<\/div>\n\t\n<div class=\"tribe-block__venue__map\">\n\t\n<iframe\n  title=\"Iframe de Google Maps mostrando la direcci\u00f3n a R\u00eda Sala infantil &#8211; Biblioteca de las Artes\"\n  aria-label=\"Mapa de ubicaci\u00f3n del recinto\"\n  width=\"310px\"\n  height=\"256px\"\n  frameborder=\"0\" style=\"border:0\"\n  src=\"https:\/\/www.google.com\/maps\/embed\/v1\/place?key=AIzaSyDNsicAsP6-VuGtAb1O9riI3oc_NOb7IOU&#038;q=Biblioteca+de+las+Artes%2C+Aguirre+y+Panam%C3%A1+esquina+Guayaquil+Ecuador+&#038;zoom=15\" allowfullscreen>\n<\/iframe>\n<\/div>\n\n\t<\/div>\n","protected":false},"excerpt":{"rendered":"<p>\u00a1Vibra la Navidad!Te invitamos a disfrutar de una presentaci\u00f3n navide\u00f1a especial, llena de energ\u00eda, m\u00fasica y esp\u00edritu festivo. Bajo la direcci\u00f3n de Haylis Aguirre de la Escuela de Artes Sonoras, [&hellip;]<\/p>\n","protected":false},"author":52,"featured_media":28497,"template":"","meta":{"_tec_requires_first_save":false,"_uag_custom_page_level_css":"","_monsterinsights_skip_tracking":false,"_monsterinsights_sitenote_active":false,"_monsterinsights_sitenote_note":"","_monsterinsights_sitenote_category":0,"_EventAllDay":false,"_EventTimezone":"America\/Guayaquil","_EventStartDate":"2025-12-13 09:30:00","_EventEndDate":"2025-12-13 10:30:00","_EventStartDateUTC":"2025-12-13 14:30:00","_EventEndDateUTC":"2025-12-13 15:30:00","_EventShowMap":false,"_EventShowMapLink":false,"_EventURL":"","_EventCost":"0","_EventCostDescription":"","_EventCurrencySymbol":"$0","_EventCurrencyCode":"USD","_EventCurrencyPosition":"prefix","_EventDateTimeSeparator":" @ ","_EventTimeRangeSeparator":" - ","_EventOrganizerID":[],"_EventVenueID":[17562],"_OrganizerEmail":"","_OrganizerPhone":"","_OrganizerWebsite":"","_VenueAddress":"","_VenueCity":"","_VenueCountry":"","_VenueProvince":"","_VenueState":"","_VenueZip":"","_VenuePhone":"","_VenueURL":"","_VenueStateProvince":"","_VenueLat":"","_VenueLng":"","_VenueShowMap":false,"_VenueShowMapLink":false,"_tribe_blocks_recurrence_rules":"","_tribe_blocks_recurrence_description":"","_tribe_blocks_recurrence_exclusions":"","cybocfi_hide_featured_image":"","_tribe_events_status":"","_tribe_events_status_reason":"","_tribe_events_is_hybrid":"","_tribe_events_is_virtual":"","_tribe_events_virtual_video_source":"","_tribe_events_virtual_embed_video":"","_tribe_events_virtual_linked_button_text":"","_tribe_events_virtual_linked_button":"","_tribe_events_virtual_show_embed_at":"","_tribe_events_virtual_show_embed_to":[],"_tribe_events_virtual_show_on_event":"","_tribe_events_virtual_show_on_views":"","_tribe_events_virtual_url":"","footnotes":""},"tags":[],"tribe_events_cat":[407,398],"class_list":["post-28496","tribe_events","type-tribe_events","status-publish","has-post-thumbnail","hentry","tribe_events_cat-biblioteca","tribe_events_cat-concierto","cat_biblioteca","cat_concierto"],"uagb_featured_image_src":{"full":["https:\/\/www.uartes.edu.ec\/sitio\/agua\/wp-content\/uploads\/sites\/7\/Gemini_Generated_Image_2iy6e72iy6e72iy6-e1765308687632.png",893,893,false],"thumbnail":["https:\/\/www.uartes.edu.ec\/sitio\/agua\/wp-content\/uploads\/sites\/7\/Gemini_Generated_Image_2iy6e72iy6e72iy6-e1765308687632-150x150.png",150,150,true],"medium":["https:\/\/www.uartes.edu.ec\/sitio\/agua\/wp-content\/uploads\/sites\/7\/Gemini_Generated_Image_2iy6e72iy6e72iy6-e1765308687632-400x400.png",400,400,true],"medium_large":["https:\/\/www.uartes.edu.ec\/sitio\/agua\/wp-content\/uploads\/sites\/7\/Gemini_Generated_Image_2iy6e72iy6e72iy6-e1765308687632-768x768.png",768,768,true],"large":["https:\/\/www.uartes.edu.ec\/sitio\/agua\/wp-content\/uploads\/sites\/7\/Gemini_Generated_Image_2iy6e72iy6e72iy6-e1765308687632-644x644.png",644,644,true],"1536x1536":["https:\/\/www.uartes.edu.ec\/sitio\/agua\/wp-content\/uploads\/sites\/7\/Gemini_Generated_Image_2iy6e72iy6e72iy6-e1765308687632.png",893,893,false],"2048x2048":["https:\/\/www.uartes.edu.ec\/sitio\/agua\/wp-content\/uploads\/sites\/7\/Gemini_Generated_Image_2iy6e72iy6e72iy6-e1765308687632.png",893,893,false],"gb-block-post-grid-landscape":["https:\/\/www.uartes.edu.ec\/sitio\/agua\/wp-content\/uploads\/sites\/7\/Gemini_Generated_Image_2iy6e72iy6e72iy6-e1765308687632-600x400.png",600,400,true],"gb-block-post-grid-square":["https:\/\/www.uartes.edu.ec\/sitio\/agua\/wp-content\/uploads\/sites\/7\/Gemini_Generated_Image_2iy6e72iy6e72iy6-e1765308687632-600x600.png",600,600,true]},"uagb_author_info":{"display_name":"mponguillo","author_link":"https:\/\/www.uartes.edu.ec\/sitio\/agua\/author\/mponguillo\/"},"uagb_comment_info":0,"uagb_excerpt":"\u00a1Vibra la Navidad!Te invitamos a disfrutar de una presentaci\u00f3n navide\u00f1a especial, llena de energ\u00eda, m\u00fasica y esp\u00edritu festivo. Bajo la direcci\u00f3n de Haylis Aguirre de la Escuela de Artes Sonoras, [&hellip;]","distributor_meta":false,"distributor_terms":false,"distributor_media":false,"distributor_original_site_name":"Agua","distributor_original_site_url":"https:\/\/www.uartes.edu.ec\/sitio\/agua","push-errors":false,"_links":{"self":[{"href":"https:\/\/www.uartes.edu.ec\/sitio\/agua\/wp-json\/wp\/v2\/tribe_events\/28496","targetHints":{"allow":["GET"]}}],"collection":[{"href":"https:\/\/www.uartes.edu.ec\/sitio\/agua\/wp-json\/wp\/v2\/tribe_events"}],"about":[{"href":"https:\/\/www.uartes.edu.ec\/sitio\/agua\/wp-json\/wp\/v2\/types\/tribe_events"}],"author":[{"embeddable":true,"href":"https:\/\/www.uartes.edu.ec\/sitio\/agua\/wp-json\/wp\/v2\/users\/52"}],"version-history":[{"count":1,"href":"https:\/\/www.uartes.edu.ec\/sitio\/agua\/wp-json\/wp\/v2\/tribe_events\/28496\/revisions"}],"predecessor-version":[{"id":28498,"href":"https:\/\/www.uartes.edu.ec\/sitio\/agua\/wp-json\/wp\/v2\/tribe_events\/28496\/revisions\/28498"}],"wp:featuredmedia":[{"embeddable":true,"href":"https:\/\/www.uartes.edu.ec\/sitio\/agua\/wp-json\/wp\/v2\/media\/28497"}],"wp:attachment":[{"href":"https:\/\/www.uartes.edu.ec\/sitio\/agua\/wp-json\/wp\/v2\/media?parent=28496"}],"wp:term":[{"taxonomy":"post_tag","embeddable":true,"href":"https:\/\/www.uartes.edu.ec\/sitio\/agua\/wp-json\/wp\/v2\/tags?post=28496"},{"taxonomy":"tribe_events_cat","embeddable":true,"href":"https:\/\/www.uartes.edu.ec\/sitio\/agua\/wp-json\/wp\/v2\/tribe_events_cat?post=28496"}],"curies":[{"name":"wp","href":"https:\/\/api.w.org\/{rel}","templated":true}]}}

Melodías de Navidad

<div  class="tribe-events-schedule tribe-clearfix" >
	<p class="tribe-events-schedule__datetime">
		<span class="tribe-events-schedule__date tribe-events-schedule__date--start">
			sábado, diciembre 13, 2025		</span>

					<span class="tribe-events-schedule__separator tribe-events-schedule__separator--date">
				 @ 			</span>
			<span class="tribe-events-schedule__time tribe-events-schedule__time--start">
				9:30 am			</span>
		
									<span class="tribe-events-schedule__separator tribe-events-schedule__separator--time">
					 &#8211; 				</span>
			
							<span class="tribe-events-schedule__time tribe-events-schedule__time--end">
					10:30 am				</span>
			
						</p>
</div>


<div  class="tribe-block tribe-block__event-price" >
			<span class="tribe-block__event-price__cost"> Gratuito </span>
		</div>


<div class="tribe-events-event-image"><img fetchpriority="high" decoding="async" width="893" height="893" src="https://www.uartes.edu.ec/sitio/agua/wp-content/uploads/sites/7/Gemini_Generated_Image_2iy6e72iy6e72iy6-e1765308687632.png" class="attachment-full size-full wp-post-image" alt="" srcset="https://www.uartes.edu.ec/sitio/agua/wp-content/uploads/sites/7/Gemini_Generated_Image_2iy6e72iy6e72iy6-e1765308687632.png 893w, https://www.uartes.edu.ec/sitio/agua/wp-content/uploads/sites/7/Gemini_Generated_Image_2iy6e72iy6e72iy6-e1765308687632-400x400.png 400w, https://www.uartes.edu.ec/sitio/agua/wp-content/uploads/sites/7/Gemini_Generated_Image_2iy6e72iy6e72iy6-e1765308687632-644x644.png 644w, https://www.uartes.edu.ec/sitio/agua/wp-content/uploads/sites/7/Gemini_Generated_Image_2iy6e72iy6e72iy6-e1765308687632-150x150.png 150w, https://www.uartes.edu.ec/sitio/agua/wp-content/uploads/sites/7/Gemini_Generated_Image_2iy6e72iy6e72iy6-e1765308687632-768x768.png 768w, https://www.uartes.edu.ec/sitio/agua/wp-content/uploads/sites/7/Gemini_Generated_Image_2iy6e72iy6e72iy6-e1765308687632-600x600.png 600w" sizes="(max-width: 893px) 100vw, 893px" /></div>


<p> ¡Vibra la Navidad!<br>Te invitamos a disfrutar de una <strong>presentación navideña especial</strong>, llena de energía, música y espíritu festivo.</p>



<p>Bajo la dirección de <strong>Haylis Aguirre</strong> de la Escuela de Artes Sonoras, vive una mañana distinta en la Sala Ría de la Biblioteca de las Artes.</p>



<p> <em>Un evento para compartir, disfrutar y dejarse llevar por la magia musical.</em></p>



<p></p>


<div  class="tribe-block tribe-block__venue tribe-clearfix tribe-block__venue--has-map" >
	
	
<div class="tribe-block__venue__meta">
	<div class="tribe-block__venue__name">
		<h3><a href="http://www.uartes.edu.ec/sitio/agua/biblioteca/ria/" title="Ría Sala infantil &#8211; Biblioteca de las Artes">Ría Sala infantil &#8211; Biblioteca de las Artes</a></h3>
	</div>

	
						<address class="tribe-block__venue__address">
				<span class="tribe-address">

<span class="tribe-street-address">Biblioteca de las Artes, Aguirre y Panamá esquina</span>
	
		<br>
		<span class="tribe-locality">Guayaquil</span><span class="tribe-delimiter">,</span>



	<span class="tribe-country-name">Ecuador</span>

</span>

									<a class="tribe-events-gmap" href="https://www.google.com/maps/search/?api=1&#038;query=-2.1939687079614%2C-79.881044763175" title="Haz clic para ver un mapa de Google" target="_blank" rel="noreferrer noopener">+ Google Map</a>							</address>
		
		
					<span class="tribe-block__venue__website"><a href="https://biblioteca.uartes.edu.ec" target="_self" rel="external">Ver el sitio web del Recinto</a></span><br />
			
	</div>
	
<div class="tribe-block__venue__map">
	
<iframe
  title="Iframe de Google Maps mostrando la dirección a Ría Sala infantil &#8211; Biblioteca de las Artes"
  aria-label="Mapa de ubicación del recinto"
  width="310px"
  height="256px"
  frameborder="0" style="border:0"
  src="https://www.google.com/maps/embed/v1/place?key=AIzaSyDNsicAsP6-VuGtAb1O9riI3oc_NOb7IOU&#038;q=Biblioteca+de+las+Artes%2C+Aguirre+y+Panam%C3%A1+esquina+Guayaquil+Ecuador+&#038;zoom=15" allowfullscreen>
</iframe>
</div>

	</div>

<p>¡Vibra la Navidad!Te invitamos a disfrutar de una presentación navideña especial, llena de energía, música y espíritu festivo. Bajo la dirección de Haylis Aguirre de la Escuela de Artes Sonoras, [&hellip;]</p>

¡Vibra la Navidad!Te invitamos a disfrutar de una presentación navideña especial, llena de energía, música y espíritu festivo. Bajo la dirección de Haylis Aguirre de la Escuela de Artes Sonoras, [&hellip;]
