{"id":28596,"date":"2026-01-13T16:59:27","date_gmt":"2026-01-13T21:59:27","guid":{"rendered":"https:\/\/www.uartes.edu.ec\/sitio\/agua\/?post_type=tribe_events&#038;p=28596"},"modified":"2026-01-13T16:59:33","modified_gmt":"2026-01-13T21:59:33","slug":"el-tesoro-de-la-montana","status":"publish","type":"tribe_events","link":"https:\/\/www.uartes.edu.ec\/sitio\/agua\/evento\/el-tesoro-de-la-montana\/","title":{"rendered":"El Tesoro de la Monta\u00f1a"},"content":{"rendered":"<div  class=\"tribe-events-schedule tribe-clearfix\" >\n\t<p class=\"tribe-events-schedule__datetime\">\n\t\t<span class=\"tribe-events-schedule__date tribe-events-schedule__date--start\">\n\t\t\tenero 17\t\t<\/span>\n\n\t\t\t\t\t<span class=\"tribe-events-schedule__separator tribe-events-schedule__separator--date\">\n\t\t\t\t @ \t\t\t<\/span>\n\t\t\t<span class=\"tribe-events-schedule__time tribe-events-schedule__time--start\">\n\t\t\t\t2:00 pm\t\t\t<\/span>\n\t\t\n\t\t\t\t\t\t\t\t\t<span class=\"tribe-events-schedule__separator tribe-events-schedule__separator--time\">\n\t\t\t\t\t &#8211; \t\t\t\t<\/span>\n\t\t\t\n\t\t\t\t\t\t\t<span class=\"tribe-events-schedule__time tribe-events-schedule__time--end\">\n\t\t\t\t\t3:30 pm\t\t\t\t<\/span>\n\t\t\t\n\t\t\t\t\t\t<\/p>\n<\/div>\n\n\n<div  class=\"tribe-block tribe-block__event-price\" >\n\t\t\t<span class=\"tribe-block__event-price__cost\"> Gratuito <\/span>\n\t\t<\/div>\n\n\n<div class=\"tribe-events-event-image\"><img fetchpriority=\"high\" decoding=\"async\" width=\"1024\" height=\"1024\" src=\"https:\/\/www.uartes.edu.ec\/sitio\/agua\/wp-content\/uploads\/sites\/7\/ChatGPT-Image-13-ene-2026-04_39_15-p.m.png\" class=\"attachment-full size-full wp-post-image\" alt=\"\" srcset=\"https:\/\/www.uartes.edu.ec\/sitio\/agua\/wp-content\/uploads\/sites\/7\/ChatGPT-Image-13-ene-2026-04_39_15-p.m.png 1024w, https:\/\/www.uartes.edu.ec\/sitio\/agua\/wp-content\/uploads\/sites\/7\/ChatGPT-Image-13-ene-2026-04_39_15-p.m-400x400.png 400w, https:\/\/www.uartes.edu.ec\/sitio\/agua\/wp-content\/uploads\/sites\/7\/ChatGPT-Image-13-ene-2026-04_39_15-p.m-644x644.png 644w, https:\/\/www.uartes.edu.ec\/sitio\/agua\/wp-content\/uploads\/sites\/7\/ChatGPT-Image-13-ene-2026-04_39_15-p.m-150x150.png 150w, https:\/\/www.uartes.edu.ec\/sitio\/agua\/wp-content\/uploads\/sites\/7\/ChatGPT-Image-13-ene-2026-04_39_15-p.m-768x768.png 768w, https:\/\/www.uartes.edu.ec\/sitio\/agua\/wp-content\/uploads\/sites\/7\/ChatGPT-Image-13-ene-2026-04_39_15-p.m-600x600.png 600w\" sizes=\"(max-width: 1024px) 100vw, 1024px\" \/><\/div>\n\n\n<p><strong>El Ba\u00fal Literario y Art\u00edstico<\/strong> te invita a vivir una gran aventura <\/p>\n\n\n\n<p>Ven a descubrir <strong>\u201cEl Tesoro de la Monta\u00f1a\u201d<\/strong> en una lectura llena de emoci\u00f3n, misterio y naturaleza. Juntos exploraremos los secretos que guarda el m\u00e1gico p\u00e1ramo <\/p>\n\n\n\n<p> \u00a1Y al finalizar la historia, te espera una actividad creativa para dejar volar tu imaginaci\u00f3n!<\/p>\n\n\n\n<p> <strong>Dirigido a ni\u00f1as y ni\u00f1os de 6 a 12 a\u00f1os<\/strong><br><strong>Gu\u00eda:<\/strong> Jacqueline Loor<\/p>\n\n\n<div  class=\"tribe-block tribe-block__venue tribe-clearfix tribe-block__venue--has-map\" >\n\t\n\t\n<div class=\"tribe-block__venue__meta\">\n\t<div class=\"tribe-block__venue__name\">\n\t\t<h3><a href=\"http:\/\/www.uartes.edu.ec\/sitio\/agua\/biblioteca\/ria\/\" title=\"R\u00eda Sala infantil &#8211; Biblioteca de las Artes\">R\u00eda Sala infantil &#8211; Biblioteca de las Artes<\/a><\/h3>\n\t<\/div>\n\n\t\n\t\t\t\t\t\t<address class=\"tribe-block__venue__address\">\n\t\t\t\t<span class=\"tribe-address\">\n\n<span class=\"tribe-street-address\">Biblioteca de las Artes, Aguirre y Panam\u00e1 esquina<\/span>\n\t\n\t\t<br>\n\t\t<span class=\"tribe-locality\">Guayaquil<\/span><span class=\"tribe-delimiter\">,<\/span>\n\n\n\n\t<span class=\"tribe-country-name\">Ecuador<\/span>\n\n<\/span>\n\n\t\t\t\t\t\t\t\t\t<a class=\"tribe-events-gmap\" href=\"https:\/\/www.google.com\/maps\/search\/?api=1&#038;query=-2.1939687079614%2C-79.881044763175\" title=\"Haz clic para ver un mapa de Google\" target=\"_blank\" rel=\"noreferrer noopener\">+ Google Map<\/a>\t\t\t\t\t\t\t<\/address>\n\t\t\n\t\t\n\t\t\t\t\t<span class=\"tribe-block__venue__website\"><a href=\"https:\/\/biblioteca.uartes.edu.ec\" target=\"_self\" rel=\"external\">Ver el sitio web del Recinto<\/a><\/span><br \/>\n\t\t\t\n\t<\/div>\n\t\n<div class=\"tribe-block__venue__map\">\n\t\n<iframe\n  title=\"Iframe de Google Maps mostrando la direcci\u00f3n a R\u00eda Sala infantil &#8211; Biblioteca de las Artes\"\n  aria-label=\"Mapa de ubicaci\u00f3n del recinto\"\n  width=\"310px\"\n  height=\"256px\"\n  frameborder=\"0\" style=\"border:0\"\n  src=\"https:\/\/www.google.com\/maps\/embed\/v1\/place?key=AIzaSyDNsicAsP6-VuGtAb1O9riI3oc_NOb7IOU&#038;q=Biblioteca+de+las+Artes%2C+Aguirre+y+Panam%C3%A1+esquina+Guayaquil+Ecuador+&#038;zoom=15\" allowfullscreen>\n<\/iframe>\n<\/div>\n\n\t<\/div>\n","protected":false},"excerpt":{"rendered":"<p>El Ba\u00fal Literario y Art\u00edstico te invita a vivir una gran aventura Ven a descubrir \u201cEl Tesoro de la Monta\u00f1a\u201d en una lectura llena de emoci\u00f3n, misterio y naturaleza. Juntos [&hellip;]<\/p>\n","protected":false},"author":52,"featured_media":28598,"template":"","meta":{"_tec_requires_first_save":false,"_uag_custom_page_level_css":"","_monsterinsights_skip_tracking":false,"_monsterinsights_sitenote_active":false,"_monsterinsights_sitenote_note":"","_monsterinsights_sitenote_category":0,"_EventAllDay":false,"_EventTimezone":"America\/Guayaquil","_EventStartDate":"2026-01-17 14:00:00","_EventEndDate":"2026-01-17 15:30:00","_EventStartDateUTC":"2026-01-17 19:00:00","_EventEndDateUTC":"2026-01-17 20:30:00","_EventShowMap":false,"_EventShowMapLink":false,"_EventURL":"","_EventCost":"0","_EventCostDescription":"","_EventCurrencySymbol":"$","_EventCurrencyCode":"USD","_EventCurrencyPosition":"prefix","_EventDateTimeSeparator":" @ ","_EventTimeRangeSeparator":" - ","_EventOrganizerID":[],"_EventVenueID":[17562],"_OrganizerEmail":"","_OrganizerPhone":"","_OrganizerWebsite":"","_VenueAddress":"","_VenueCity":"","_VenueCountry":"","_VenueProvince":"","_VenueState":"","_VenueZip":"","_VenuePhone":"","_VenueURL":"","_VenueStateProvince":"","_VenueLat":"","_VenueLng":"","_VenueShowMap":false,"_VenueShowMapLink":false,"_tribe_blocks_recurrence_rules":"","_tribe_blocks_recurrence_description":"","_tribe_blocks_recurrence_exclusions":"","cybocfi_hide_featured_image":"","_tribe_events_status":"","_tribe_events_status_reason":"","_tribe_events_is_hybrid":"","_tribe_events_is_virtual":"","_tribe_events_virtual_video_source":"","_tribe_events_virtual_embed_video":"","_tribe_events_virtual_linked_button_text":"","_tribe_events_virtual_linked_button":"","_tribe_events_virtual_show_embed_at":"","_tribe_events_virtual_show_embed_to":[],"_tribe_events_virtual_show_on_event":"","_tribe_events_virtual_show_on_views":"","_tribe_events_virtual_url":"","footnotes":""},"tags":[],"tribe_events_cat":[407,409,400],"class_list":["post-28596","tribe_events","type-tribe_events","status-publish","has-post-thumbnail","hentry","tribe_events_cat-biblioteca","tribe_events_cat-infantil","tribe_events_cat-literatura","cat_biblioteca","cat_infantil","cat_literatura"],"uagb_featured_image_src":{"full":["https:\/\/www.uartes.edu.ec\/sitio\/agua\/wp-content\/uploads\/sites\/7\/ChatGPT-Image-13-ene-2026-04_39_15-p.m.png",1024,1024,false],"thumbnail":["https:\/\/www.uartes.edu.ec\/sitio\/agua\/wp-content\/uploads\/sites\/7\/ChatGPT-Image-13-ene-2026-04_39_15-p.m-150x150.png",150,150,true],"medium":["https:\/\/www.uartes.edu.ec\/sitio\/agua\/wp-content\/uploads\/sites\/7\/ChatGPT-Image-13-ene-2026-04_39_15-p.m-400x400.png",400,400,true],"medium_large":["https:\/\/www.uartes.edu.ec\/sitio\/agua\/wp-content\/uploads\/sites\/7\/ChatGPT-Image-13-ene-2026-04_39_15-p.m-768x768.png",768,768,true],"large":["https:\/\/www.uartes.edu.ec\/sitio\/agua\/wp-content\/uploads\/sites\/7\/ChatGPT-Image-13-ene-2026-04_39_15-p.m-644x644.png",644,644,true],"1536x1536":["https:\/\/www.uartes.edu.ec\/sitio\/agua\/wp-content\/uploads\/sites\/7\/ChatGPT-Image-13-ene-2026-04_39_15-p.m.png",1024,1024,false],"2048x2048":["https:\/\/www.uartes.edu.ec\/sitio\/agua\/wp-content\/uploads\/sites\/7\/ChatGPT-Image-13-ene-2026-04_39_15-p.m.png",1024,1024,false],"gb-block-post-grid-landscape":["https:\/\/www.uartes.edu.ec\/sitio\/agua\/wp-content\/uploads\/sites\/7\/ChatGPT-Image-13-ene-2026-04_39_15-p.m-600x400.png",600,400,true],"gb-block-post-grid-square":["https:\/\/www.uartes.edu.ec\/sitio\/agua\/wp-content\/uploads\/sites\/7\/ChatGPT-Image-13-ene-2026-04_39_15-p.m-600x600.png",600,600,true]},"uagb_author_info":{"display_name":"mponguillo","author_link":"https:\/\/www.uartes.edu.ec\/sitio\/agua\/author\/mponguillo\/"},"uagb_comment_info":0,"uagb_excerpt":"El Ba\u00fal Literario y Art\u00edstico te invita a vivir una gran aventura Ven a descubrir \u201cEl Tesoro de la Monta\u00f1a\u201d en una lectura llena de emoci\u00f3n, misterio y naturaleza. Juntos [&hellip;]","distributor_meta":false,"distributor_terms":false,"distributor_media":false,"distributor_original_site_name":"Agua","distributor_original_site_url":"https:\/\/www.uartes.edu.ec\/sitio\/agua","push-errors":false,"_links":{"self":[{"href":"https:\/\/www.uartes.edu.ec\/sitio\/agua\/wp-json\/wp\/v2\/tribe_events\/28596","targetHints":{"allow":["GET"]}}],"collection":[{"href":"https:\/\/www.uartes.edu.ec\/sitio\/agua\/wp-json\/wp\/v2\/tribe_events"}],"about":[{"href":"https:\/\/www.uartes.edu.ec\/sitio\/agua\/wp-json\/wp\/v2\/types\/tribe_events"}],"author":[{"embeddable":true,"href":"https:\/\/www.uartes.edu.ec\/sitio\/agua\/wp-json\/wp\/v2\/users\/52"}],"version-history":[{"count":1,"href":"https:\/\/www.uartes.edu.ec\/sitio\/agua\/wp-json\/wp\/v2\/tribe_events\/28596\/revisions"}],"predecessor-version":[{"id":28599,"href":"https:\/\/www.uartes.edu.ec\/sitio\/agua\/wp-json\/wp\/v2\/tribe_events\/28596\/revisions\/28599"}],"wp:featuredmedia":[{"embeddable":true,"href":"https:\/\/www.uartes.edu.ec\/sitio\/agua\/wp-json\/wp\/v2\/media\/28598"}],"wp:attachment":[{"href":"https:\/\/www.uartes.edu.ec\/sitio\/agua\/wp-json\/wp\/v2\/media?parent=28596"}],"wp:term":[{"taxonomy":"post_tag","embeddable":true,"href":"https:\/\/www.uartes.edu.ec\/sitio\/agua\/wp-json\/wp\/v2\/tags?post=28596"},{"taxonomy":"tribe_events_cat","embeddable":true,"href":"https:\/\/www.uartes.edu.ec\/sitio\/agua\/wp-json\/wp\/v2\/tribe_events_cat?post=28596"}],"curies":[{"name":"wp","href":"https:\/\/api.w.org\/{rel}","templated":true}]}}

El Tesoro de la Montaña

<div  class="tribe-events-schedule tribe-clearfix" >
	<p class="tribe-events-schedule__datetime">
		<span class="tribe-events-schedule__date tribe-events-schedule__date--start">
			enero 17		</span>

					<span class="tribe-events-schedule__separator tribe-events-schedule__separator--date">
				 @ 			</span>
			<span class="tribe-events-schedule__time tribe-events-schedule__time--start">
				2:00 pm			</span>
		
									<span class="tribe-events-schedule__separator tribe-events-schedule__separator--time">
					 &#8211; 				</span>
			
							<span class="tribe-events-schedule__time tribe-events-schedule__time--end">
					3:30 pm				</span>
			
						</p>
</div>


<div  class="tribe-block tribe-block__event-price" >
			<span class="tribe-block__event-price__cost"> Gratuito </span>
		</div>


<div class="tribe-events-event-image"><img fetchpriority="high" decoding="async" width="1024" height="1024" src="https://www.uartes.edu.ec/sitio/agua/wp-content/uploads/sites/7/ChatGPT-Image-13-ene-2026-04_39_15-p.m.png" class="attachment-full size-full wp-post-image" alt="" srcset="https://www.uartes.edu.ec/sitio/agua/wp-content/uploads/sites/7/ChatGPT-Image-13-ene-2026-04_39_15-p.m.png 1024w, https://www.uartes.edu.ec/sitio/agua/wp-content/uploads/sites/7/ChatGPT-Image-13-ene-2026-04_39_15-p.m-400x400.png 400w, https://www.uartes.edu.ec/sitio/agua/wp-content/uploads/sites/7/ChatGPT-Image-13-ene-2026-04_39_15-p.m-644x644.png 644w, https://www.uartes.edu.ec/sitio/agua/wp-content/uploads/sites/7/ChatGPT-Image-13-ene-2026-04_39_15-p.m-150x150.png 150w, https://www.uartes.edu.ec/sitio/agua/wp-content/uploads/sites/7/ChatGPT-Image-13-ene-2026-04_39_15-p.m-768x768.png 768w, https://www.uartes.edu.ec/sitio/agua/wp-content/uploads/sites/7/ChatGPT-Image-13-ene-2026-04_39_15-p.m-600x600.png 600w" sizes="(max-width: 1024px) 100vw, 1024px" /></div>


<p><strong>El Baúl Literario y Artístico</strong> te invita a vivir una gran aventura </p>



<p>Ven a descubrir <strong>“El Tesoro de la Montaña”</strong> en una lectura llena de emoción, misterio y naturaleza. Juntos exploraremos los secretos que guarda el mágico páramo </p>



<p> ¡Y al finalizar la historia, te espera una actividad creativa para dejar volar tu imaginación!</p>



<p> <strong>Dirigido a niñas y niños de 6 a 12 años</strong><br><strong>Guía:</strong> Jacqueline Loor</p>


<div  class="tribe-block tribe-block__venue tribe-clearfix tribe-block__venue--has-map" >
	
	
<div class="tribe-block__venue__meta">
	<div class="tribe-block__venue__name">
		<h3><a href="http://www.uartes.edu.ec/sitio/agua/biblioteca/ria/" title="Ría Sala infantil &#8211; Biblioteca de las Artes">Ría Sala infantil &#8211; Biblioteca de las Artes</a></h3>
	</div>

	
						<address class="tribe-block__venue__address">
				<span class="tribe-address">

<span class="tribe-street-address">Biblioteca de las Artes, Aguirre y Panamá esquina</span>
	
		<br>
		<span class="tribe-locality">Guayaquil</span><span class="tribe-delimiter">,</span>



	<span class="tribe-country-name">Ecuador</span>

</span>

									<a class="tribe-events-gmap" href="https://www.google.com/maps/search/?api=1&#038;query=-2.1939687079614%2C-79.881044763175" title="Haz clic para ver un mapa de Google" target="_blank" rel="noreferrer noopener">+ Google Map</a>							</address>
		
		
					<span class="tribe-block__venue__website"><a href="https://biblioteca.uartes.edu.ec" target="_self" rel="external">Ver el sitio web del Recinto</a></span><br />
			
	</div>
	
<div class="tribe-block__venue__map">
	
<iframe
  title="Iframe de Google Maps mostrando la dirección a Ría Sala infantil &#8211; Biblioteca de las Artes"
  aria-label="Mapa de ubicación del recinto"
  width="310px"
  height="256px"
  frameborder="0" style="border:0"
  src="https://www.google.com/maps/embed/v1/place?key=AIzaSyDNsicAsP6-VuGtAb1O9riI3oc_NOb7IOU&#038;q=Biblioteca+de+las+Artes%2C+Aguirre+y+Panam%C3%A1+esquina+Guayaquil+Ecuador+&#038;zoom=15" allowfullscreen>
</iframe>
</div>

	</div>

<p>El Baúl Literario y Artístico te invita a vivir una gran aventura Ven a descubrir “El Tesoro de la Montaña” en una lectura llena de emoción, misterio y naturaleza. Juntos [&hellip;]</p>

El Baúl Literario y Artístico te invita a vivir una gran aventura Ven a descubrir “El Tesoro de la Montaña” en una lectura llena de emoción, misterio y naturaleza. Juntos [&hellip;]
