{"id":28682,"date":"2026-01-27T15:41:09","date_gmt":"2026-01-27T20:41:09","guid":{"rendered":"https:\/\/www.uartes.edu.ec\/sitio\/agua\/?post_type=tribe_events&#038;p=28682"},"modified":"2026-01-27T15:41:14","modified_gmt":"2026-01-27T20:41:14","slug":"que-arda-la-casa-edicion-xi","status":"publish","type":"tribe_events","link":"https:\/\/www.uartes.edu.ec\/sitio\/agua\/evento\/que-arda-la-casa-edicion-xi\/","title":{"rendered":"\u00a1Que arda la casa! edici\u00f3n XI"},"content":{"rendered":"<div  class=\"tribe-events-schedule tribe-clearfix\" >\n\t<p class=\"tribe-events-schedule__datetime\">\n\t\t<span class=\"tribe-events-schedule__date tribe-events-schedule__date--start\">\n\t\t\tenero 30\t\t<\/span>\n\n\t\t\t\t\t<span class=\"tribe-events-schedule__separator tribe-events-schedule__separator--date\">\n\t\t\t\t @ \t\t\t<\/span>\n\t\t\t<span class=\"tribe-events-schedule__time tribe-events-schedule__time--start\">\n\t\t\t\t10:30 am\t\t\t<\/span>\n\t\t\n\t\t\t\t\t\t\t\t\t<span class=\"tribe-events-schedule__separator tribe-events-schedule__separator--time\">\n\t\t\t\t\t &#8211; \t\t\t\t<\/span>\n\t\t\t\n\t\t\t\t\t\t\t<span class=\"tribe-events-schedule__time tribe-events-schedule__time--end\">\n\t\t\t\t\t6:30 pm\t\t\t\t<\/span>\n\t\t\t\n\t\t\t\t\t\t<\/p>\n<\/div>\n\n\n<div  class=\"tribe-block tribe-block__event-price\" >\n\t\t\t<span class=\"tribe-block__event-price__cost\"> Gratuito <\/span>\n\t\t<\/div>\n\n\n<div class=\"tribe-events-event-image\"><img fetchpriority=\"high\" decoding=\"async\" width=\"1000\" height=\"1000\" src=\"https:\/\/www.uartes.edu.ec\/sitio\/agua\/wp-content\/uploads\/sites\/7\/PAIS-PARA-CUENTISTAS-OFI-AGUA.jpg\" class=\"attachment-full size-full wp-post-image\" alt=\"\" srcset=\"https:\/\/www.uartes.edu.ec\/sitio\/agua\/wp-content\/uploads\/sites\/7\/PAIS-PARA-CUENTISTAS-OFI-AGUA.jpg 1000w, https:\/\/www.uartes.edu.ec\/sitio\/agua\/wp-content\/uploads\/sites\/7\/PAIS-PARA-CUENTISTAS-OFI-AGUA-400x400.jpg 400w, https:\/\/www.uartes.edu.ec\/sitio\/agua\/wp-content\/uploads\/sites\/7\/PAIS-PARA-CUENTISTAS-OFI-AGUA-644x644.jpg 644w, https:\/\/www.uartes.edu.ec\/sitio\/agua\/wp-content\/uploads\/sites\/7\/PAIS-PARA-CUENTISTAS-OFI-AGUA-150x150.jpg 150w, https:\/\/www.uartes.edu.ec\/sitio\/agua\/wp-content\/uploads\/sites\/7\/PAIS-PARA-CUENTISTAS-OFI-AGUA-768x768.jpg 768w, https:\/\/www.uartes.edu.ec\/sitio\/agua\/wp-content\/uploads\/sites\/7\/PAIS-PARA-CUENTISTAS-OFI-AGUA-600x600.jpg 600w\" sizes=\"(max-width: 1000px) 100vw, 1000px\" \/><\/div>\n\n\n<p><strong>\u00bfQu\u00e9 es?<\/strong><\/p>\n\n\n\n<p>Pa\u00eds para cuentistas son jornadas de di\u00e1logo sobre el relato ecuatoriano que obedecen a la pregunta \u00bfes Ecuador un lugar donde el g\u00e9nero cuento puede mantenerse y propagarse? Varios autores nacionales e internacionales han contestado esa pregunta por medio del relato de sus procesos creativos en di\u00e1logo con la comunidad universitaria y el p\u00fablico en general<\/p>\n\n\n\n<p><strong>Tem\u00e1tica de este a\u00f1o:<\/strong><\/p>\n\n\n\n<p>\u00a1Que arda la casa! edici\u00f3n XI dedicada a nuestros ex alumnos narradores.<\/p>\n\n\n\n<p><strong>Invitados:<\/strong><\/p>\n\n\n\n<p>Edmundo Paz Sold\u00e1n por medio de un di\u00e1logo virtual con Solage Rodr\u00edguez.<\/p>\n\n\n\n<p>Dalton Osorno en una conversaci\u00f3n con Manuel Flor y p\u00fablico en general.<\/p>\n\n\n\n<p>Ana Mar\u00eda Crespo, Damian Matailo, Jenniffer Zambrano, Rosita Quiroz, ex alumnos de nuestra instituci\u00f3n, quienes dialogar\u00e1n con el equipo del j\u00f3venes investigadores del Pa\u00eds para cuentistas.<\/p>\n\n\n\n<p><strong>Talleres de escritura:&nbsp;<\/strong><\/p>\n\n\n\n<p>La silla vac\u00eda. Taller de creaci\u00f3n de personajes con las mediadoras de escritura Paola Salazar y Cecibel Cortez.<\/p>\n\n\n\n<p><strong>Karaoke cortavenas<\/strong><\/p>\n\n\n\n<p>Cantar y llorara con la fiesta de karaoke en homenaje al divo de Juarez: Lo que se ve, no se pregunta don las karaoke Master Amaranta Santamar\u00eda y Valeria Martillo.<\/p>\n\n\n<div  class=\"tribe-block tribe-block__venue tribe-clearfix tribe-block__venue--has-map\" >\n\t\n\t\n<div class=\"tribe-block__venue__meta\">\n\t<div class=\"tribe-block__venue__name\">\n\t\t<h3><a href=\"http:\/\/www.uartes.edu.ec\/sitio\/agua\/biblioteca\/piso-1\/\" title=\"Piso 1 &#8211; Biblioteca de las Artes\">Piso 1 &#8211; Biblioteca de las Artes<\/a><\/h3>\n\t<\/div>\n\n\t\n\t\t\t\t\t\t<address class=\"tribe-block__venue__address\">\n\t\t\t\t<span class=\"tribe-address\">\n\n<span class=\"tribe-street-address\">Biblioteca de las Artes, Aguirre y Panam\u00e1 esquina<\/span>\n\t\n\t\t<br>\n\t\t<span class=\"tribe-locality\">Guayaquil<\/span><span class=\"tribe-delimiter\">,<\/span>\n\n\t<abbr class=\"tribe-region tribe-events-abbr\" title=\"Guayas\">Guayas<\/abbr>\n\n\n\t<span class=\"tribe-country-name\">Ecuador<\/span>\n\n<\/span>\n\n\t\t\t\t\t\t\t\t\t<a class=\"tribe-events-gmap\" href=\"https:\/\/www.google.com\/maps\/search\/?api=1&#038;query=-2.1939090085933%2C-79.881031486916\" title=\"Haz clic para ver un mapa de Google\" target=\"_blank\" rel=\"noreferrer noopener\">+ Google Map<\/a>\t\t\t\t\t\t\t<\/address>\n\t\t\n\t\t\n\t\t\t\t\t<span class=\"tribe-block__venue__website\"><a href=\"https:\/\/biblioteca.uartes.edu.ec\" target=\"_self\" rel=\"external\">Ver el sitio web del Recinto<\/a><\/span><br \/>\n\t\t\t\n\t<\/div>\n\t\n<div class=\"tribe-block__venue__map\">\n\t\n<iframe\n  title=\"Iframe de Google Maps mostrando la direcci\u00f3n a Piso 1 &#8211; Biblioteca de las Artes\"\n  aria-label=\"Mapa de ubicaci\u00f3n del recinto\"\n  width=\"310px\"\n  height=\"256px\"\n  frameborder=\"0\" style=\"border:0\"\n  src=\"https:\/\/www.google.com\/maps\/embed\/v1\/place?key=AIzaSyDNsicAsP6-VuGtAb1O9riI3oc_NOb7IOU&#038;q=Biblioteca+de+las+Artes%2C+Aguirre+y+Panam%C3%A1+esquina+Guayaquil+Guayas+Ecuador+&#038;zoom=15\" allowfullscreen>\n<\/iframe>\n<\/div>\n\n\t<\/div>\n","protected":false},"excerpt":{"rendered":"<p>\u00bfQu\u00e9 es? Pa\u00eds para cuentistas son jornadas de di\u00e1logo sobre el relato ecuatoriano que obedecen a la pregunta \u00bfes Ecuador un lugar donde el g\u00e9nero cuento puede mantenerse y propagarse? [&hellip;]<\/p>\n","protected":false},"author":1,"featured_media":28680,"template":"","meta":{"_tec_requires_first_save":false,"_uag_custom_page_level_css":"","_monsterinsights_skip_tracking":false,"_monsterinsights_sitenote_active":false,"_monsterinsights_sitenote_note":"","_monsterinsights_sitenote_category":0,"_EventAllDay":false,"_EventTimezone":"America\/Guayaquil","_EventStartDate":"2026-01-30 10:30:00","_EventEndDate":"2026-01-30 18:30:00","_EventStartDateUTC":"2026-01-30 15:30:00","_EventEndDateUTC":"2026-01-30 23:30:00","_EventShowMap":false,"_EventShowMapLink":false,"_EventURL":"","_EventCost":"0","_EventCostDescription":"","_EventCurrencySymbol":"$","_EventCurrencyCode":"USD","_EventCurrencyPosition":"prefix","_EventDateTimeSeparator":" @ ","_EventTimeRangeSeparator":" - ","_EventOrganizerID":[],"_EventVenueID":[18110],"_OrganizerEmail":"","_OrganizerPhone":"","_OrganizerWebsite":"","_VenueAddress":"","_VenueCity":"","_VenueCountry":"","_VenueProvince":"","_VenueState":"","_VenueZip":"","_VenuePhone":"","_VenueURL":"","_VenueStateProvince":"","_VenueLat":"","_VenueLng":"","_VenueShowMap":false,"_VenueShowMapLink":false,"_tribe_blocks_recurrence_rules":"","_tribe_blocks_recurrence_description":"","_tribe_blocks_recurrence_exclusions":"","cybocfi_hide_featured_image":"","_tribe_events_status":"","_tribe_events_status_reason":"","_tribe_events_is_hybrid":"","_tribe_events_is_virtual":"","_tribe_events_virtual_video_source":"","_tribe_events_virtual_embed_video":"","_tribe_events_virtual_linked_button_text":"","_tribe_events_virtual_linked_button":"","_tribe_events_virtual_show_embed_at":"","_tribe_events_virtual_show_embed_to":[],"_tribe_events_virtual_show_on_event":"","_tribe_events_virtual_show_on_views":"","_tribe_events_virtual_url":"","footnotes":""},"tags":[],"tribe_events_cat":[407,398,400,399],"class_list":["post-28682","tribe_events","type-tribe_events","status-publish","has-post-thumbnail","hentry","tribe_events_cat-biblioteca","tribe_events_cat-concierto","tribe_events_cat-literatura","tribe_events_cat-taller","cat_biblioteca","cat_concierto","cat_literatura","cat_taller"],"uagb_featured_image_src":{"full":["https:\/\/www.uartes.edu.ec\/sitio\/agua\/wp-content\/uploads\/sites\/7\/PAIS-PARA-CUENTISTAS-OFI-AGUA.jpg",1000,1000,false],"thumbnail":["https:\/\/www.uartes.edu.ec\/sitio\/agua\/wp-content\/uploads\/sites\/7\/PAIS-PARA-CUENTISTAS-OFI-AGUA-150x150.jpg",150,150,true],"medium":["https:\/\/www.uartes.edu.ec\/sitio\/agua\/wp-content\/uploads\/sites\/7\/PAIS-PARA-CUENTISTAS-OFI-AGUA-400x400.jpg",400,400,true],"medium_large":["https:\/\/www.uartes.edu.ec\/sitio\/agua\/wp-content\/uploads\/sites\/7\/PAIS-PARA-CUENTISTAS-OFI-AGUA-768x768.jpg",768,768,true],"large":["https:\/\/www.uartes.edu.ec\/sitio\/agua\/wp-content\/uploads\/sites\/7\/PAIS-PARA-CUENTISTAS-OFI-AGUA-644x644.jpg",644,644,true],"1536x1536":["https:\/\/www.uartes.edu.ec\/sitio\/agua\/wp-content\/uploads\/sites\/7\/PAIS-PARA-CUENTISTAS-OFI-AGUA.jpg",1000,1000,false],"2048x2048":["https:\/\/www.uartes.edu.ec\/sitio\/agua\/wp-content\/uploads\/sites\/7\/PAIS-PARA-CUENTISTAS-OFI-AGUA.jpg",1000,1000,false],"gb-block-post-grid-landscape":["https:\/\/www.uartes.edu.ec\/sitio\/agua\/wp-content\/uploads\/sites\/7\/PAIS-PARA-CUENTISTAS-OFI-AGUA-600x400.jpg",600,400,true],"gb-block-post-grid-square":["https:\/\/www.uartes.edu.ec\/sitio\/agua\/wp-content\/uploads\/sites\/7\/PAIS-PARA-CUENTISTAS-OFI-AGUA-600x600.jpg",600,600,true]},"uagb_author_info":{"display_name":"Universidad de las Artes","author_link":"https:\/\/www.uartes.edu.ec\/sitio\/agua\/author\/dircomadm\/"},"uagb_comment_info":0,"uagb_excerpt":"\u00bfQu\u00e9 es? Pa\u00eds para cuentistas son jornadas de di\u00e1logo sobre el relato ecuatoriano que obedecen a la pregunta \u00bfes Ecuador un lugar donde el g\u00e9nero cuento puede mantenerse y propagarse? [&hellip;]","distributor_meta":false,"distributor_terms":false,"distributor_media":false,"distributor_original_site_name":"Agua","distributor_original_site_url":"https:\/\/www.uartes.edu.ec\/sitio\/agua","push-errors":false,"_links":{"self":[{"href":"https:\/\/www.uartes.edu.ec\/sitio\/agua\/wp-json\/wp\/v2\/tribe_events\/28682","targetHints":{"allow":["GET"]}}],"collection":[{"href":"https:\/\/www.uartes.edu.ec\/sitio\/agua\/wp-json\/wp\/v2\/tribe_events"}],"about":[{"href":"https:\/\/www.uartes.edu.ec\/sitio\/agua\/wp-json\/wp\/v2\/types\/tribe_events"}],"author":[{"embeddable":true,"href":"https:\/\/www.uartes.edu.ec\/sitio\/agua\/wp-json\/wp\/v2\/users\/1"}],"version-history":[{"count":1,"href":"https:\/\/www.uartes.edu.ec\/sitio\/agua\/wp-json\/wp\/v2\/tribe_events\/28682\/revisions"}],"predecessor-version":[{"id":28683,"href":"https:\/\/www.uartes.edu.ec\/sitio\/agua\/wp-json\/wp\/v2\/tribe_events\/28682\/revisions\/28683"}],"wp:featuredmedia":[{"embeddable":true,"href":"https:\/\/www.uartes.edu.ec\/sitio\/agua\/wp-json\/wp\/v2\/media\/28680"}],"wp:attachment":[{"href":"https:\/\/www.uartes.edu.ec\/sitio\/agua\/wp-json\/wp\/v2\/media?parent=28682"}],"wp:term":[{"taxonomy":"post_tag","embeddable":true,"href":"https:\/\/www.uartes.edu.ec\/sitio\/agua\/wp-json\/wp\/v2\/tags?post=28682"},{"taxonomy":"tribe_events_cat","embeddable":true,"href":"https:\/\/www.uartes.edu.ec\/sitio\/agua\/wp-json\/wp\/v2\/tribe_events_cat?post=28682"}],"curies":[{"name":"wp","href":"https:\/\/api.w.org\/{rel}","templated":true}]}}

¡Que arda la casa! edición XI

<div  class="tribe-events-schedule tribe-clearfix" >
	<p class="tribe-events-schedule__datetime">
		<span class="tribe-events-schedule__date tribe-events-schedule__date--start">
			enero 30		</span>

					<span class="tribe-events-schedule__separator tribe-events-schedule__separator--date">
				 @ 			</span>
			<span class="tribe-events-schedule__time tribe-events-schedule__time--start">
				10:30 am			</span>
		
									<span class="tribe-events-schedule__separator tribe-events-schedule__separator--time">
					 &#8211; 				</span>
			
							<span class="tribe-events-schedule__time tribe-events-schedule__time--end">
					6:30 pm				</span>
			
						</p>
</div>


<div  class="tribe-block tribe-block__event-price" >
			<span class="tribe-block__event-price__cost"> Gratuito </span>
		</div>


<div class="tribe-events-event-image"><img fetchpriority="high" decoding="async" width="1000" height="1000" src="https://www.uartes.edu.ec/sitio/agua/wp-content/uploads/sites/7/PAIS-PARA-CUENTISTAS-OFI-AGUA.jpg" class="attachment-full size-full wp-post-image" alt="" srcset="https://www.uartes.edu.ec/sitio/agua/wp-content/uploads/sites/7/PAIS-PARA-CUENTISTAS-OFI-AGUA.jpg 1000w, https://www.uartes.edu.ec/sitio/agua/wp-content/uploads/sites/7/PAIS-PARA-CUENTISTAS-OFI-AGUA-400x400.jpg 400w, https://www.uartes.edu.ec/sitio/agua/wp-content/uploads/sites/7/PAIS-PARA-CUENTISTAS-OFI-AGUA-644x644.jpg 644w, https://www.uartes.edu.ec/sitio/agua/wp-content/uploads/sites/7/PAIS-PARA-CUENTISTAS-OFI-AGUA-150x150.jpg 150w, https://www.uartes.edu.ec/sitio/agua/wp-content/uploads/sites/7/PAIS-PARA-CUENTISTAS-OFI-AGUA-768x768.jpg 768w, https://www.uartes.edu.ec/sitio/agua/wp-content/uploads/sites/7/PAIS-PARA-CUENTISTAS-OFI-AGUA-600x600.jpg 600w" sizes="(max-width: 1000px) 100vw, 1000px" /></div>


<p><strong>¿Qué es?</strong></p>



<p>País para cuentistas son jornadas de diálogo sobre el relato ecuatoriano que obedecen a la pregunta ¿es Ecuador un lugar donde el género cuento puede mantenerse y propagarse? Varios autores nacionales e internacionales han contestado esa pregunta por medio del relato de sus procesos creativos en diálogo con la comunidad universitaria y el público en general</p>



<p><strong>Temática de este año:</strong></p>



<p>¡Que arda la casa! edición XI dedicada a nuestros ex alumnos narradores.</p>



<p><strong>Invitados:</strong></p>



<p>Edmundo Paz Soldán por medio de un diálogo virtual con Solage Rodríguez.</p>



<p>Dalton Osorno en una conversación con Manuel Flor y público en general.</p>



<p>Ana María Crespo, Damian Matailo, Jenniffer Zambrano, Rosita Quiroz, ex alumnos de nuestra institución, quienes dialogarán con el equipo del jóvenes investigadores del País para cuentistas.</p>



<p><strong>Talleres de escritura:&nbsp;</strong></p>



<p>La silla vacía. Taller de creación de personajes con las mediadoras de escritura Paola Salazar y Cecibel Cortez.</p>



<p><strong>Karaoke cortavenas</strong></p>



<p>Cantar y llorara con la fiesta de karaoke en homenaje al divo de Juarez: Lo que se ve, no se pregunta don las karaoke Master Amaranta Santamaría y Valeria Martillo.</p>


<div  class="tribe-block tribe-block__venue tribe-clearfix tribe-block__venue--has-map" >
	
	
<div class="tribe-block__venue__meta">
	<div class="tribe-block__venue__name">
		<h3><a href="http://www.uartes.edu.ec/sitio/agua/biblioteca/piso-1/" title="Piso 1 &#8211; Biblioteca de las Artes">Piso 1 &#8211; Biblioteca de las Artes</a></h3>
	</div>

	
						<address class="tribe-block__venue__address">
				<span class="tribe-address">

<span class="tribe-street-address">Biblioteca de las Artes, Aguirre y Panamá esquina</span>
	
		<br>
		<span class="tribe-locality">Guayaquil</span><span class="tribe-delimiter">,</span>

	<abbr class="tribe-region tribe-events-abbr" title="Guayas">Guayas</abbr>


	<span class="tribe-country-name">Ecuador</span>

</span>

									<a class="tribe-events-gmap" href="https://www.google.com/maps/search/?api=1&#038;query=-2.1939090085933%2C-79.881031486916" title="Haz clic para ver un mapa de Google" target="_blank" rel="noreferrer noopener">+ Google Map</a>							</address>
		
		
					<span class="tribe-block__venue__website"><a href="https://biblioteca.uartes.edu.ec" target="_self" rel="external">Ver el sitio web del Recinto</a></span><br />
			
	</div>
	
<div class="tribe-block__venue__map">
	
<iframe
  title="Iframe de Google Maps mostrando la dirección a Piso 1 &#8211; Biblioteca de las Artes"
  aria-label="Mapa de ubicación del recinto"
  width="310px"
  height="256px"
  frameborder="0" style="border:0"
  src="https://www.google.com/maps/embed/v1/place?key=AIzaSyDNsicAsP6-VuGtAb1O9riI3oc_NOb7IOU&#038;q=Biblioteca+de+las+Artes%2C+Aguirre+y+Panam%C3%A1+esquina+Guayaquil+Guayas+Ecuador+&#038;zoom=15" allowfullscreen>
</iframe>
</div>

	</div>

<p>¿Qué es? País para cuentistas son jornadas de diálogo sobre el relato ecuatoriano que obedecen a la pregunta ¿es Ecuador un lugar donde el género cuento puede mantenerse y propagarse? [&hellip;]</p>

¿Qué es? País para cuentistas son jornadas de diálogo sobre el relato ecuatoriano que obedecen a la pregunta ¿es Ecuador un lugar donde el género cuento puede mantenerse y propagarse? [&hellip;]
