{"id":28788,"date":"2026-02-03T12:18:41","date_gmt":"2026-02-03T17:18:41","guid":{"rendered":"https:\/\/www.uartes.edu.ec\/sitio\/agua\/?post_type=tribe_events&#038;p=28788"},"modified":"2026-02-03T12:18:43","modified_gmt":"2026-02-03T17:18:43","slug":"aula-abierta-eai-2025b","status":"publish","type":"tribe_events","link":"https:\/\/www.uartes.edu.ec\/sitio\/agua\/evento\/aula-abierta-eai-2025b\/","title":{"rendered":"Aula Abierta EAI 2025B"},"content":{"rendered":"<div  class=\"tribe-events-schedule tribe-clearfix\" >\n\t<p class=\"tribe-events-schedule__datetime\">\n\t\t<span class=\"tribe-events-schedule__date tribe-events-schedule__date--start\">\n\t\t\tfebrero 6\t\t<\/span>\n\n\t\t\t\t\t<span class=\"tribe-events-schedule__separator tribe-events-schedule__separator--date\">\n\t\t\t\t @ \t\t\t<\/span>\n\t\t\t<span class=\"tribe-events-schedule__time tribe-events-schedule__time--start\">\n\t\t\t\t9:00 am\t\t\t<\/span>\n\t\t\n\t\t\t\t\t\t\t\t\t<span class=\"tribe-events-schedule__separator tribe-events-schedule__separator--time\">\n\t\t\t\t\t &#8211; \t\t\t\t<\/span>\n\t\t\t\n\t\t\t\t\t\t\t<span class=\"tribe-events-schedule__time tribe-events-schedule__time--end\">\n\t\t\t\t\t12:30 pm\t\t\t\t<\/span>\n\t\t\t\n\t\t\t\t\t\t<\/p>\n<\/div>\n\n\n<div  class=\"tribe-block tribe-block__event-price\" >\n\t\t\t<span class=\"tribe-block__event-price__cost\"> Gratuito <\/span>\n\t\t<\/div>\n\n\n<div class=\"tribe-events-event-image\"><img fetchpriority=\"high\" decoding=\"async\" width=\"1024\" height=\"1024\" src=\"https:\/\/www.uartes.edu.ec\/sitio\/agua\/wp-content\/uploads\/sites\/7\/WhatsApp-Image-2026-02-02-at-12.19.29-e1770139084723.jpeg\" class=\"attachment-full size-full wp-post-image\" alt=\"\" srcset=\"https:\/\/www.uartes.edu.ec\/sitio\/agua\/wp-content\/uploads\/sites\/7\/WhatsApp-Image-2026-02-02-at-12.19.29-e1770139084723.jpeg 1024w, https:\/\/www.uartes.edu.ec\/sitio\/agua\/wp-content\/uploads\/sites\/7\/WhatsApp-Image-2026-02-02-at-12.19.29-e1770139084723-400x400.jpeg 400w, https:\/\/www.uartes.edu.ec\/sitio\/agua\/wp-content\/uploads\/sites\/7\/WhatsApp-Image-2026-02-02-at-12.19.29-e1770139084723-644x644.jpeg 644w, https:\/\/www.uartes.edu.ec\/sitio\/agua\/wp-content\/uploads\/sites\/7\/WhatsApp-Image-2026-02-02-at-12.19.29-e1770139084723-150x150.jpeg 150w, https:\/\/www.uartes.edu.ec\/sitio\/agua\/wp-content\/uploads\/sites\/7\/WhatsApp-Image-2026-02-02-at-12.19.29-e1770139084723-768x768.jpeg 768w, https:\/\/www.uartes.edu.ec\/sitio\/agua\/wp-content\/uploads\/sites\/7\/WhatsApp-Image-2026-02-02-at-12.19.29-e1770139084723-600x600.jpeg 600w\" sizes=\"(max-width: 1024px) 100vw, 1024px\" \/><\/div>\n\n\n<p><\/p>\n\n\n\n<p> El arte tambi\u00e9n ense\u00f1a, transforma y conecta.<\/p>\n\n\n\n<p>Te invitamos a la <strong>Muestra Pedag\u00f3gica de Fin de Semestre<\/strong> de las y los estudiantes de <strong>Educaci\u00f3n Art\u00edstica Intercultural (EAI)<\/strong>, donde se compartir\u00e1n procesos creativos, aprendizajes y experiencias construidas desde el arte.<\/p>\n\n\n\n<p>\u00a1Ven y s\u00e9 parte de este encuentro! <\/p>\n\n\n\n<hr class=\"wp-block-separator has-alpha-channel-opacity\" \/>\n\n\n\n<p><\/p>\n\n\n<div  class=\"tribe-block tribe-block__venue tribe-clearfix tribe-block__venue--has-map\" >\n\t\n\t\n<div class=\"tribe-block__venue__meta\">\n\t<div class=\"tribe-block__venue__name\">\n\t\t<h3><a href=\"http:\/\/www.uartes.edu.ec\/sitio\/agua\/biblioteca\/ria\/\" title=\"R\u00eda Sala infantil &#8211; Biblioteca de las Artes\">R\u00eda Sala infantil &#8211; Biblioteca de las Artes<\/a><\/h3>\n\t<\/div>\n\n\t\n\t\t\t\t\t\t<address class=\"tribe-block__venue__address\">\n\t\t\t\t<span class=\"tribe-address\">\n\n<span class=\"tribe-street-address\">Biblioteca de las Artes, Aguirre y Panam\u00e1 esquina<\/span>\n\t\n\t\t<br>\n\t\t<span class=\"tribe-locality\">Guayaquil<\/span><span class=\"tribe-delimiter\">,<\/span>\n\n\n\n\t<span class=\"tribe-country-name\">Ecuador<\/span>\n\n<\/span>\n\n\t\t\t\t\t\t\t\t\t<a class=\"tribe-events-gmap\" href=\"https:\/\/www.google.com\/maps\/search\/?api=1&#038;query=-2.1939687079614%2C-79.881044763175\" title=\"Haz clic para ver un mapa de Google\" target=\"_blank\" rel=\"noreferrer noopener\">+ Google Map<\/a>\t\t\t\t\t\t\t<\/address>\n\t\t\n\t\t\n\t\t\t\t\t<span class=\"tribe-block__venue__website\"><a href=\"https:\/\/biblioteca.uartes.edu.ec\" target=\"_self\" rel=\"external\">Ver el sitio web del Recinto<\/a><\/span><br \/>\n\t\t\t\n\t<\/div>\n\t\n<div class=\"tribe-block__venue__map\">\n\t\n<iframe\n  title=\"Iframe de Google Maps mostrando la direcci\u00f3n a R\u00eda Sala infantil &#8211; Biblioteca de las Artes\"\n  aria-label=\"Mapa de ubicaci\u00f3n del recinto\"\n  width=\"310px\"\n  height=\"256px\"\n  frameborder=\"0\" style=\"border:0\"\n  src=\"https:\/\/www.google.com\/maps\/embed\/v1\/place?key=AIzaSyDNsicAsP6-VuGtAb1O9riI3oc_NOb7IOU&#038;q=Biblioteca+de+las+Artes%2C+Aguirre+y+Panam%C3%A1+esquina+Guayaquil+Ecuador+&#038;zoom=15\" allowfullscreen>\n<\/iframe>\n<\/div>\n\n\t<\/div>\n\n\n\n<p><\/p>\n","protected":false},"excerpt":{"rendered":"<p>El arte tambi\u00e9n ense\u00f1a, transforma y conecta. Te invitamos a la Muestra Pedag\u00f3gica de Fin de Semestre de las y los estudiantes de Educaci\u00f3n Art\u00edstica Intercultural (EAI), donde se compartir\u00e1n [&hellip;]<\/p>\n","protected":false},"author":52,"featured_media":28789,"template":"","meta":{"_tec_requires_first_save":false,"_uag_custom_page_level_css":"","_monsterinsights_skip_tracking":false,"_monsterinsights_sitenote_active":false,"_monsterinsights_sitenote_note":"","_monsterinsights_sitenote_category":0,"_EventAllDay":false,"_EventTimezone":"America\/Guayaquil","_EventStartDate":"2026-02-06 09:00:00","_EventEndDate":"2026-02-06 12:30:00","_EventStartDateUTC":"2026-02-06 14:00:00","_EventEndDateUTC":"2026-02-06 17:30:00","_EventShowMap":false,"_EventShowMapLink":false,"_EventURL":"","_EventCost":"0","_EventCostDescription":"","_EventCurrencySymbol":"$","_EventCurrencyCode":"USD","_EventCurrencyPosition":"prefix","_EventDateTimeSeparator":" @ ","_EventTimeRangeSeparator":" - ","_EventOrganizerID":[],"_EventVenueID":[17562],"_OrganizerEmail":"","_OrganizerPhone":"","_OrganizerWebsite":"","_VenueAddress":"","_VenueCity":"","_VenueCountry":"","_VenueProvince":"","_VenueState":"","_VenueZip":"","_VenuePhone":"","_VenueURL":"","_VenueStateProvince":"","_VenueLat":"","_VenueLng":"","_VenueShowMap":false,"_VenueShowMapLink":false,"_tribe_blocks_recurrence_rules":"","_tribe_blocks_recurrence_description":"","_tribe_blocks_recurrence_exclusions":"","cybocfi_hide_featured_image":"","_tribe_events_status":"","_tribe_events_status_reason":"","_tribe_events_is_hybrid":"","_tribe_events_is_virtual":"","_tribe_events_virtual_video_source":"","_tribe_events_virtual_embed_video":"","_tribe_events_virtual_linked_button_text":"","_tribe_events_virtual_linked_button":"","_tribe_events_virtual_show_embed_at":"","_tribe_events_virtual_show_embed_to":[],"_tribe_events_virtual_show_on_event":"","_tribe_events_virtual_show_on_views":"","_tribe_events_virtual_url":"","footnotes":""},"tags":[],"tribe_events_cat":[402,407,403],"class_list":["post-28788","tribe_events","type-tribe_events","status-publish","has-post-thumbnail","hentry","tribe_events_cat-academico","tribe_events_cat-biblioteca","tribe_events_cat-encuentro","cat_academico","cat_biblioteca","cat_encuentro"],"uagb_featured_image_src":{"full":["https:\/\/www.uartes.edu.ec\/sitio\/agua\/wp-content\/uploads\/sites\/7\/WhatsApp-Image-2026-02-02-at-12.19.29-e1770139084723.jpeg",1024,1024,false],"thumbnail":["https:\/\/www.uartes.edu.ec\/sitio\/agua\/wp-content\/uploads\/sites\/7\/WhatsApp-Image-2026-02-02-at-12.19.29-e1770139084723-150x150.jpeg",150,150,true],"medium":["https:\/\/www.uartes.edu.ec\/sitio\/agua\/wp-content\/uploads\/sites\/7\/WhatsApp-Image-2026-02-02-at-12.19.29-e1770139084723-400x400.jpeg",400,400,true],"medium_large":["https:\/\/www.uartes.edu.ec\/sitio\/agua\/wp-content\/uploads\/sites\/7\/WhatsApp-Image-2026-02-02-at-12.19.29-e1770139084723-768x768.jpeg",768,768,true],"large":["https:\/\/www.uartes.edu.ec\/sitio\/agua\/wp-content\/uploads\/sites\/7\/WhatsApp-Image-2026-02-02-at-12.19.29-e1770139084723-644x644.jpeg",644,644,true],"1536x1536":["https:\/\/www.uartes.edu.ec\/sitio\/agua\/wp-content\/uploads\/sites\/7\/WhatsApp-Image-2026-02-02-at-12.19.29-e1770139084723.jpeg",1024,1024,false],"2048x2048":["https:\/\/www.uartes.edu.ec\/sitio\/agua\/wp-content\/uploads\/sites\/7\/WhatsApp-Image-2026-02-02-at-12.19.29-e1770139084723.jpeg",1024,1024,false],"gb-block-post-grid-landscape":["https:\/\/www.uartes.edu.ec\/sitio\/agua\/wp-content\/uploads\/sites\/7\/WhatsApp-Image-2026-02-02-at-12.19.29-e1770139084723-600x400.jpeg",600,400,true],"gb-block-post-grid-square":["https:\/\/www.uartes.edu.ec\/sitio\/agua\/wp-content\/uploads\/sites\/7\/WhatsApp-Image-2026-02-02-at-12.19.29-e1770139084723-600x600.jpeg",600,600,true]},"uagb_author_info":{"display_name":"mponguillo","author_link":"https:\/\/www.uartes.edu.ec\/sitio\/agua\/author\/mponguillo\/"},"uagb_comment_info":0,"uagb_excerpt":"El arte tambi\u00e9n ense\u00f1a, transforma y conecta. Te invitamos a la Muestra Pedag\u00f3gica de Fin de Semestre de las y los estudiantes de Educaci\u00f3n Art\u00edstica Intercultural (EAI), donde se compartir\u00e1n [&hellip;]","distributor_meta":false,"distributor_terms":false,"distributor_media":false,"distributor_original_site_name":"Agua","distributor_original_site_url":"https:\/\/www.uartes.edu.ec\/sitio\/agua","push-errors":false,"_links":{"self":[{"href":"https:\/\/www.uartes.edu.ec\/sitio\/agua\/wp-json\/wp\/v2\/tribe_events\/28788","targetHints":{"allow":["GET"]}}],"collection":[{"href":"https:\/\/www.uartes.edu.ec\/sitio\/agua\/wp-json\/wp\/v2\/tribe_events"}],"about":[{"href":"https:\/\/www.uartes.edu.ec\/sitio\/agua\/wp-json\/wp\/v2\/types\/tribe_events"}],"author":[{"embeddable":true,"href":"https:\/\/www.uartes.edu.ec\/sitio\/agua\/wp-json\/wp\/v2\/users\/52"}],"version-history":[{"count":1,"href":"https:\/\/www.uartes.edu.ec\/sitio\/agua\/wp-json\/wp\/v2\/tribe_events\/28788\/revisions"}],"predecessor-version":[{"id":28790,"href":"https:\/\/www.uartes.edu.ec\/sitio\/agua\/wp-json\/wp\/v2\/tribe_events\/28788\/revisions\/28790"}],"wp:featuredmedia":[{"embeddable":true,"href":"https:\/\/www.uartes.edu.ec\/sitio\/agua\/wp-json\/wp\/v2\/media\/28789"}],"wp:attachment":[{"href":"https:\/\/www.uartes.edu.ec\/sitio\/agua\/wp-json\/wp\/v2\/media?parent=28788"}],"wp:term":[{"taxonomy":"post_tag","embeddable":true,"href":"https:\/\/www.uartes.edu.ec\/sitio\/agua\/wp-json\/wp\/v2\/tags?post=28788"},{"taxonomy":"tribe_events_cat","embeddable":true,"href":"https:\/\/www.uartes.edu.ec\/sitio\/agua\/wp-json\/wp\/v2\/tribe_events_cat?post=28788"}],"curies":[{"name":"wp","href":"https:\/\/api.w.org\/{rel}","templated":true}]}}

<div  class="tribe-events-schedule tribe-clearfix" >
	<p class="tribe-events-schedule__datetime">
		<span class="tribe-events-schedule__date tribe-events-schedule__date--start">
			febrero 6		</span>

					<span class="tribe-events-schedule__separator tribe-events-schedule__separator--date">
				 @ 			</span>
			<span class="tribe-events-schedule__time tribe-events-schedule__time--start">
				9:00 am			</span>
		
									<span class="tribe-events-schedule__separator tribe-events-schedule__separator--time">
					 &#8211; 				</span>
			
							<span class="tribe-events-schedule__time tribe-events-schedule__time--end">
					12:30 pm				</span>
			
						</p>
</div>


<div  class="tribe-block tribe-block__event-price" >
			<span class="tribe-block__event-price__cost"> Gratuito </span>
		</div>


<div class="tribe-events-event-image"><img fetchpriority="high" decoding="async" width="1024" height="1024" src="https://www.uartes.edu.ec/sitio/agua/wp-content/uploads/sites/7/WhatsApp-Image-2026-02-02-at-12.19.29-e1770139084723.jpeg" class="attachment-full size-full wp-post-image" alt="" srcset="https://www.uartes.edu.ec/sitio/agua/wp-content/uploads/sites/7/WhatsApp-Image-2026-02-02-at-12.19.29-e1770139084723.jpeg 1024w, https://www.uartes.edu.ec/sitio/agua/wp-content/uploads/sites/7/WhatsApp-Image-2026-02-02-at-12.19.29-e1770139084723-400x400.jpeg 400w, https://www.uartes.edu.ec/sitio/agua/wp-content/uploads/sites/7/WhatsApp-Image-2026-02-02-at-12.19.29-e1770139084723-644x644.jpeg 644w, https://www.uartes.edu.ec/sitio/agua/wp-content/uploads/sites/7/WhatsApp-Image-2026-02-02-at-12.19.29-e1770139084723-150x150.jpeg 150w, https://www.uartes.edu.ec/sitio/agua/wp-content/uploads/sites/7/WhatsApp-Image-2026-02-02-at-12.19.29-e1770139084723-768x768.jpeg 768w, https://www.uartes.edu.ec/sitio/agua/wp-content/uploads/sites/7/WhatsApp-Image-2026-02-02-at-12.19.29-e1770139084723-600x600.jpeg 600w" sizes="(max-width: 1024px) 100vw, 1024px" /></div>


<p></p>



<p> El arte también enseña, transforma y conecta.</p>



<p>Te invitamos a la <strong>Muestra Pedagógica de Fin de Semestre</strong> de las y los estudiantes de <strong>Educación Artística Intercultural (EAI)</strong>, donde se compartirán procesos creativos, aprendizajes y experiencias construidas desde el arte.</p>



<p>¡Ven y sé parte de este encuentro! </p>



<hr class="wp-block-separator has-alpha-channel-opacity" />



<p></p>


<div  class="tribe-block tribe-block__venue tribe-clearfix tribe-block__venue--has-map" >
	
	
<div class="tribe-block__venue__meta">
	<div class="tribe-block__venue__name">
		<h3><a href="http://www.uartes.edu.ec/sitio/agua/biblioteca/ria/" title="Ría Sala infantil &#8211; Biblioteca de las Artes">Ría Sala infantil &#8211; Biblioteca de las Artes</a></h3>
	</div>

	
						<address class="tribe-block__venue__address">
				<span class="tribe-address">

<span class="tribe-street-address">Biblioteca de las Artes, Aguirre y Panamá esquina</span>
	
		<br>
		<span class="tribe-locality">Guayaquil</span><span class="tribe-delimiter">,</span>



	<span class="tribe-country-name">Ecuador</span>

</span>

									<a class="tribe-events-gmap" href="https://www.google.com/maps/search/?api=1&#038;query=-2.1939687079614%2C-79.881044763175" title="Haz clic para ver un mapa de Google" target="_blank" rel="noreferrer noopener">+ Google Map</a>							</address>
		
		
					<span class="tribe-block__venue__website"><a href="https://biblioteca.uartes.edu.ec" target="_self" rel="external">Ver el sitio web del Recinto</a></span><br />
			
	</div>
	
<div class="tribe-block__venue__map">
	
<iframe
  title="Iframe de Google Maps mostrando la dirección a Ría Sala infantil &#8211; Biblioteca de las Artes"
  aria-label="Mapa de ubicación del recinto"
  width="310px"
  height="256px"
  frameborder="0" style="border:0"
  src="https://www.google.com/maps/embed/v1/place?key=AIzaSyDNsicAsP6-VuGtAb1O9riI3oc_NOb7IOU&#038;q=Biblioteca+de+las+Artes%2C+Aguirre+y+Panam%C3%A1+esquina+Guayaquil+Ecuador+&#038;zoom=15" allowfullscreen>
</iframe>
</div>

	</div>



<p></p>

<p>El arte también enseña, transforma y conecta. Te invitamos a la Muestra Pedagógica de Fin de Semestre de las y los estudiantes de Educación Artística Intercultural (EAI), donde se compartirán [&hellip;]</p>

El arte también enseña, transforma y conecta. Te invitamos a la Muestra Pedagógica de Fin de Semestre de las y los estudiantes de Educación Artística Intercultural (EAI), donde se compartirán [&hellip;]
