{"id":28926,"date":"2026-02-24T11:59:12","date_gmt":"2026-02-24T16:59:12","guid":{"rendered":"https:\/\/www.uartes.edu.ec\/sitio\/agua\/?post_type=tribe_events&#038;p=28926"},"modified":"2026-03-13T09:28:48","modified_gmt":"2026-03-13T14:28:48","slug":"brama","status":"publish","type":"tribe_events","link":"https:\/\/www.uartes.edu.ec\/sitio\/agua\/evento\/brama\/","title":{"rendered":"Brama"},"content":{"rendered":"<div  class=\"tribe-events-schedule tribe-clearfix\" >\n\t<p class=\"tribe-events-schedule__datetime\">\n\t\t<span class=\"tribe-events-schedule__date tribe-events-schedule__date--start\">\n\t\t\tmarzo 27\t\t<\/span>\n\n\t\t\t\t\t<span class=\"tribe-events-schedule__separator tribe-events-schedule__separator--date\">\n\t\t\t\t @ \t\t\t<\/span>\n\t\t\t<span class=\"tribe-events-schedule__time tribe-events-schedule__time--start\">\n\t\t\t\t5:00 pm\t\t\t<\/span>\n\t\t\n\t\t\t\t\t\t\t\t\t<span class=\"tribe-events-schedule__separator tribe-events-schedule__separator--time\">\n\t\t\t\t\t &#8211; \t\t\t\t<\/span>\n\t\t\t\n\t\t\t\t\t\t\t<span class=\"tribe-events-schedule__time tribe-events-schedule__time--end\">\n\t\t\t\t\t6:30 pm\t\t\t\t<\/span>\n\t\t\t\n\t\t\t\t\t\t<\/p>\n<\/div>\n\n\n<div  class=\"tribe-block tribe-block__event-price\" >\n\t\t\t<span class=\"tribe-block__event-price__cost\"> Gratuito <\/span>\n\t\t<\/div>\n\n\n<div class=\"tribe-events-event-image\"><img fetchpriority=\"high\" decoding=\"async\" width=\"1000\" height=\"1000\" src=\"https:\/\/www.uartes.edu.ec\/sitio\/agua\/wp-content\/uploads\/sites\/7\/brama.jpg\" class=\"attachment-full size-full wp-post-image\" alt=\"\" srcset=\"https:\/\/www.uartes.edu.ec\/sitio\/agua\/wp-content\/uploads\/sites\/7\/brama.jpg 1000w, https:\/\/www.uartes.edu.ec\/sitio\/agua\/wp-content\/uploads\/sites\/7\/brama-400x400.jpg 400w, https:\/\/www.uartes.edu.ec\/sitio\/agua\/wp-content\/uploads\/sites\/7\/brama-644x644.jpg 644w, https:\/\/www.uartes.edu.ec\/sitio\/agua\/wp-content\/uploads\/sites\/7\/brama-150x150.jpg 150w, https:\/\/www.uartes.edu.ec\/sitio\/agua\/wp-content\/uploads\/sites\/7\/brama-768x768.jpg 768w, https:\/\/www.uartes.edu.ec\/sitio\/agua\/wp-content\/uploads\/sites\/7\/brama-600x600.jpg 600w\" sizes=\"(max-width: 1000px) 100vw, 1000px\" \/><\/div>\n\n\n<p><strong>Un viaje psicod\u00e9lico desde Francia hasta Guayaquil<\/strong><\/p>\n\n\n\n<p>Formado en 2019, <strong>BRAMA<\/strong> es un grupo de rock psicod\u00e9lico que mezcla energ\u00eda contempor\u00e1nea con ra\u00edces tradicionales. Su m\u00fasica se caracteriza por un sonido hipn\u00f3tico y solar, donde la guitarra, el bajo y la bater\u00eda dialogan con un instrumento poco com\u00fan y fascinante: la <strong>vielle \u00e0 roue<\/strong> (hurdy-gurdy), transformada aqu\u00ed en un \u00f3rgano el\u00e9ctrico que conduce a la trance colectiva.<\/p>\n\n\n\n<p><strong>La fuerza de una lengua ancestral<\/strong><\/p>\n\n\n\n<p>Lo que hace \u00fanico a BRAMA es que sus canciones est\u00e1n interpretadas en <strong>occitano<\/strong>, una lengua regional francesa que conecta la tradici\u00f3n popular con la modernidad. Para la juventud ecuatoriana, esta es una oportunidad de descubrir c\u00f3mo una lengua minoritaria puede convertirse en veh\u00edculo de creaci\u00f3n art\u00edstica contempor\u00e1nea, reivindicando diversidad cultural y resistencia po\u00e9tica.<\/p>\n\n\n\n<p><strong>Trayectoria internacional<\/strong><\/p>\n\n\n\n<p>Los integrantes de BRAMA provienen de universos musicales diversos: desde el rock progresivo y el metal extremo hasta las m\u00fasicas tradicionales de Europa y Am\u00e9rica Latina. Han participado en festivales de renombre como el <strong>Printemps de Bourges<\/strong>, <strong>Vieilles Charrues<\/strong> y <strong>Nuits de Fourvi\u00e8re<\/strong>, y su primer \u00e1lbum, grabado en 2023, ha sido aclamado por su mezcla de psicodelia, groove ritual y poes\u00eda incantatoria.<\/p>\n\n\n\n<p><strong>Una experiencia para la juventud ecuatoriana<\/strong><\/p>\n\n\n\n<p>El concierto promete ser una <strong>ceremonia musical<\/strong> en la que se cruzan la tarantela mediterr\u00e1nea y el rock\u2019n\u2019roll psicod\u00e9lico. BRAMA invita a los j\u00f3venes de Guayaquil a dejarse llevar por la energ\u00eda de su m\u00fasica, a bailar y a descubrir nuevas formas de expresi\u00f3n art\u00edstica que unen tradici\u00f3n y modernidad.<\/p>\n\n\n<div  class=\"tribe-block tribe-block__venue tribe-clearfix tribe-block__venue--has-map\" >\n\t\n\t\n<div class=\"tribe-block__venue__meta\">\n\t<div class=\"tribe-block__venue__name\">\n\t\t<h3><a href=\"http:\/\/www.uartes.edu.ec\/sitio\/agua\/mz14\/plaza-publica\/\" title=\"Plaza P\u00fablica\">Plaza P\u00fablica<\/a><\/h3>\n\t<\/div>\n\n\t\n\t\t\t\t\t\t<address class=\"tribe-block__venue__address\">\n\t\t\t\t<span class=\"tribe-address\">\n\n<span class=\"tribe-street-address\">MZ14, Panam\u00e1 y 9 de Octubre, esquina<\/span>\n\t\n\t\t<br>\n\t\t<span class=\"tribe-locality\">Guayaquil<\/span><span class=\"tribe-delimiter\">,<\/span>\n\n\t<abbr class=\"tribe-region tribe-events-abbr\" title=\"Guayas\">Guayas<\/abbr>\n\n\n\t<span class=\"tribe-country-name\">Ecuador<\/span>\n\n<\/span>\n\n\t\t\t\t\t\t\t\t\t<a class=\"tribe-events-gmap\" href=\"https:\/\/www.google.com\/maps\/search\/?api=1&#038;query=-2.192061169799%2C-79.880202669053\" title=\"Haz clic para ver un mapa de Google\" target=\"_blank\" rel=\"noreferrer noopener\">+ Google Map<\/a>\t\t\t\t\t\t\t<\/address>\n\t\t\n\t\t\n\t\t\t\n\t<\/div>\n\t\n<div class=\"tribe-block__venue__map\">\n\t\n<iframe\n  title=\"Iframe de Google Maps mostrando la direcci\u00f3n a Plaza P\u00fablica\"\n  aria-label=\"Mapa de ubicaci\u00f3n del recinto\"\n  width=\"310px\"\n  height=\"256px\"\n  frameborder=\"0\" style=\"border:0\"\n  src=\"https:\/\/www.google.com\/maps\/embed\/v1\/place?key=AIzaSyDNsicAsP6-VuGtAb1O9riI3oc_NOb7IOU&#038;q=MZ14%2C+Panam%C3%A1+y+9+de+Octubre%2C+esquina+Guayaquil+Guayas+Ecuador+&#038;zoom=15\" allowfullscreen>\n<\/iframe>\n<\/div>\n\n\t<\/div>\n\n\n\n<p><\/p>\n","protected":false},"excerpt":{"rendered":"<p>Un viaje psicod\u00e9lico desde Francia hasta Guayaquil Formado en 2019, BRAMA es un grupo de rock psicod\u00e9lico que mezcla energ\u00eda contempor\u00e1nea con ra\u00edces tradicionales. Su m\u00fasica se caracteriza por un [&hellip;]<\/p>\n","protected":false},"author":1,"featured_media":28992,"template":"","meta":{"_tec_requires_first_save":false,"_uag_custom_page_level_css":"","_monsterinsights_skip_tracking":false,"_monsterinsights_sitenote_active":false,"_monsterinsights_sitenote_note":"","_monsterinsights_sitenote_category":0,"_EventAllDay":false,"_EventTimezone":"America\/Guayaquil","_EventStartDate":"2026-03-27 17:00:00","_EventEndDate":"2026-03-27 18:30:00","_EventStartDateUTC":"2026-03-27 22:00:00","_EventEndDateUTC":"2026-03-27 23:30:00","_EventShowMap":false,"_EventShowMapLink":false,"_EventURL":"","_EventCost":"Gratuito","_EventCostDescription":"","_EventCurrencySymbol":"$","_EventCurrencyCode":"USD","_EventCurrencyPosition":"prefix","_EventDateTimeSeparator":" @ ","_EventTimeRangeSeparator":" - ","_EventOrganizerID":[],"_EventVenueID":[17058],"_OrganizerEmail":"","_OrganizerPhone":"","_OrganizerWebsite":"","_VenueAddress":"","_VenueCity":"","_VenueCountry":"","_VenueProvince":"","_VenueState":"","_VenueZip":"","_VenuePhone":"","_VenueURL":"","_VenueStateProvince":"","_VenueLat":"","_VenueLng":"","_VenueShowMap":false,"_VenueShowMapLink":false,"_tribe_blocks_recurrence_rules":"","_tribe_blocks_recurrence_description":"","_tribe_blocks_recurrence_exclusions":"","cybocfi_hide_featured_image":"","_tribe_events_status":"","_tribe_events_status_reason":"","_tribe_events_is_hybrid":"","_tribe_events_is_virtual":"","_tribe_events_virtual_video_source":"","_tribe_events_virtual_embed_video":"","_tribe_events_virtual_linked_button_text":"","_tribe_events_virtual_linked_button":"","_tribe_events_virtual_show_embed_at":"","_tribe_events_virtual_show_embed_to":[],"_tribe_events_virtual_show_on_event":"","_tribe_events_virtual_show_on_views":"","_tribe_events_virtual_url":"","footnotes":""},"tags":[],"tribe_events_cat":[398,406],"class_list":["post-28926","tribe_events","type-tribe_events","status-publish","has-post-thumbnail","hentry","tribe_events_cat-concierto","tribe_events_cat-mz14","cat_concierto","cat_mz14"],"uagb_featured_image_src":{"full":["https:\/\/www.uartes.edu.ec\/sitio\/agua\/wp-content\/uploads\/sites\/7\/brama.jpg",1000,1000,false],"thumbnail":["https:\/\/www.uartes.edu.ec\/sitio\/agua\/wp-content\/uploads\/sites\/7\/brama-150x150.jpg",150,150,true],"medium":["https:\/\/www.uartes.edu.ec\/sitio\/agua\/wp-content\/uploads\/sites\/7\/brama-400x400.jpg",400,400,true],"medium_large":["https:\/\/www.uartes.edu.ec\/sitio\/agua\/wp-content\/uploads\/sites\/7\/brama-768x768.jpg",768,768,true],"large":["https:\/\/www.uartes.edu.ec\/sitio\/agua\/wp-content\/uploads\/sites\/7\/brama-644x644.jpg",644,644,true],"1536x1536":["https:\/\/www.uartes.edu.ec\/sitio\/agua\/wp-content\/uploads\/sites\/7\/brama.jpg",1000,1000,false],"2048x2048":["https:\/\/www.uartes.edu.ec\/sitio\/agua\/wp-content\/uploads\/sites\/7\/brama.jpg",1000,1000,false],"gb-block-post-grid-landscape":["https:\/\/www.uartes.edu.ec\/sitio\/agua\/wp-content\/uploads\/sites\/7\/brama-600x400.jpg",600,400,true],"gb-block-post-grid-square":["https:\/\/www.uartes.edu.ec\/sitio\/agua\/wp-content\/uploads\/sites\/7\/brama-600x600.jpg",600,600,true]},"uagb_author_info":{"display_name":"Universidad de las Artes","author_link":"https:\/\/www.uartes.edu.ec\/sitio\/agua\/author\/dircomadm\/"},"uagb_comment_info":0,"uagb_excerpt":"Un viaje psicod\u00e9lico desde Francia hasta Guayaquil Formado en 2019, BRAMA es un grupo de rock psicod\u00e9lico que mezcla energ\u00eda contempor\u00e1nea con ra\u00edces tradicionales. Su m\u00fasica se caracteriza por un [&hellip;]","distributor_meta":false,"distributor_terms":false,"distributor_media":false,"distributor_original_site_name":"Agua","distributor_original_site_url":"https:\/\/www.uartes.edu.ec\/sitio\/agua","push-errors":false,"_links":{"self":[{"href":"https:\/\/www.uartes.edu.ec\/sitio\/agua\/wp-json\/wp\/v2\/tribe_events\/28926","targetHints":{"allow":["GET"]}}],"collection":[{"href":"https:\/\/www.uartes.edu.ec\/sitio\/agua\/wp-json\/wp\/v2\/tribe_events"}],"about":[{"href":"https:\/\/www.uartes.edu.ec\/sitio\/agua\/wp-json\/wp\/v2\/types\/tribe_events"}],"author":[{"embeddable":true,"href":"https:\/\/www.uartes.edu.ec\/sitio\/agua\/wp-json\/wp\/v2\/users\/1"}],"version-history":[{"count":3,"href":"https:\/\/www.uartes.edu.ec\/sitio\/agua\/wp-json\/wp\/v2\/tribe_events\/28926\/revisions"}],"predecessor-version":[{"id":28998,"href":"https:\/\/www.uartes.edu.ec\/sitio\/agua\/wp-json\/wp\/v2\/tribe_events\/28926\/revisions\/28998"}],"wp:featuredmedia":[{"embeddable":true,"href":"https:\/\/www.uartes.edu.ec\/sitio\/agua\/wp-json\/wp\/v2\/media\/28992"}],"wp:attachment":[{"href":"https:\/\/www.uartes.edu.ec\/sitio\/agua\/wp-json\/wp\/v2\/media?parent=28926"}],"wp:term":[{"taxonomy":"post_tag","embeddable":true,"href":"https:\/\/www.uartes.edu.ec\/sitio\/agua\/wp-json\/wp\/v2\/tags?post=28926"},{"taxonomy":"tribe_events_cat","embeddable":true,"href":"https:\/\/www.uartes.edu.ec\/sitio\/agua\/wp-json\/wp\/v2\/tribe_events_cat?post=28926"}],"curies":[{"name":"wp","href":"https:\/\/api.w.org\/{rel}","templated":true}]}}

<div  class="tribe-events-schedule tribe-clearfix" >
	<p class="tribe-events-schedule__datetime">
		<span class="tribe-events-schedule__date tribe-events-schedule__date--start">
			marzo 27		</span>

					<span class="tribe-events-schedule__separator tribe-events-schedule__separator--date">
				 @ 			</span>
			<span class="tribe-events-schedule__time tribe-events-schedule__time--start">
				5:00 pm			</span>
		
									<span class="tribe-events-schedule__separator tribe-events-schedule__separator--time">
					 &#8211; 				</span>
			
							<span class="tribe-events-schedule__time tribe-events-schedule__time--end">
					6:30 pm				</span>
			
						</p>
</div>


<div  class="tribe-block tribe-block__event-price" >
			<span class="tribe-block__event-price__cost"> Gratuito </span>
		</div>


<div class="tribe-events-event-image"><img fetchpriority="high" decoding="async" width="1000" height="1000" src="https://www.uartes.edu.ec/sitio/agua/wp-content/uploads/sites/7/brama.jpg" class="attachment-full size-full wp-post-image" alt="" srcset="https://www.uartes.edu.ec/sitio/agua/wp-content/uploads/sites/7/brama.jpg 1000w, https://www.uartes.edu.ec/sitio/agua/wp-content/uploads/sites/7/brama-400x400.jpg 400w, https://www.uartes.edu.ec/sitio/agua/wp-content/uploads/sites/7/brama-644x644.jpg 644w, https://www.uartes.edu.ec/sitio/agua/wp-content/uploads/sites/7/brama-150x150.jpg 150w, https://www.uartes.edu.ec/sitio/agua/wp-content/uploads/sites/7/brama-768x768.jpg 768w, https://www.uartes.edu.ec/sitio/agua/wp-content/uploads/sites/7/brama-600x600.jpg 600w" sizes="(max-width: 1000px) 100vw, 1000px" /></div>


<p><strong>Un viaje psicodélico desde Francia hasta Guayaquil</strong></p>



<p>Formado en 2019, <strong>BRAMA</strong> es un grupo de rock psicodélico que mezcla energía contemporánea con raíces tradicionales. Su música se caracteriza por un sonido hipnótico y solar, donde la guitarra, el bajo y la batería dialogan con un instrumento poco común y fascinante: la <strong>vielle à roue</strong> (hurdy-gurdy), transformada aquí en un órgano eléctrico que conduce a la trance colectiva.</p>



<p><strong>La fuerza de una lengua ancestral</strong></p>



<p>Lo que hace único a BRAMA es que sus canciones están interpretadas en <strong>occitano</strong>, una lengua regional francesa que conecta la tradición popular con la modernidad. Para la juventud ecuatoriana, esta es una oportunidad de descubrir cómo una lengua minoritaria puede convertirse en vehículo de creación artística contemporánea, reivindicando diversidad cultural y resistencia poética.</p>



<p><strong>Trayectoria internacional</strong></p>



<p>Los integrantes de BRAMA provienen de universos musicales diversos: desde el rock progresivo y el metal extremo hasta las músicas tradicionales de Europa y América Latina. Han participado en festivales de renombre como el <strong>Printemps de Bourges</strong>, <strong>Vieilles Charrues</strong> y <strong>Nuits de Fourvière</strong>, y su primer álbum, grabado en 2023, ha sido aclamado por su mezcla de psicodelia, groove ritual y poesía incantatoria.</p>



<p><strong>Una experiencia para la juventud ecuatoriana</strong></p>



<p>El concierto promete ser una <strong>ceremonia musical</strong> en la que se cruzan la tarantela mediterránea y el rock’n’roll psicodélico. BRAMA invita a los jóvenes de Guayaquil a dejarse llevar por la energía de su música, a bailar y a descubrir nuevas formas de expresión artística que unen tradición y modernidad.</p>


<div  class="tribe-block tribe-block__venue tribe-clearfix tribe-block__venue--has-map" >
	
	
<div class="tribe-block__venue__meta">
	<div class="tribe-block__venue__name">
		<h3><a href="http://www.uartes.edu.ec/sitio/agua/mz14/plaza-publica/" title="Plaza Pública">Plaza Pública</a></h3>
	</div>

	
						<address class="tribe-block__venue__address">
				<span class="tribe-address">

<span class="tribe-street-address">MZ14, Panamá y 9 de Octubre, esquina</span>
	
		<br>
		<span class="tribe-locality">Guayaquil</span><span class="tribe-delimiter">,</span>

	<abbr class="tribe-region tribe-events-abbr" title="Guayas">Guayas</abbr>


	<span class="tribe-country-name">Ecuador</span>

</span>

									<a class="tribe-events-gmap" href="https://www.google.com/maps/search/?api=1&#038;query=-2.192061169799%2C-79.880202669053" title="Haz clic para ver un mapa de Google" target="_blank" rel="noreferrer noopener">+ Google Map</a>							</address>
		
		
			
	</div>
	
<div class="tribe-block__venue__map">
	
<iframe
  title="Iframe de Google Maps mostrando la dirección a Plaza Pública"
  aria-label="Mapa de ubicación del recinto"
  width="310px"
  height="256px"
  frameborder="0" style="border:0"
  src="https://www.google.com/maps/embed/v1/place?key=AIzaSyDNsicAsP6-VuGtAb1O9riI3oc_NOb7IOU&#038;q=MZ14%2C+Panam%C3%A1+y+9+de+Octubre%2C+esquina+Guayaquil+Guayas+Ecuador+&#038;zoom=15" allowfullscreen>
</iframe>
</div>

	</div>



<p></p>

<p>Un viaje psicodélico desde Francia hasta Guayaquil Formado en 2019, BRAMA es un grupo de rock psicodélico que mezcla energía contemporánea con raíces tradicionales. Su música se caracteriza por un [&hellip;]</p>

Un viaje psicodélico desde Francia hasta Guayaquil Formado en 2019, BRAMA es un grupo de rock psicodélico que mezcla energía contemporánea con raíces tradicionales. Su música se caracteriza por un [&hellip;]
