{"id":28983,"date":"2026-03-05T12:47:58","date_gmt":"2026-03-05T17:47:58","guid":{"rendered":"https:\/\/www.uartes.edu.ec\/sitio\/agua\/?post_type=tribe_events&#038;p=28983"},"modified":"2026-03-05T12:48:30","modified_gmt":"2026-03-05T17:48:30","slug":"mujeres-historia-y-futuro-voces-y-desafios-para-el-siglo-xxi","status":"publish","type":"tribe_events","link":"https:\/\/www.uartes.edu.ec\/sitio\/agua\/evento\/mujeres-historia-y-futuro-voces-y-desafios-para-el-siglo-xxi\/","title":{"rendered":"Mujeres, Historia y Futuro: voces y desaf\u00edos para el siglo XXI"},"content":{"rendered":"<div  class=\"tribe-events-schedule tribe-clearfix\" >\n\t<p class=\"tribe-events-schedule__datetime\">\n\t\t<span class=\"tribe-events-schedule__date tribe-events-schedule__date--start\">\n\t\t\tmarzo 26\t\t<\/span>\n\n\t\t\t\t\t<span class=\"tribe-events-schedule__separator tribe-events-schedule__separator--date\">\n\t\t\t\t @ \t\t\t<\/span>\n\t\t\t<span class=\"tribe-events-schedule__time tribe-events-schedule__time--start\">\n\t\t\t\t8:00 am\t\t\t<\/span>\n\t\t\n\t\t\t\t\t\t\t\t\t<span class=\"tribe-events-schedule__separator tribe-events-schedule__separator--time\">\n\t\t\t\t\t &#8211; \t\t\t\t<\/span>\n\t\t\t\n\t\t\t\t\t\t\t<span class=\"tribe-events-schedule__time tribe-events-schedule__time--end\">\n\t\t\t\t\t5:00 pm\t\t\t\t<\/span>\n\t\t\t\n\t\t\t\t\t\t<\/p>\n<\/div>\n\n\n<div  class=\"tribe-block tribe-block__event-price\" >\n\t\t<\/div>\n\n\n<div class=\"tribe-events-event-image\"><img fetchpriority=\"high\" decoding=\"async\" width=\"1600\" height=\"1600\" src=\"https:\/\/www.uartes.edu.ec\/sitio\/agua\/wp-content\/uploads\/sites\/7\/WhatsApp-Image-2026-03-05-at-12.44.20.jpeg\" class=\"attachment-full size-full wp-post-image\" alt=\"\" srcset=\"https:\/\/www.uartes.edu.ec\/sitio\/agua\/wp-content\/uploads\/sites\/7\/WhatsApp-Image-2026-03-05-at-12.44.20.jpeg 1600w, https:\/\/www.uartes.edu.ec\/sitio\/agua\/wp-content\/uploads\/sites\/7\/WhatsApp-Image-2026-03-05-at-12.44.20-400x400.jpeg 400w, https:\/\/www.uartes.edu.ec\/sitio\/agua\/wp-content\/uploads\/sites\/7\/WhatsApp-Image-2026-03-05-at-12.44.20-644x644.jpeg 644w, https:\/\/www.uartes.edu.ec\/sitio\/agua\/wp-content\/uploads\/sites\/7\/WhatsApp-Image-2026-03-05-at-12.44.20-150x150.jpeg 150w, https:\/\/www.uartes.edu.ec\/sitio\/agua\/wp-content\/uploads\/sites\/7\/WhatsApp-Image-2026-03-05-at-12.44.20-768x768.jpeg 768w, https:\/\/www.uartes.edu.ec\/sitio\/agua\/wp-content\/uploads\/sites\/7\/WhatsApp-Image-2026-03-05-at-12.44.20-1536x1536.jpeg 1536w, https:\/\/www.uartes.edu.ec\/sitio\/agua\/wp-content\/uploads\/sites\/7\/WhatsApp-Image-2026-03-05-at-12.44.20-600x600.jpeg 600w\" sizes=\"(max-width: 1600px) 100vw, 1600px\" \/><\/div>\n\n\n<p>\u00a1Acomp\u00e1\u00f1anos en el conversatorio \u201cMujeres, Historia y Futuro: voces y desaf\u00edos para el siglo XXI\u201d!<\/p>\n\n\n\n<p> 26 de marzo<\/p>\n\n\n\n<p> 10:00 \u2013 12:00<\/p>\n\n\n\n<p>Panelistas de comunicaci\u00f3n social, historia, sociolog\u00eda, arte y juventud reflexionar\u00e1n sobre los aportes y retos de las mujeres en el Ecuador.<\/p>\n\n\n\n<p>Tambi\u00e9n tendremos poes\u00eda y m\u00fasica en vivo <\/p>\n\n\n\n<p>\u00bfList@ para alzar tu voz y ser parte del cambio?  Cu\u00e9ntanos en los comentarios qu\u00e9 desaf\u00edo crees m\u00e1s urgente <\/p>\n\n\n\n<p>Dale like y  comparte para seguir impulsando la igualdad<\/p>\n\n\n\n<p>#MujeresYFuturo #HistoriaViva #ArteYReflexi\u00f3n<\/p>\n\n\n<div  class=\"tribe-block tribe-block__venue tribe-clearfix tribe-block__venue--has-map\" >\n\t\n\t\n<div class=\"tribe-block__venue__meta\">\n\t<div class=\"tribe-block__venue__name\">\n\t\t<h3><a href=\"http:\/\/www.uartes.edu.ec\/sitio\/agua\/biblioteca\/piso-1\/\" title=\"Piso 1 &#8211; Biblioteca de las Artes\">Piso 1 &#8211; Biblioteca de las Artes<\/a><\/h3>\n\t<\/div>\n\n\t\n\t\t\t\t\t\t<address class=\"tribe-block__venue__address\">\n\t\t\t\t<span class=\"tribe-address\">\n\n<span class=\"tribe-street-address\">Biblioteca de las Artes, Aguirre y Panam\u00e1 esquina<\/span>\n\t\n\t\t<br>\n\t\t<span class=\"tribe-locality\">Guayaquil<\/span><span class=\"tribe-delimiter\">,<\/span>\n\n\t<abbr class=\"tribe-region tribe-events-abbr\" title=\"Guayas\">Guayas<\/abbr>\n\n\n\t<span class=\"tribe-country-name\">Ecuador<\/span>\n\n<\/span>\n\n\t\t\t\t\t\t\t\t\t<a class=\"tribe-events-gmap\" href=\"https:\/\/www.google.com\/maps\/search\/?api=1&#038;query=-2.1939090085933%2C-79.881031486916\" title=\"Haz clic para ver un mapa de Google\" target=\"_blank\" rel=\"noreferrer noopener\">+ Google Map<\/a>\t\t\t\t\t\t\t<\/address>\n\t\t\n\t\t\n\t\t\t\t\t<span class=\"tribe-block__venue__website\"><a href=\"https:\/\/biblioteca.uartes.edu.ec\" target=\"_self\" rel=\"external\">Ver el sitio web del Recinto<\/a><\/span><br \/>\n\t\t\t\n\t<\/div>\n\t\n<div class=\"tribe-block__venue__map\">\n\t\n<iframe\n  title=\"Iframe de Google Maps mostrando la direcci\u00f3n a Piso 1 &#8211; Biblioteca de las Artes\"\n  aria-label=\"Mapa de ubicaci\u00f3n del recinto\"\n  width=\"310px\"\n  height=\"256px\"\n  frameborder=\"0\" style=\"border:0\"\n  src=\"https:\/\/www.google.com\/maps\/embed\/v1\/place?key=AIzaSyDNsicAsP6-VuGtAb1O9riI3oc_NOb7IOU&#038;q=Biblioteca+de+las+Artes%2C+Aguirre+y+Panam%C3%A1+esquina+Guayaquil+Guayas+Ecuador+&#038;zoom=15\" allowfullscreen>\n<\/iframe>\n<\/div>\n\n\t<\/div>\n","protected":false},"excerpt":{"rendered":"<p>\u00a1Acomp\u00e1\u00f1anos en el conversatorio \u201cMujeres, Historia y Futuro: voces y desaf\u00edos para el siglo XXI\u201d! 26 de marzo 10:00 \u2013 12:00 Panelistas de comunicaci\u00f3n social, historia, sociolog\u00eda, arte y juventud [&hellip;]<\/p>\n","protected":false},"author":52,"featured_media":28984,"template":"","meta":{"_tec_requires_first_save":false,"_uag_custom_page_level_css":"","_monsterinsights_skip_tracking":false,"_monsterinsights_sitenote_active":false,"_monsterinsights_sitenote_note":"","_monsterinsights_sitenote_category":0,"_EventAllDay":false,"_EventTimezone":"America\/Guayaquil","_EventStartDate":"2026-03-26 08:00:00","_EventEndDate":"2026-03-26 17:00:00","_EventStartDateUTC":"2026-03-26 13:00:00","_EventEndDateUTC":"2026-03-26 22:00:00","_EventShowMap":false,"_EventShowMapLink":false,"_EventURL":"","_EventCost":"","_EventCostDescription":"","_EventCurrencySymbol":"$","_EventCurrencyCode":"USD","_EventCurrencyPosition":"prefix","_EventDateTimeSeparator":" @ ","_EventTimeRangeSeparator":" - ","_EventOrganizerID":[],"_EventVenueID":[18110],"_OrganizerEmail":"","_OrganizerPhone":"","_OrganizerWebsite":"","_VenueAddress":"","_VenueCity":"","_VenueCountry":"","_VenueProvince":"","_VenueState":"","_VenueZip":"","_VenuePhone":"","_VenueURL":"","_VenueStateProvince":"","_VenueLat":"","_VenueLng":"","_VenueShowMap":false,"_VenueShowMapLink":false,"_tribe_blocks_recurrence_rules":"","_tribe_blocks_recurrence_description":"","_tribe_blocks_recurrence_exclusions":"","cybocfi_hide_featured_image":"","_tribe_events_status":"","_tribe_events_status_reason":"","_tribe_events_is_hybrid":"","_tribe_events_is_virtual":"","_tribe_events_virtual_video_source":"","_tribe_events_virtual_embed_video":"","_tribe_events_virtual_linked_button_text":"","_tribe_events_virtual_linked_button":"","_tribe_events_virtual_show_embed_at":"","_tribe_events_virtual_show_embed_to":[],"_tribe_events_virtual_show_on_event":"","_tribe_events_virtual_show_on_views":"","_tribe_events_virtual_url":"","footnotes":""},"tags":[],"tribe_events_cat":[402,407,403],"class_list":["post-28983","tribe_events","type-tribe_events","status-publish","has-post-thumbnail","hentry","tribe_events_cat-academico","tribe_events_cat-biblioteca","tribe_events_cat-encuentro","cat_academico","cat_biblioteca","cat_encuentro"],"uagb_featured_image_src":{"full":["https:\/\/www.uartes.edu.ec\/sitio\/agua\/wp-content\/uploads\/sites\/7\/WhatsApp-Image-2026-03-05-at-12.44.20.jpeg",1600,1600,false],"thumbnail":["https:\/\/www.uartes.edu.ec\/sitio\/agua\/wp-content\/uploads\/sites\/7\/WhatsApp-Image-2026-03-05-at-12.44.20-150x150.jpeg",150,150,true],"medium":["https:\/\/www.uartes.edu.ec\/sitio\/agua\/wp-content\/uploads\/sites\/7\/WhatsApp-Image-2026-03-05-at-12.44.20-400x400.jpeg",400,400,true],"medium_large":["https:\/\/www.uartes.edu.ec\/sitio\/agua\/wp-content\/uploads\/sites\/7\/WhatsApp-Image-2026-03-05-at-12.44.20-768x768.jpeg",768,768,true],"large":["https:\/\/www.uartes.edu.ec\/sitio\/agua\/wp-content\/uploads\/sites\/7\/WhatsApp-Image-2026-03-05-at-12.44.20-644x644.jpeg",644,644,true],"1536x1536":["https:\/\/www.uartes.edu.ec\/sitio\/agua\/wp-content\/uploads\/sites\/7\/WhatsApp-Image-2026-03-05-at-12.44.20-1536x1536.jpeg",1536,1536,true],"2048x2048":["https:\/\/www.uartes.edu.ec\/sitio\/agua\/wp-content\/uploads\/sites\/7\/WhatsApp-Image-2026-03-05-at-12.44.20.jpeg",1600,1600,false],"gb-block-post-grid-landscape":["https:\/\/www.uartes.edu.ec\/sitio\/agua\/wp-content\/uploads\/sites\/7\/WhatsApp-Image-2026-03-05-at-12.44.20-600x400.jpeg",600,400,true],"gb-block-post-grid-square":["https:\/\/www.uartes.edu.ec\/sitio\/agua\/wp-content\/uploads\/sites\/7\/WhatsApp-Image-2026-03-05-at-12.44.20-600x600.jpeg",600,600,true]},"uagb_author_info":{"display_name":"mponguillo","author_link":"https:\/\/www.uartes.edu.ec\/sitio\/agua\/author\/mponguillo\/"},"uagb_comment_info":0,"uagb_excerpt":"\u00a1Acomp\u00e1\u00f1anos en el conversatorio \u201cMujeres, Historia y Futuro: voces y desaf\u00edos para el siglo XXI\u201d! 26 de marzo 10:00 \u2013 12:00 Panelistas de comunicaci\u00f3n social, historia, sociolog\u00eda, arte y juventud [&hellip;]","distributor_meta":false,"distributor_terms":false,"distributor_media":false,"distributor_original_site_name":"Agua","distributor_original_site_url":"https:\/\/www.uartes.edu.ec\/sitio\/agua","push-errors":false,"_links":{"self":[{"href":"https:\/\/www.uartes.edu.ec\/sitio\/agua\/wp-json\/wp\/v2\/tribe_events\/28983","targetHints":{"allow":["GET"]}}],"collection":[{"href":"https:\/\/www.uartes.edu.ec\/sitio\/agua\/wp-json\/wp\/v2\/tribe_events"}],"about":[{"href":"https:\/\/www.uartes.edu.ec\/sitio\/agua\/wp-json\/wp\/v2\/types\/tribe_events"}],"author":[{"embeddable":true,"href":"https:\/\/www.uartes.edu.ec\/sitio\/agua\/wp-json\/wp\/v2\/users\/52"}],"version-history":[{"count":1,"href":"https:\/\/www.uartes.edu.ec\/sitio\/agua\/wp-json\/wp\/v2\/tribe_events\/28983\/revisions"}],"predecessor-version":[{"id":28985,"href":"https:\/\/www.uartes.edu.ec\/sitio\/agua\/wp-json\/wp\/v2\/tribe_events\/28983\/revisions\/28985"}],"wp:featuredmedia":[{"embeddable":true,"href":"https:\/\/www.uartes.edu.ec\/sitio\/agua\/wp-json\/wp\/v2\/media\/28984"}],"wp:attachment":[{"href":"https:\/\/www.uartes.edu.ec\/sitio\/agua\/wp-json\/wp\/v2\/media?parent=28983"}],"wp:term":[{"taxonomy":"post_tag","embeddable":true,"href":"https:\/\/www.uartes.edu.ec\/sitio\/agua\/wp-json\/wp\/v2\/tags?post=28983"},{"taxonomy":"tribe_events_cat","embeddable":true,"href":"https:\/\/www.uartes.edu.ec\/sitio\/agua\/wp-json\/wp\/v2\/tribe_events_cat?post=28983"}],"curies":[{"name":"wp","href":"https:\/\/api.w.org\/{rel}","templated":true}]}}

Mujeres, Historia y Futuro: voces y desafíos para el siglo XXI

<div  class="tribe-events-schedule tribe-clearfix" >
	<p class="tribe-events-schedule__datetime">
		<span class="tribe-events-schedule__date tribe-events-schedule__date--start">
			marzo 26		</span>

					<span class="tribe-events-schedule__separator tribe-events-schedule__separator--date">
				 @ 			</span>
			<span class="tribe-events-schedule__time tribe-events-schedule__time--start">
				8:00 am			</span>
		
									<span class="tribe-events-schedule__separator tribe-events-schedule__separator--time">
					 &#8211; 				</span>
			
							<span class="tribe-events-schedule__time tribe-events-schedule__time--end">
					5:00 pm				</span>
			
						</p>
</div>


<div  class="tribe-block tribe-block__event-price" >
		</div>


<div class="tribe-events-event-image"><img fetchpriority="high" decoding="async" width="1600" height="1600" src="https://www.uartes.edu.ec/sitio/agua/wp-content/uploads/sites/7/WhatsApp-Image-2026-03-05-at-12.44.20.jpeg" class="attachment-full size-full wp-post-image" alt="" srcset="https://www.uartes.edu.ec/sitio/agua/wp-content/uploads/sites/7/WhatsApp-Image-2026-03-05-at-12.44.20.jpeg 1600w, https://www.uartes.edu.ec/sitio/agua/wp-content/uploads/sites/7/WhatsApp-Image-2026-03-05-at-12.44.20-400x400.jpeg 400w, https://www.uartes.edu.ec/sitio/agua/wp-content/uploads/sites/7/WhatsApp-Image-2026-03-05-at-12.44.20-644x644.jpeg 644w, https://www.uartes.edu.ec/sitio/agua/wp-content/uploads/sites/7/WhatsApp-Image-2026-03-05-at-12.44.20-150x150.jpeg 150w, https://www.uartes.edu.ec/sitio/agua/wp-content/uploads/sites/7/WhatsApp-Image-2026-03-05-at-12.44.20-768x768.jpeg 768w, https://www.uartes.edu.ec/sitio/agua/wp-content/uploads/sites/7/WhatsApp-Image-2026-03-05-at-12.44.20-1536x1536.jpeg 1536w, https://www.uartes.edu.ec/sitio/agua/wp-content/uploads/sites/7/WhatsApp-Image-2026-03-05-at-12.44.20-600x600.jpeg 600w" sizes="(max-width: 1600px) 100vw, 1600px" /></div>


<p>¡Acompáñanos en el conversatorio “Mujeres, Historia y Futuro: voces y desafíos para el siglo XXI”!</p>



<p> 26 de marzo</p>



<p> 10:00 – 12:00</p>



<p>Panelistas de comunicación social, historia, sociología, arte y juventud reflexionarán sobre los aportes y retos de las mujeres en el Ecuador.</p>



<p>También tendremos poesía y música en vivo </p>



<p>¿List@ para alzar tu voz y ser parte del cambio?  Cuéntanos en los comentarios qué desafío crees más urgente </p>



<p>Dale like y  comparte para seguir impulsando la igualdad</p>



<p>#MujeresYFuturo #HistoriaViva #ArteYReflexión</p>


<div  class="tribe-block tribe-block__venue tribe-clearfix tribe-block__venue--has-map" >
	
	
<div class="tribe-block__venue__meta">
	<div class="tribe-block__venue__name">
		<h3><a href="http://www.uartes.edu.ec/sitio/agua/biblioteca/piso-1/" title="Piso 1 &#8211; Biblioteca de las Artes">Piso 1 &#8211; Biblioteca de las Artes</a></h3>
	</div>

	
						<address class="tribe-block__venue__address">
				<span class="tribe-address">

<span class="tribe-street-address">Biblioteca de las Artes, Aguirre y Panamá esquina</span>
	
		<br>
		<span class="tribe-locality">Guayaquil</span><span class="tribe-delimiter">,</span>

	<abbr class="tribe-region tribe-events-abbr" title="Guayas">Guayas</abbr>


	<span class="tribe-country-name">Ecuador</span>

</span>

									<a class="tribe-events-gmap" href="https://www.google.com/maps/search/?api=1&#038;query=-2.1939090085933%2C-79.881031486916" title="Haz clic para ver un mapa de Google" target="_blank" rel="noreferrer noopener">+ Google Map</a>							</address>
		
		
					<span class="tribe-block__venue__website"><a href="https://biblioteca.uartes.edu.ec" target="_self" rel="external">Ver el sitio web del Recinto</a></span><br />
			
	</div>
	
<div class="tribe-block__venue__map">
	
<iframe
  title="Iframe de Google Maps mostrando la dirección a Piso 1 &#8211; Biblioteca de las Artes"
  aria-label="Mapa de ubicación del recinto"
  width="310px"
  height="256px"
  frameborder="0" style="border:0"
  src="https://www.google.com/maps/embed/v1/place?key=AIzaSyDNsicAsP6-VuGtAb1O9riI3oc_NOb7IOU&#038;q=Biblioteca+de+las+Artes%2C+Aguirre+y+Panam%C3%A1+esquina+Guayaquil+Guayas+Ecuador+&#038;zoom=15" allowfullscreen>
</iframe>
</div>

	</div>

<p>¡Acompáñanos en el conversatorio “Mujeres, Historia y Futuro: voces y desafíos para el siglo XXI”! 26 de marzo 10:00 – 12:00 Panelistas de comunicación social, historia, sociología, arte y juventud [&hellip;]</p>

¡Acompáñanos en el conversatorio “Mujeres, Historia y Futuro: voces y desafíos para el siglo XXI”! 26 de marzo 10:00 – 12:00 Panelistas de comunicación social, historia, sociología, arte y juventud [&hellip;]
