{"id":29266,"date":"2026-04-20T17:44:45","date_gmt":"2026-04-20T22:44:45","guid":{"rendered":"https:\/\/www.uartes.edu.ec\/sitio\/agua\/?post_type=tribe_events&#038;p=29266"},"modified":"2026-04-21T09:58:56","modified_gmt":"2026-04-21T14:58:56","slug":"investigacion-y-sistematizacion-de-modelos-accesibles-para-museos-ecuatorianos-analisis-de-obras-tactiles-y-recursos-digitales-existentes","status":"publish","type":"tribe_events","link":"https:\/\/www.uartes.edu.ec\/sitio\/agua\/evento\/investigacion-y-sistematizacion-de-modelos-accesibles-para-museos-ecuatorianos-analisis-de-obras-tactiles-y-recursos-digitales-existentes\/","title":{"rendered":"Investigaci\u00f3n y Sistematizaci\u00f3n de Modelos Accesibles para Museos Ecuatorianos \u2013 An\u00e1lisis de Obras T\u00e1ctiles y Recursos Digitales Existentes"},"content":{"rendered":"<div  class=\"tribe-events-schedule tribe-clearfix\" >\n\t<p class=\"tribe-events-schedule__datetime\">\n\t\t<span class=\"tribe-events-schedule__date tribe-events-schedule__date--start\">\n\t\t\tabril 22\t\t<\/span>\n\n\t\t\t\t\t<span class=\"tribe-events-schedule__separator tribe-events-schedule__separator--date\">\n\t\t\t\t @ \t\t\t<\/span>\n\t\t\t<span class=\"tribe-events-schedule__time tribe-events-schedule__time--start\">\n\t\t\t\t10:00 am\t\t\t<\/span>\n\t\t\n\t\t\t\t\t\t\t\t\t<span class=\"tribe-events-schedule__separator tribe-events-schedule__separator--time\">\n\t\t\t\t\t &#8211; \t\t\t\t<\/span>\n\t\t\t\n\t\t\t\t\t\t\t<span class=\"tribe-events-schedule__time tribe-events-schedule__time--end\">\n\t\t\t\t\t12:00 pm\t\t\t\t<\/span>\n\t\t\t\n\t\t\t\t\t\t<\/p>\n<\/div>\n\n\n<div  class=\"tribe-block tribe-block__event-price\" >\n\t\t\t<span class=\"tribe-block__event-price__cost\"> Gratuito <\/span>\n\t\t<\/div>\n\n\n<div class=\"tribe-events-event-image\"><img fetchpriority=\"high\" decoding=\"async\" width=\"576\" height=\"576\" src=\"https:\/\/www.uartes.edu.ec\/sitio\/agua\/wp-content\/uploads\/sites\/7\/Verde-Lanfor-e1776783513532.jpg\" class=\"attachment-full size-full wp-post-image\" alt=\"\" srcset=\"https:\/\/www.uartes.edu.ec\/sitio\/agua\/wp-content\/uploads\/sites\/7\/Verde-Lanfor-e1776783513532.jpg 576w, https:\/\/www.uartes.edu.ec\/sitio\/agua\/wp-content\/uploads\/sites\/7\/Verde-Lanfor-e1776783513532-400x400.jpg 400w, https:\/\/www.uartes.edu.ec\/sitio\/agua\/wp-content\/uploads\/sites\/7\/Verde-Lanfor-e1776783513532-150x150.jpg 150w\" sizes=\"(max-width: 576px) 100vw, 576px\" \/><\/div>\n\n\n<p>Te invitamos a la presentaci\u00f3n del libro:<br>\u201cInvestigaci\u00f3n y Sistematizaci\u00f3n de Modelos Accesibles para Museos Ecuatorianos \u2013 An\u00e1lisis de Obras T\u00e1ctiles y Recursos Digitales Existentes\u201d<br>Una propuesta innovadora que transforma la forma de vivir el arte <br>Este libro es el primer registro sistem\u00e1tico en Ecuador de exposiciones dise\u00f1adas para que personas con discapacidad visual puedan explorar el arte a trav\u00e9s del tacto, rompiendo la tradicional barrera del \u201cno tocar\u201d.<\/p>\n\n\n\n<p>Desde las bibliotecas, estas iniciativas refuerzan nuestro compromiso con la inclusi\u00f3n, el acceso equitativo a la informaci\u00f3n y la construcci\u00f3n de espacios culturales accesibles para todas las personas.<br>Actividad en el marco de Lanfor Abierta<br>22 de abril<br> 10h00<br> Biblioteca de las Artes (Aguirre y Pichincha, 418)<\/p>\n\n\n\n<p><br>Un espacio que invita a repensar el arte desde la inclusi\u00f3n y el acceso universal.<\/p>\n\n\n\n<p>LanforAbierta #D\u00edaDelLibro #Accesibilidad #ArteInclusivo #BibliotecaDeLasArtes #CulturaUArtes<\/p>\n\n\n<div  class=\"tribe-block tribe-block__venue tribe-clearfix tribe-block__venue--has-map\" >\n\t\n\t\n<div class=\"tribe-block__venue__meta\">\n\t<div class=\"tribe-block__venue__name\">\n\t\t<h3><a href=\"http:\/\/www.uartes.edu.ec\/sitio\/agua\/biblioteca\/piso-3\/\" title=\"Piso 3 &#8211; Biblioteca de las Artes\">Piso 3 &#8211; Biblioteca de las Artes<\/a><\/h3>\n\t<\/div>\n\n\t\n\t\t\t\t\t\t<address class=\"tribe-block__venue__address\">\n\t\t\t\t<span class=\"tribe-address\">\n\n<span class=\"tribe-street-address\">Biblioteca de las Artes, Aguirre y Panam\u00e1 esquina<\/span>\n\t\n\t\t<br>\n\t\t<span class=\"tribe-locality\">Guayaquil<\/span><span class=\"tribe-delimiter\">,<\/span>\n\n\n\n\t<span class=\"tribe-country-name\">Ecuador<\/span>\n\n<\/span>\n\n\t\t\t\t\t\t\t\t\t<a class=\"tribe-events-gmap\" href=\"https:\/\/www.google.com\/maps\/search\/?api=1&#038;query=-2.1939090085933%2C-79.881031486916\" title=\"Haz clic para ver un mapa de Google\" target=\"_blank\" rel=\"noreferrer noopener\">+ Google Map<\/a>\t\t\t\t\t\t\t<\/address>\n\t\t\n\t\t\n\t\t\t\t\t<span class=\"tribe-block__venue__website\"><a href=\"https:\/\/biblioteca.uartes.edu.ec\" target=\"_self\" rel=\"external\">Ver el sitio web del Recinto<\/a><\/span><br \/>\n\t\t\t\n\t<\/div>\n\t\n<div class=\"tribe-block__venue__map\">\n\t\n<iframe\n  title=\"Iframe de Google Maps mostrando la direcci\u00f3n a Piso 3 &#8211; Biblioteca de las Artes\"\n  aria-label=\"Mapa de ubicaci\u00f3n del recinto\"\n  width=\"310px\"\n  height=\"256px\"\n  frameborder=\"0\" style=\"border:0\"\n  src=\"https:\/\/www.google.com\/maps\/embed\/v1\/place?key=AIzaSyDNsicAsP6-VuGtAb1O9riI3oc_NOb7IOU&#038;q=Biblioteca+de+las+Artes%2C+Aguirre+y+Panam%C3%A1+esquina+Guayaquil+Ecuador+&#038;zoom=15\" allowfullscreen>\n<\/iframe>\n<\/div>\n\n\t<\/div>\n","protected":false},"excerpt":{"rendered":"<p>Te invitamos a la presentaci\u00f3n del libro:\u201cInvestigaci\u00f3n y Sistematizaci\u00f3n de Modelos Accesibles para Museos Ecuatorianos \u2013 An\u00e1lisis de Obras T\u00e1ctiles y Recursos Digitales Existentes\u201dUna propuesta innovadora que transforma la forma [&hellip;]<\/p>\n","protected":false},"author":52,"featured_media":29267,"template":"","meta":{"_tec_requires_first_save":false,"_uag_custom_page_level_css":"","_monsterinsights_skip_tracking":false,"_monsterinsights_sitenote_active":false,"_monsterinsights_sitenote_note":"","_monsterinsights_sitenote_category":0,"_EventAllDay":false,"_EventTimezone":"America\/Guayaquil","_EventStartDate":"2026-04-22 10:00:00","_EventEndDate":"2026-04-22 12:00:00","_EventStartDateUTC":"2026-04-22 15:00:00","_EventEndDateUTC":"2026-04-22 17:00:00","_EventShowMap":false,"_EventShowMapLink":false,"_EventURL":"","_EventCost":"Gratuito","_EventCostDescription":"","_EventCurrencySymbol":"$","_EventCurrencyCode":"USD","_EventCurrencyPosition":"prefix","_EventDateTimeSeparator":" @ ","_EventTimeRangeSeparator":" - ","_EventOrganizerID":[],"_EventVenueID":[17695],"_OrganizerEmail":"","_OrganizerPhone":"","_OrganizerWebsite":"","_VenueAddress":"","_VenueCity":"","_VenueCountry":"","_VenueProvince":"","_VenueState":"","_VenueZip":"","_VenuePhone":"","_VenueURL":"","_VenueStateProvince":"","_VenueLat":"","_VenueLng":"","_VenueShowMap":false,"_VenueShowMapLink":false,"_tribe_blocks_recurrence_rules":"","_tribe_blocks_recurrence_description":"","_tribe_blocks_recurrence_exclusions":"","cybocfi_hide_featured_image":"","_tribe_events_status":"","_tribe_events_status_reason":"","_tribe_events_is_hybrid":"","_tribe_events_is_virtual":"","_tribe_events_virtual_video_source":"","_tribe_events_virtual_embed_video":"","_tribe_events_virtual_linked_button_text":"","_tribe_events_virtual_linked_button":"","_tribe_events_virtual_show_embed_at":"","_tribe_events_virtual_show_embed_to":[],"_tribe_events_virtual_show_on_event":"","_tribe_events_virtual_show_on_views":"","_tribe_events_virtual_url":"","footnotes":""},"tags":[],"tribe_events_cat":[407,403,400],"class_list":["post-29266","tribe_events","type-tribe_events","status-publish","has-post-thumbnail","hentry","tribe_events_cat-biblioteca","tribe_events_cat-encuentro","tribe_events_cat-literatura","cat_biblioteca","cat_encuentro","cat_literatura"],"uagb_featured_image_src":{"full":["https:\/\/www.uartes.edu.ec\/sitio\/agua\/wp-content\/uploads\/sites\/7\/Verde-Lanfor-e1776783513532.jpg",576,576,false],"thumbnail":["https:\/\/www.uartes.edu.ec\/sitio\/agua\/wp-content\/uploads\/sites\/7\/Verde-Lanfor-e1776783513532-150x150.jpg",150,150,true],"medium":["https:\/\/www.uartes.edu.ec\/sitio\/agua\/wp-content\/uploads\/sites\/7\/Verde-Lanfor-e1776783513532-400x400.jpg",400,400,true],"medium_large":["https:\/\/www.uartes.edu.ec\/sitio\/agua\/wp-content\/uploads\/sites\/7\/Verde-Lanfor-e1776783513532.jpg",576,576,false],"large":["https:\/\/www.uartes.edu.ec\/sitio\/agua\/wp-content\/uploads\/sites\/7\/Verde-Lanfor-e1776783513532.jpg",576,576,false],"1536x1536":["https:\/\/www.uartes.edu.ec\/sitio\/agua\/wp-content\/uploads\/sites\/7\/Verde-Lanfor-e1776783513532.jpg",576,576,false],"2048x2048":["https:\/\/www.uartes.edu.ec\/sitio\/agua\/wp-content\/uploads\/sites\/7\/Verde-Lanfor-e1776783513532.jpg",576,576,false],"gb-block-post-grid-landscape":["https:\/\/www.uartes.edu.ec\/sitio\/agua\/wp-content\/uploads\/sites\/7\/Verde-Lanfor-e1776783513532-576x400.jpg",576,400,true],"gb-block-post-grid-square":["https:\/\/www.uartes.edu.ec\/sitio\/agua\/wp-content\/uploads\/sites\/7\/Verde-Lanfor-576x600.jpg",576,600,true]},"uagb_author_info":{"display_name":"mponguillo","author_link":"https:\/\/www.uartes.edu.ec\/sitio\/agua\/author\/mponguillo\/"},"uagb_comment_info":0,"uagb_excerpt":"Te invitamos a la presentaci\u00f3n del libro:\u201cInvestigaci\u00f3n y Sistematizaci\u00f3n de Modelos Accesibles para Museos Ecuatorianos \u2013 An\u00e1lisis de Obras T\u00e1ctiles y Recursos Digitales Existentes\u201dUna propuesta innovadora que transforma la forma [&hellip;]","distributor_meta":false,"distributor_terms":false,"distributor_media":false,"distributor_original_site_name":"Agua","distributor_original_site_url":"https:\/\/www.uartes.edu.ec\/sitio\/agua","push-errors":false,"_links":{"self":[{"href":"https:\/\/www.uartes.edu.ec\/sitio\/agua\/wp-json\/wp\/v2\/tribe_events\/29266","targetHints":{"allow":["GET"]}}],"collection":[{"href":"https:\/\/www.uartes.edu.ec\/sitio\/agua\/wp-json\/wp\/v2\/tribe_events"}],"about":[{"href":"https:\/\/www.uartes.edu.ec\/sitio\/agua\/wp-json\/wp\/v2\/types\/tribe_events"}],"author":[{"embeddable":true,"href":"https:\/\/www.uartes.edu.ec\/sitio\/agua\/wp-json\/wp\/v2\/users\/52"}],"version-history":[{"count":1,"href":"https:\/\/www.uartes.edu.ec\/sitio\/agua\/wp-json\/wp\/v2\/tribe_events\/29266\/revisions"}],"predecessor-version":[{"id":29268,"href":"https:\/\/www.uartes.edu.ec\/sitio\/agua\/wp-json\/wp\/v2\/tribe_events\/29266\/revisions\/29268"}],"wp:featuredmedia":[{"embeddable":true,"href":"https:\/\/www.uartes.edu.ec\/sitio\/agua\/wp-json\/wp\/v2\/media\/29267"}],"wp:attachment":[{"href":"https:\/\/www.uartes.edu.ec\/sitio\/agua\/wp-json\/wp\/v2\/media?parent=29266"}],"wp:term":[{"taxonomy":"post_tag","embeddable":true,"href":"https:\/\/www.uartes.edu.ec\/sitio\/agua\/wp-json\/wp\/v2\/tags?post=29266"},{"taxonomy":"tribe_events_cat","embeddable":true,"href":"https:\/\/www.uartes.edu.ec\/sitio\/agua\/wp-json\/wp\/v2\/tribe_events_cat?post=29266"}],"curies":[{"name":"wp","href":"https:\/\/api.w.org\/{rel}","templated":true}]}}

Investigación y Sistematización de Modelos Accesibles para Museos Ecuatorianos – Análisis de Obras Táctiles y Recursos Digitales Existentes

<div  class="tribe-events-schedule tribe-clearfix" >
	<p class="tribe-events-schedule__datetime">
		<span class="tribe-events-schedule__date tribe-events-schedule__date--start">
			abril 22		</span>

					<span class="tribe-events-schedule__separator tribe-events-schedule__separator--date">
				 @ 			</span>
			<span class="tribe-events-schedule__time tribe-events-schedule__time--start">
				10:00 am			</span>
		
									<span class="tribe-events-schedule__separator tribe-events-schedule__separator--time">
					 &#8211; 				</span>
			
							<span class="tribe-events-schedule__time tribe-events-schedule__time--end">
					12:00 pm				</span>
			
						</p>
</div>


<div  class="tribe-block tribe-block__event-price" >
			<span class="tribe-block__event-price__cost"> Gratuito </span>
		</div>


<div class="tribe-events-event-image"><img fetchpriority="high" decoding="async" width="576" height="576" src="https://www.uartes.edu.ec/sitio/agua/wp-content/uploads/sites/7/Verde-Lanfor-e1776783513532.jpg" class="attachment-full size-full wp-post-image" alt="" srcset="https://www.uartes.edu.ec/sitio/agua/wp-content/uploads/sites/7/Verde-Lanfor-e1776783513532.jpg 576w, https://www.uartes.edu.ec/sitio/agua/wp-content/uploads/sites/7/Verde-Lanfor-e1776783513532-400x400.jpg 400w, https://www.uartes.edu.ec/sitio/agua/wp-content/uploads/sites/7/Verde-Lanfor-e1776783513532-150x150.jpg 150w" sizes="(max-width: 576px) 100vw, 576px" /></div>


<p>Te invitamos a la presentación del libro:<br>“Investigación y Sistematización de Modelos Accesibles para Museos Ecuatorianos – Análisis de Obras Táctiles y Recursos Digitales Existentes”<br>Una propuesta innovadora que transforma la forma de vivir el arte <br>Este libro es el primer registro sistemático en Ecuador de exposiciones diseñadas para que personas con discapacidad visual puedan explorar el arte a través del tacto, rompiendo la tradicional barrera del “no tocar”.</p>



<p>Desde las bibliotecas, estas iniciativas refuerzan nuestro compromiso con la inclusión, el acceso equitativo a la información y la construcción de espacios culturales accesibles para todas las personas.<br>Actividad en el marco de Lanfor Abierta<br>22 de abril<br> 10h00<br> Biblioteca de las Artes (Aguirre y Pichincha, 418)</p>



<p><br>Un espacio que invita a repensar el arte desde la inclusión y el acceso universal.</p>



<p>LanforAbierta #DíaDelLibro #Accesibilidad #ArteInclusivo #BibliotecaDeLasArtes #CulturaUArtes</p>


<div  class="tribe-block tribe-block__venue tribe-clearfix tribe-block__venue--has-map" >
	
	
<div class="tribe-block__venue__meta">
	<div class="tribe-block__venue__name">
		<h3><a href="http://www.uartes.edu.ec/sitio/agua/biblioteca/piso-3/" title="Piso 3 &#8211; Biblioteca de las Artes">Piso 3 &#8211; Biblioteca de las Artes</a></h3>
	</div>

	
						<address class="tribe-block__venue__address">
				<span class="tribe-address">

<span class="tribe-street-address">Biblioteca de las Artes, Aguirre y Panamá esquina</span>
	
		<br>
		<span class="tribe-locality">Guayaquil</span><span class="tribe-delimiter">,</span>



	<span class="tribe-country-name">Ecuador</span>

</span>

									<a class="tribe-events-gmap" href="https://www.google.com/maps/search/?api=1&#038;query=-2.1939090085933%2C-79.881031486916" title="Haz clic para ver un mapa de Google" target="_blank" rel="noreferrer noopener">+ Google Map</a>							</address>
		
		
					<span class="tribe-block__venue__website"><a href="https://biblioteca.uartes.edu.ec" target="_self" rel="external">Ver el sitio web del Recinto</a></span><br />
			
	</div>
	
<div class="tribe-block__venue__map">
	
<iframe
  title="Iframe de Google Maps mostrando la dirección a Piso 3 &#8211; Biblioteca de las Artes"
  aria-label="Mapa de ubicación del recinto"
  width="310px"
  height="256px"
  frameborder="0" style="border:0"
  src="https://www.google.com/maps/embed/v1/place?key=AIzaSyDNsicAsP6-VuGtAb1O9riI3oc_NOb7IOU&#038;q=Biblioteca+de+las+Artes%2C+Aguirre+y+Panam%C3%A1+esquina+Guayaquil+Ecuador+&#038;zoom=15" allowfullscreen>
</iframe>
</div>

	</div>

<p>Te invitamos a la presentación del libro:“Investigación y Sistematización de Modelos Accesibles para Museos Ecuatorianos – Análisis de Obras Táctiles y Recursos Digitales Existentes”Una propuesta innovadora que transforma la forma [&hellip;]</p>

Te invitamos a la presentación del libro:“Investigación y Sistematización de Modelos Accesibles para Museos Ecuatorianos – Análisis de Obras Táctiles y Recursos Digitales Existentes”Una propuesta innovadora que transforma la forma [&hellip;]
