{"id":29277,"date":"2026-04-21T09:55:39","date_gmt":"2026-04-21T14:55:39","guid":{"rendered":"https:\/\/www.uartes.edu.ec\/sitio\/agua\/?post_type=tribe_events&#038;p=29277"},"modified":"2026-04-21T09:55:57","modified_gmt":"2026-04-21T14:55:57","slug":"estio-2","status":"publish","type":"tribe_events","link":"https:\/\/www.uartes.edu.ec\/sitio\/agua\/evento\/estio-2\/","title":{"rendered":"Est\u00edo"},"content":{"rendered":"<div  class=\"tribe-events-schedule tribe-clearfix\" >\n\t<p class=\"tribe-events-schedule__datetime\">\n\t\t<span class=\"tribe-events-schedule__date tribe-events-schedule__date--start\">\n\t\t\tabril 23\t\t<\/span>\n\n\t\t\t\t\t<span class=\"tribe-events-schedule__separator tribe-events-schedule__separator--date\">\n\t\t\t\t @ \t\t\t<\/span>\n\t\t\t<span class=\"tribe-events-schedule__time tribe-events-schedule__time--start\">\n\t\t\t\t3:00 pm\t\t\t<\/span>\n\t\t\n\t\t\t\t\t\t\t\t\t<span class=\"tribe-events-schedule__separator tribe-events-schedule__separator--time\">\n\t\t\t\t\t &#8211; \t\t\t\t<\/span>\n\t\t\t\n\t\t\t\t\t\t\t<span class=\"tribe-events-schedule__time tribe-events-schedule__time--end\">\n\t\t\t\t\t4:00 pm\t\t\t\t<\/span>\n\t\t\t\n\t\t\t\t\t\t<\/p>\n<\/div>\n\n\n<div  class=\"tribe-block tribe-block__event-price\" >\n\t\t\t<span class=\"tribe-block__event-price__cost\"> Gratuito <\/span>\n\t\t<\/div>\n\n\n<div class=\"tribe-events-event-image\"><img fetchpriority=\"high\" decoding=\"async\" width=\"1000\" height=\"1000\" src=\"https:\/\/www.uartes.edu.ec\/sitio\/agua\/wp-content\/uploads\/sites\/7\/estio.jpg\" class=\"attachment-full size-full wp-post-image\" alt=\"\" srcset=\"https:\/\/www.uartes.edu.ec\/sitio\/agua\/wp-content\/uploads\/sites\/7\/estio.jpg 1000w, https:\/\/www.uartes.edu.ec\/sitio\/agua\/wp-content\/uploads\/sites\/7\/estio-400x400.jpg 400w, https:\/\/www.uartes.edu.ec\/sitio\/agua\/wp-content\/uploads\/sites\/7\/estio-644x644.jpg 644w, https:\/\/www.uartes.edu.ec\/sitio\/agua\/wp-content\/uploads\/sites\/7\/estio-150x150.jpg 150w, https:\/\/www.uartes.edu.ec\/sitio\/agua\/wp-content\/uploads\/sites\/7\/estio-768x768.jpg 768w, https:\/\/www.uartes.edu.ec\/sitio\/agua\/wp-content\/uploads\/sites\/7\/estio-600x600.jpg 600w\" sizes=\"(max-width: 1000px) 100vw, 1000px\" \/><\/div>\n\n\n<p>Este jueves, de 3:00 a 4:00 p. m., te esperamos en la terraza de la Biblioteca de las Artes (Sala Multifuncional), para vivir una experiencia diferente: leeremos en voz alta y de manera secuencial cuentos de autores hispanoescribientes y, al finalizar, abriremos un espacio para dialogar, reflexionar y compartir nuestras apreciaciones en un ambiente cercano, inspirador y lleno de buenas ideas.<br>En esta ocasi\u00f3n leeremos \u00abEst\u00edo\u00bb de In\u00e9s Arredondo. Ser\u00e1 una lectura que nos permitir\u00e1 adentrarnos en emociones profundas, silencios significativos y nuevas formas de comprender lo humano a trav\u00e9s de la literatura.<\/p>\n\n\n\n<p id=\"block-77b6347b-2888-448a-9302-97fabe9f1cea\">Est\u00e1s cordialmente invitado\/a. \u00a1An\u00edmate a ser parte de esta experiencia!<\/p>\n\n\n\n<p id=\"block-491958d1-865d-4e60-ad24-98452631a622\">Si no puedes asistir de manera presencial, Cuenta con el CEAT tambi\u00e9n tiene modalidad virtual. \u00a1Somos h\u00edbridos!<\/p>\n\n\n\n<p id=\"block-4a42a5d7-9395-400d-b4c0-39d8d01f0de9\">Aqu\u00ed te compartimos el enlace de Zoom: <a href=\"https:\/\/cedia.zoom.us\/j\/85311180111\">https:\/\/cedia.zoom.us\/j\/85311180111<\/a><\/p>\n\n\n\n<p id=\"block-a7d3ac2e-7a52-4124-8a73-cbbd8d3caa41\">Te esperamos con entusiasmo. \u00a1Que esta semana est\u00e9 llena de historias, inspiraci\u00f3n y peque\u00f1os momentos que iluminen tu d\u00eda!<br><br>\u2728La lectura es un ticket de descuento a todas partes. (Maria Schmich)\u2728<\/p>\n\n\n\n<p>P.D.: Si te unes de manera virtual, <a href=\"https:\/\/www.uartes.edu.ec\/sitio\/agua\/?wpdmdl=29275\">recuerda tener el cuento a la mano (desc\u00e1rgalo aqu\u00ed)<\/a>. Y si vienes presencialmente, aqu\u00ed te entregaremos una copia para que disfrutes la lectura y puedas llevarla contigo.<\/p>\n\n\n<div  class=\"tribe-block tribe-block__venue tribe-clearfix tribe-block__venue--has-map\" >\n\t\n\t\n<div class=\"tribe-block__venue__meta\">\n\t<div class=\"tribe-block__venue__name\">\n\t\t<h3><a href=\"http:\/\/www.uartes.edu.ec\/sitio\/agua\/biblioteca\/terraza\/\" title=\"Sala multifuncional (terraza) &#8211; Biblioteca de las Artes\">Sala multifuncional (terraza) &#8211; Biblioteca de las Artes<\/a><\/h3>\n\t<\/div>\n\n\t\n\t\t\t\t\t\t<address class=\"tribe-block__venue__address\">\n\t\t\t\t<span class=\"tribe-address\">\n\n<span class=\"tribe-street-address\">Biblioteca de las Artes, Aguirre y Panam\u00e1, esquina<\/span>\n\t\n\t\t<br>\n\t\t<span class=\"tribe-locality\">Guayaquil<\/span><span class=\"tribe-delimiter\">,<\/span>\n\n\n\n\n<\/span>\n\n\t\t\t\t\t\t\t\t\t<a class=\"tribe-events-gmap\" href=\"https:\/\/www.google.com\/maps\/search\/?api=1&#038;query=-2.1939090085933%2C-79.881031486916\" title=\"Haz clic para ver un mapa de Google\" target=\"_blank\" rel=\"noreferrer noopener\">+ Google Map<\/a>\t\t\t\t\t\t\t<\/address>\n\t\t\n\t\t\n\t\t\t\t\t<span class=\"tribe-block__venue__website\"><a href=\"https:\/\/biblioteca.uartes.edu.ec\/\" target=\"_self\" rel=\"external\">Ver el sitio web del Recinto<\/a><\/span><br \/>\n\t\t\t\n\t<\/div>\n\t\n<div class=\"tribe-block__venue__map\">\n\t\n<iframe\n  title=\"Iframe de Google Maps mostrando la direcci\u00f3n a Sala multifuncional (terraza) &#8211; Biblioteca de las Artes\"\n  aria-label=\"Mapa de ubicaci\u00f3n del recinto\"\n  width=\"310px\"\n  height=\"256px\"\n  frameborder=\"0\" style=\"border:0\"\n  src=\"https:\/\/www.google.com\/maps\/embed\/v1\/place?key=AIzaSyDNsicAsP6-VuGtAb1O9riI3oc_NOb7IOU&#038;q=Biblioteca+de+las+Artes%2C+Aguirre+y+Panam%C3%A1%2C+esquina+Guayaquil+&#038;zoom=15\" allowfullscreen>\n<\/iframe>\n<\/div>\n\n\t<\/div>\n","protected":false},"excerpt":{"rendered":"<p>Este jueves, de 3:00 a 4:00 p. m., te esperamos en la terraza de la Biblioteca de las Artes (Sala Multifuncional), para vivir una experiencia diferente: leeremos en voz alta [&hellip;]<\/p>\n","protected":false},"author":1,"featured_media":29271,"template":"","meta":{"_tec_requires_first_save":false,"_uag_custom_page_level_css":"","_monsterinsights_skip_tracking":false,"_monsterinsights_sitenote_active":false,"_monsterinsights_sitenote_note":"","_monsterinsights_sitenote_category":0,"_EventAllDay":false,"_EventTimezone":"America\/Guayaquil","_EventStartDate":"2026-04-23 15:00:00","_EventEndDate":"2026-04-23 16:00:00","_EventStartDateUTC":"2026-04-23 20:00:00","_EventEndDateUTC":"2026-04-23 21:00:00","_EventShowMap":false,"_EventShowMapLink":false,"_EventURL":"","_EventCost":"0","_EventCostDescription":"","_EventCurrencySymbol":"$","_EventCurrencyCode":"USD","_EventCurrencyPosition":"prefix","_EventDateTimeSeparator":" @ ","_EventTimeRangeSeparator":" - ","_EventOrganizerID":[],"_EventVenueID":[17702],"_OrganizerEmail":"","_OrganizerPhone":"","_OrganizerWebsite":"","_VenueAddress":"","_VenueCity":"","_VenueCountry":"","_VenueProvince":"","_VenueState":"","_VenueZip":"","_VenuePhone":"","_VenueURL":"","_VenueStateProvince":"","_VenueLat":"","_VenueLng":"","_VenueShowMap":false,"_VenueShowMapLink":false,"_tribe_blocks_recurrence_rules":"","_tribe_blocks_recurrence_description":"","_tribe_blocks_recurrence_exclusions":"","cybocfi_hide_featured_image":"","_tribe_events_status":"","_tribe_events_status_reason":"","_tribe_events_is_hybrid":"","_tribe_events_is_virtual":"","_tribe_events_virtual_video_source":"","_tribe_events_virtual_embed_video":"","_tribe_events_virtual_linked_button_text":"","_tribe_events_virtual_linked_button":"","_tribe_events_virtual_show_embed_at":"","_tribe_events_virtual_show_embed_to":[],"_tribe_events_virtual_show_on_event":"","_tribe_events_virtual_show_on_views":"","_tribe_events_virtual_url":"","footnotes":""},"tags":[],"tribe_events_cat":[407,400],"class_list":["post-29277","tribe_events","type-tribe_events","status-publish","has-post-thumbnail","hentry","tribe_events_cat-biblioteca","tribe_events_cat-literatura","cat_biblioteca","cat_literatura"],"uagb_featured_image_src":{"full":["https:\/\/www.uartes.edu.ec\/sitio\/agua\/wp-content\/uploads\/sites\/7\/estio.jpg",1000,1000,false],"thumbnail":["https:\/\/www.uartes.edu.ec\/sitio\/agua\/wp-content\/uploads\/sites\/7\/estio-150x150.jpg",150,150,true],"medium":["https:\/\/www.uartes.edu.ec\/sitio\/agua\/wp-content\/uploads\/sites\/7\/estio-400x400.jpg",400,400,true],"medium_large":["https:\/\/www.uartes.edu.ec\/sitio\/agua\/wp-content\/uploads\/sites\/7\/estio-768x768.jpg",768,768,true],"large":["https:\/\/www.uartes.edu.ec\/sitio\/agua\/wp-content\/uploads\/sites\/7\/estio-644x644.jpg",644,644,true],"1536x1536":["https:\/\/www.uartes.edu.ec\/sitio\/agua\/wp-content\/uploads\/sites\/7\/estio.jpg",1000,1000,false],"2048x2048":["https:\/\/www.uartes.edu.ec\/sitio\/agua\/wp-content\/uploads\/sites\/7\/estio.jpg",1000,1000,false],"gb-block-post-grid-landscape":["https:\/\/www.uartes.edu.ec\/sitio\/agua\/wp-content\/uploads\/sites\/7\/estio-600x400.jpg",600,400,true],"gb-block-post-grid-square":["https:\/\/www.uartes.edu.ec\/sitio\/agua\/wp-content\/uploads\/sites\/7\/estio-600x600.jpg",600,600,true]},"uagb_author_info":{"display_name":"Universidad de las Artes","author_link":"https:\/\/www.uartes.edu.ec\/sitio\/agua\/author\/dircomadm\/"},"uagb_comment_info":0,"uagb_excerpt":"Este jueves, de 3:00 a 4:00 p. m., te esperamos en la terraza de la Biblioteca de las Artes (Sala Multifuncional), para vivir una experiencia diferente: leeremos en voz alta [&hellip;]","distributor_meta":false,"distributor_terms":false,"distributor_media":false,"distributor_original_site_name":"Agua","distributor_original_site_url":"https:\/\/www.uartes.edu.ec\/sitio\/agua","push-errors":false,"_links":{"self":[{"href":"https:\/\/www.uartes.edu.ec\/sitio\/agua\/wp-json\/wp\/v2\/tribe_events\/29277","targetHints":{"allow":["GET"]}}],"collection":[{"href":"https:\/\/www.uartes.edu.ec\/sitio\/agua\/wp-json\/wp\/v2\/tribe_events"}],"about":[{"href":"https:\/\/www.uartes.edu.ec\/sitio\/agua\/wp-json\/wp\/v2\/types\/tribe_events"}],"author":[{"embeddable":true,"href":"https:\/\/www.uartes.edu.ec\/sitio\/agua\/wp-json\/wp\/v2\/users\/1"}],"version-history":[{"count":2,"href":"https:\/\/www.uartes.edu.ec\/sitio\/agua\/wp-json\/wp\/v2\/tribe_events\/29277\/revisions"}],"predecessor-version":[{"id":29279,"href":"https:\/\/www.uartes.edu.ec\/sitio\/agua\/wp-json\/wp\/v2\/tribe_events\/29277\/revisions\/29279"}],"wp:featuredmedia":[{"embeddable":true,"href":"https:\/\/www.uartes.edu.ec\/sitio\/agua\/wp-json\/wp\/v2\/media\/29271"}],"wp:attachment":[{"href":"https:\/\/www.uartes.edu.ec\/sitio\/agua\/wp-json\/wp\/v2\/media?parent=29277"}],"wp:term":[{"taxonomy":"post_tag","embeddable":true,"href":"https:\/\/www.uartes.edu.ec\/sitio\/agua\/wp-json\/wp\/v2\/tags?post=29277"},{"taxonomy":"tribe_events_cat","embeddable":true,"href":"https:\/\/www.uartes.edu.ec\/sitio\/agua\/wp-json\/wp\/v2\/tribe_events_cat?post=29277"}],"curies":[{"name":"wp","href":"https:\/\/api.w.org\/{rel}","templated":true}]}}

Estío

<div  class="tribe-events-schedule tribe-clearfix" >
	<p class="tribe-events-schedule__datetime">
		<span class="tribe-events-schedule__date tribe-events-schedule__date--start">
			abril 23		</span>

					<span class="tribe-events-schedule__separator tribe-events-schedule__separator--date">
				 @ 			</span>
			<span class="tribe-events-schedule__time tribe-events-schedule__time--start">
				3:00 pm			</span>
		
									<span class="tribe-events-schedule__separator tribe-events-schedule__separator--time">
					 &#8211; 				</span>
			
							<span class="tribe-events-schedule__time tribe-events-schedule__time--end">
					4:00 pm				</span>
			
						</p>
</div>


<div  class="tribe-block tribe-block__event-price" >
			<span class="tribe-block__event-price__cost"> Gratuito </span>
		</div>


<div class="tribe-events-event-image"><img fetchpriority="high" decoding="async" width="1000" height="1000" src="https://www.uartes.edu.ec/sitio/agua/wp-content/uploads/sites/7/estio.jpg" class="attachment-full size-full wp-post-image" alt="" srcset="https://www.uartes.edu.ec/sitio/agua/wp-content/uploads/sites/7/estio.jpg 1000w, https://www.uartes.edu.ec/sitio/agua/wp-content/uploads/sites/7/estio-400x400.jpg 400w, https://www.uartes.edu.ec/sitio/agua/wp-content/uploads/sites/7/estio-644x644.jpg 644w, https://www.uartes.edu.ec/sitio/agua/wp-content/uploads/sites/7/estio-150x150.jpg 150w, https://www.uartes.edu.ec/sitio/agua/wp-content/uploads/sites/7/estio-768x768.jpg 768w, https://www.uartes.edu.ec/sitio/agua/wp-content/uploads/sites/7/estio-600x600.jpg 600w" sizes="(max-width: 1000px) 100vw, 1000px" /></div>


<p>Este jueves, de 3:00 a 4:00 p. m., te esperamos en la terraza de la Biblioteca de las Artes (Sala Multifuncional), para vivir una experiencia diferente: leeremos en voz alta y de manera secuencial cuentos de autores hispanoescribientes y, al finalizar, abriremos un espacio para dialogar, reflexionar y compartir nuestras apreciaciones en un ambiente cercano, inspirador y lleno de buenas ideas.<br>En esta ocasión leeremos «Estío» de Inés Arredondo. Será una lectura que nos permitirá adentrarnos en emociones profundas, silencios significativos y nuevas formas de comprender lo humano a través de la literatura.</p>



<p id="block-77b6347b-2888-448a-9302-97fabe9f1cea">Estás cordialmente invitado/a. ¡Anímate a ser parte de esta experiencia!</p>



<p id="block-491958d1-865d-4e60-ad24-98452631a622">Si no puedes asistir de manera presencial, Cuenta con el CEAT también tiene modalidad virtual. ¡Somos híbridos!</p>



<p id="block-4a42a5d7-9395-400d-b4c0-39d8d01f0de9">Aquí te compartimos el enlace de Zoom: <a href="https://cedia.zoom.us/j/85311180111">https://cedia.zoom.us/j/85311180111</a></p>



<p id="block-a7d3ac2e-7a52-4124-8a73-cbbd8d3caa41">Te esperamos con entusiasmo. ¡Que esta semana esté llena de historias, inspiración y pequeños momentos que iluminen tu día!<br><br>✨La lectura es un ticket de descuento a todas partes. (Maria Schmich)✨</p>



<p>P.D.: Si te unes de manera virtual, <a href="https://www.uartes.edu.ec/sitio/agua/?wpdmdl=29275">recuerda tener el cuento a la mano (descárgalo aquí)</a>. Y si vienes presencialmente, aquí te entregaremos una copia para que disfrutes la lectura y puedas llevarla contigo.</p>


<div  class="tribe-block tribe-block__venue tribe-clearfix tribe-block__venue--has-map" >
	
	
<div class="tribe-block__venue__meta">
	<div class="tribe-block__venue__name">
		<h3><a href="http://www.uartes.edu.ec/sitio/agua/biblioteca/terraza/" title="Sala multifuncional (terraza) &#8211; Biblioteca de las Artes">Sala multifuncional (terraza) &#8211; Biblioteca de las Artes</a></h3>
	</div>

	
						<address class="tribe-block__venue__address">
				<span class="tribe-address">

<span class="tribe-street-address">Biblioteca de las Artes, Aguirre y Panamá, esquina</span>
	
		<br>
		<span class="tribe-locality">Guayaquil</span><span class="tribe-delimiter">,</span>




</span>

									<a class="tribe-events-gmap" href="https://www.google.com/maps/search/?api=1&#038;query=-2.1939090085933%2C-79.881031486916" title="Haz clic para ver un mapa de Google" target="_blank" rel="noreferrer noopener">+ Google Map</a>							</address>
		
		
					<span class="tribe-block__venue__website"><a href="https://biblioteca.uartes.edu.ec/" target="_self" rel="external">Ver el sitio web del Recinto</a></span><br />
			
	</div>
	
<div class="tribe-block__venue__map">
	
<iframe
  title="Iframe de Google Maps mostrando la dirección a Sala multifuncional (terraza) &#8211; Biblioteca de las Artes"
  aria-label="Mapa de ubicación del recinto"
  width="310px"
  height="256px"
  frameborder="0" style="border:0"
  src="https://www.google.com/maps/embed/v1/place?key=AIzaSyDNsicAsP6-VuGtAb1O9riI3oc_NOb7IOU&#038;q=Biblioteca+de+las+Artes%2C+Aguirre+y+Panam%C3%A1%2C+esquina+Guayaquil+&#038;zoom=15" allowfullscreen>
</iframe>
</div>

	</div>
