{"id":28032,"date":"2025-09-09T16:44:07","date_gmt":"2025-09-09T21:44:07","guid":{"rendered":"https:\/\/www.uartes.edu.ec\/sitio\/agua\/?post_type=tribe_venue&#038;p=28032"},"modified":"2025-09-12T10:54:06","modified_gmt":"2025-09-12T15:54:06","slug":"laboratorio-taller-en-edicion-y-creacion-el-hipopotamo","status":"publish","type":"tribe_venue","link":"http:\/\/www.uartes.edu.ec\/sitio\/agua\/local\/laboratorio-taller-en-edicion-y-creacion-el-hipopotamo\/","title":{"rendered":"Laboratorio Taller en Edici\u00f3n y Creaci\u00f3n \u201cEl Hipop\u00f3tamo\u201d"},"content":{"rendered":"","protected":false},"excerpt":{"rendered":"","protected":false},"author":1,"featured_media":0,"template":"","meta":{"_tec_requires_first_save":true,"_uag_custom_page_level_css":"","_monsterinsights_skip_tracking":false,"_monsterinsights_sitenote_active":false,"_monsterinsights_sitenote_note":"","_monsterinsights_sitenote_category":0,"_EventAllDay":false,"_EventTimezone":"","_EventStartDate":"","_EventEndDate":"","_EventStartDateUTC":"","_EventEndDateUTC":"","_EventShowMap":true,"_EventShowMapLink":true,"_EventURL":"","_EventCost":"","_EventCostDescription":"","_EventCurrencySymbol":"","_EventCurrencyCode":"","_EventCurrencyPosition":"","_EventDateTimeSeparator":"","_EventTimeRangeSeparator":"","_EventOrganizerID":[],"_EventVenueID":[],"_OrganizerEmail":"","_OrganizerPhone":"","_OrganizerWebsite":"","_VenueAddress":"Pabell\u00f3n Pablo Palacio, Primer piso, Palacio de la Gobernaci\u00f3n, Malec\u00f3n y Aguirre","_VenueCity":"Guayaquil","_VenueCountry":"Ecuador","_VenueProvince":"","_VenueState":"","_VenueZip":"","_VenuePhone":"","_VenueURL":"","_VenueStateProvince":"","_VenueLat":"-2.1942776284666","_VenueLng":"-79.880855102338","_VenueShowMap":true,"_VenueShowMapLink":true,"_tribe_blocks_recurrence_rules":"","_tribe_blocks_recurrence_description":"","_tribe_blocks_recurrence_exclusions":"","cybocfi_hide_featured_image":"","footnotes":""},"class_list":["post-28032","tribe_venue","type-tribe_venue","status-publish","hentry","tec_venue_category-universidad-de-las-artes"],"uagb_featured_image_src":{"full":false,"thumbnail":false,"medium":false,"medium_large":false,"large":false,"1536x1536":false,"2048x2048":false,"gb-block-post-grid-landscape":false,"gb-block-post-grid-square":false},"uagb_author_info":{"display_name":"Universidad de las Artes","author_link":"https:\/\/www.uartes.edu.ec\/sitio\/agua\/author\/dircomadm\/"},"uagb_comment_info":0,"uagb_excerpt":null,"distributor_meta":false,"distributor_terms":false,"distributor_media":false,"distributor_original_site_name":"Agua","distributor_original_site_url":"https:\/\/www.uartes.edu.ec\/sitio\/agua","push-errors":false,"_links":{"self":[{"href":"https:\/\/www.uartes.edu.ec\/sitio\/agua\/wp-json\/wp\/v2\/tribe_venue\/28032","targetHints":{"allow":["GET"]}}],"collection":[{"href":"https:\/\/www.uartes.edu.ec\/sitio\/agua\/wp-json\/wp\/v2\/tribe_venue"}],"about":[{"href":"https:\/\/www.uartes.edu.ec\/sitio\/agua\/wp-json\/wp\/v2\/types\/tribe_venue"}],"author":[{"embeddable":true,"href":"https:\/\/www.uartes.edu.ec\/sitio\/agua\/wp-json\/wp\/v2\/users\/1"}],"version-history":[{"count":1,"href":"https:\/\/www.uartes.edu.ec\/sitio\/agua\/wp-json\/wp\/v2\/tribe_venue\/28032\/revisions"}],"predecessor-version":[{"id":28033,"href":"https:\/\/www.uartes.edu.ec\/sitio\/agua\/wp-json\/wp\/v2\/tribe_venue\/28032\/revisions\/28033"}],"wp:attachment":[{"href":"https:\/\/www.uartes.edu.ec\/sitio\/agua\/wp-json\/wp\/v2\/media?parent=28032"}],"curies":[{"name":"wp","href":"https:\/\/api.w.org\/{rel}","templated":true}]}}

Laboratorio Taller en Edición y Creación “El Hipopótamo”

Pabellón Pablo Palacio, Primer piso, Palacio de la Gobernación, Malecón y Aguirre
