{"id":3074,"date":"2021-09-15T10:52:07","date_gmt":"2021-09-15T15:52:07","guid":{"rendered":"http:\/\/www.uartes.edu.ec\/sitio\/encuentroilia\/encuentro-2021\/invitados\/carlos-cedeno\/"},"modified":"2024-07-04T09:50:11","modified_gmt":"2024-07-04T14:50:11","slug":"carlos-cedeno","status":"publish","type":"page","link":"http:\/\/www.uartes.edu.ec\/sitio\/encuentroilia\/encuentro-2021\/invitados\/carlos-cedeno\/","title":{"rendered":"Carlos Cede\u00f1o"},"content":{"rendered":"\n<div class=\"wp-block-image\"><figure class=\"alignright size-full is-resized\"><img loading=\"lazy\" decoding=\"async\" src=\"http:\/\/www.uartes.edu.ec\/sitio\/encuentroilia\/wp-content\/uploads\/sites\/5\/2021\/09\/DSC_0548-3.webp\" alt=\"\" class=\"wp-image-3068\" width=\"250\" height=\"250\"\/><\/figure><\/div>\n\n\n\n<p>Actor y fot\u00f3grafo. Licenciado en Creaci\u00f3n Teatral por la Universidad de las Artes. Con un profundo inter\u00e9s por crear historias\/mundos desde la mirada, el pensamiento y el sentir. Enfocado en el trabajo desde\/para y con el cuerpo.<\/p>\n","protected":false},"excerpt":{"rendered":"<p>Actor y fot\u00f3grafo. Licenciado en Creaci\u00f3n Teatral por la Universidad de las Artes. Con un profundo inter\u00e9s por crear historias\/mundos desde la mirada, el pensamiento y el sentir. Enfocado en el trabajo desde\/para y con el cuerpo.<\/p>\n","protected":false},"author":1,"featured_media":0,"parent":2178,"menu_order":49,"comment_status":"closed","ping_status":"closed","template":"","meta":{"_uag_custom_page_level_css":"","_monsterinsights_skip_tracking":false,"_monsterinsights_sitenote_active":false,"_monsterinsights_sitenote_note":"","_monsterinsights_sitenote_category":0,"cybocfi_hide_featured_image":"","footnotes":""},"class_list":["post-3074","page","type-page","status-publish","hentry"],"uagb_featured_image_src":{"full":false,"thumbnail":false,"medium":false,"medium_large":false,"large":false,"1536x1536":false,"2048x2048":false,"hestia-blog":false},"uagb_author_info":{"display_name":"Universidad de las Artes","author_link":"https:\/\/www.uartes.edu.ec\/sitio\/encuentroilia\/author\/dircomadm\/"},"uagb_comment_info":0,"uagb_excerpt":"Actor y fot\u00f3grafo. Licenciado en Creaci\u00f3n Teatral por la Universidad de las Artes. Con un profundo inter\u00e9s por crear historias\/mundos desde la mirada, el pensamiento y el sentir. Enfocado en el trabajo desde\/para y con el cuerpo.","distributor_meta":false,"distributor_terms":false,"distributor_media":false,"distributor_original_site_name":"VIII Encuentro Internacional de Investigaci\u00f3n en Artes","distributor_original_site_url":"https:\/\/www.uartes.edu.ec\/sitio\/encuentroilia","push-errors":false,"_links":{"self":[{"href":"https:\/\/www.uartes.edu.ec\/sitio\/encuentroilia\/wp-json\/wp\/v2\/pages\/3074","targetHints":{"allow":["GET"]}}],"collection":[{"href":"https:\/\/www.uartes.edu.ec\/sitio\/encuentroilia\/wp-json\/wp\/v2\/pages"}],"about":[{"href":"https:\/\/www.uartes.edu.ec\/sitio\/encuentroilia\/wp-json\/wp\/v2\/types\/page"}],"author":[{"embeddable":true,"href":"https:\/\/www.uartes.edu.ec\/sitio\/encuentroilia\/wp-json\/wp\/v2\/users\/1"}],"replies":[{"embeddable":true,"href":"https:\/\/www.uartes.edu.ec\/sitio\/encuentroilia\/wp-json\/wp\/v2\/comments?post=3074"}],"version-history":[{"count":2,"href":"https:\/\/www.uartes.edu.ec\/sitio\/encuentroilia\/wp-json\/wp\/v2\/pages\/3074\/revisions"}],"predecessor-version":[{"id":3089,"href":"https:\/\/www.uartes.edu.ec\/sitio\/encuentroilia\/wp-json\/wp\/v2\/pages\/3074\/revisions\/3089"}],"up":[{"embeddable":true,"href":"https:\/\/www.uartes.edu.ec\/sitio\/encuentroilia\/wp-json\/wp\/v2\/pages\/2178"}],"wp:attachment":[{"href":"https:\/\/www.uartes.edu.ec\/sitio\/encuentroilia\/wp-json\/wp\/v2\/media?parent=3074"}],"curies":[{"name":"wp","href":"https:\/\/api.w.org\/{rel}","templated":true}]}}

Carlos Cedeño

<div class="wp-block-image"><figure class="alignright size-full is-resized"><img loading="lazy" decoding="async" src="http://www.uartes.edu.ec/sitio/encuentroilia/wp-content/uploads/sites/5/2021/09/DSC_0548-3.webp" alt="" class="wp-image-3068" width="250" height="250"/></figure></div>



<p>Actor y fotógrafo. Licenciado en Creación Teatral por la Universidad de las Artes. Con un profundo interés por crear historias/mundos desde la mirada, el pensamiento y el sentir. Enfocado en el trabajo desde/para y con el cuerpo.</p>

<p>Actor y fotógrafo. Licenciado en Creación Teatral por la Universidad de las Artes. Con un profundo interés por crear historias/mundos desde la mirada, el pensamiento y el sentir. Enfocado en el trabajo desde/para y con el cuerpo.</p>

Actor y fotógrafo. Licenciado en Creación Teatral por la Universidad de las Artes. Con un profundo interés por crear historias/mundos desde la mirada, el pensamiento y el sentir. Enfocado en el trabajo desde/para y con el cuerpo.

VIII Encuentro Internacional de Investigación en Artes
