{"id":106,"date":"2016-09-06T15:45:33","date_gmt":"2016-09-06T20:45:33","guid":{"rendered":"http:\/\/www.uartes.edu.ec\/fueradecampo\/?page_id=106"},"modified":"2026-03-04T18:29:31","modified_gmt":"2026-03-04T17:29:31","slug":"quienes-somos","status":"publish","type":"page","link":"https:\/\/www.uartes.edu.ec\/sitio\/fueradecampo\/quienes-somos\/","title":{"rendered":"Qui\u00e9nes somos"},"content":{"rendered":"\n<p><strong>FUERA DE CAMPO. REVISTA DE CINE<\/strong><br>Universidad de las Artes<br>ISSN 2661-6602<\/p>\n\n\n\n<figure class=\"wp-block-table is-style-stripes\"><table class=\"has-fixed-layout\"><thead><tr><th><strong>AUTORIDADES<\/strong><\/th><th><\/th><\/tr><\/thead><tbody><tr><td>Rector<\/td><td>Saidel Brito Lorenzo<\/td><\/tr><tr><td>Vicerectora Acad\u00e9mica<\/td><td>Yulianela P\u00e9rez Garc\u00eda<\/td><\/tr><tr><td>Vicerrector de Posgrados e Investigaci\u00f3n en Artes<\/td><td>Andrey Mijail Astaiza Vallejo<\/td><\/tr><tr><td>Directora de UArtes Ediciones<\/td><td>Gilda S\u00e1nchez<\/td><\/tr><\/tbody><\/table><\/figure>\n\n\n\n<figure class=\"wp-block-table is-style-stripes\"><table class=\"has-fixed-layout\"><thead><tr><th><strong>COMIT\u00c9 EDITORIAL<\/strong><\/th><th><\/th><\/tr><\/thead><tbody><tr><td>Pablo Vargas<\/td><td>Universidad de las Artes (Director)<\/td><\/tr><tr><td>Isabel Carrasco<\/td><td>Universidad de las Artes&nbsp; (Ecuador)<\/td><\/tr><tr><td>Jorge Flores&nbsp;<\/td><td>Universidad de las Artes (Ecuador)<\/td><\/tr><tr><td>Libertad Gills&nbsp;<\/td><td>University of Leeds&nbsp; (Reino Unido)<\/td><\/tr><tr><td>Arturo Serrano<\/td><td>The Core School&nbsp; (Espa\u00f1a)<\/td><\/tr><tr><td>Christian Le\u00f3n&nbsp;<\/td><td>Universidad Andina Sim\u00f3n Bol\u00edvar (Ecuador)<\/td><\/tr><\/tbody><\/table><\/figure>\n\n\n\n<figure class=\"wp-block-table is-style-stripes\"><table class=\"has-fixed-layout\"><thead><tr><th><strong>COMIT\u00c9 CIENT\u00cdFICO<\/strong><\/th><th><\/th><\/tr><\/thead><tbody><tr><td>Margot Benacerraf<\/td><td>Directora de cine (Venezuela) \u2020<\/td><\/tr><tr><td>Miguel Alfonso Bouhaben<\/td><td>Universidad Rey Juan Carlos (Espa\u00f1a)<\/td><\/tr><tr><td>Marta D\u00edaz<\/td><td>Universidad de las Artes\/ISA (Cuba)<\/td><\/tr><tr><td>Colin MacCabe<\/td><td>University of Pittsburgh (EEUU)<\/td><\/tr><tr><td>Gerry McCulloch Goldsmiths<\/td><td>University of London (Reino Unido)<\/td><\/tr><tr><td>Joseph Moure<\/td><td>Universidad Paris 1 Panth\u00e9on-Sorbonne (Francia)<\/td><\/tr><tr><td>Alquimia Pe\u00f1a<\/td><td>Fundaci\u00f3n del Nuevo Cine Latinoamericano (Cuba)<\/td><\/tr><tr><td>Paul Schroeder<\/td><td>Amherst College (Estados Unidos)<\/td><\/tr><\/tbody><\/table><\/figure>\n\n\n\n<p>Fuera de Campo es una revista semestral arbitrada de cine editada por la Universidad de las Artes a orillas del manso R\u00edo Guayas en la ciudad de Guayaquil, Ecuador. Todos los textos incluidos en la secci\u00f3n Art\u00edculos han sido sometidos al arbitraje ciego de dos expertos ajenos a la Universidad de las Artes. La Universidad de las Artes no es due\u00f1a de las im\u00e1genes fotogr\u00e1ficas que ilustran los art\u00edculos. En todos los casos hemos respetado el principio del uso justo de las fotograf\u00edas pues las mismas: a) tienen un fin acad\u00e9mico, b) no buscan el lucro y c) ilustran puntos sobre la pel\u00edcula de la que se habla. Para tratar cualquier asunto relacionado a los derechos de autor de las im\u00e1genes incluidas en la revista por favor p\u00f3ngase en contacto con nosotros.<\/p>\n","protected":false},"excerpt":{"rendered":"<p>FUERA DE CAMPO. REVISTA DE CINEUniversidad de las ArtesISSN 2661-6602 AUTORIDADES Rector Saidel Brito Lorenzo Vicerectora Acad\u00e9mica Yulianela P\u00e9rez Garc\u00eda Vicerrector de Posgrados e Investigaci\u00f3n en Artes Andrey Mijail Astaiza Vallejo Directora de UArtes Ediciones Gilda S\u00e1nchez COMIT\u00c9 EDITORIAL Pablo <a class=\"more-link\" href=\"https:\/\/www.uartes.edu.ec\/sitio\/fueradecampo\/quienes-somos\/\">Seguir leyendo <span class=\"screen-reader-text\">  Qui\u00e9nes somos<\/span><span class=\"meta-nav\">&rarr;<\/span><\/a><\/p>\n","protected":false},"author":1,"featured_media":0,"parent":0,"menu_order":0,"comment_status":"closed","ping_status":"closed","template":"","meta":{"_uag_custom_page_level_css":"","_monsterinsights_skip_tracking":false,"_monsterinsights_sitenote_active":false,"_monsterinsights_sitenote_note":"","_monsterinsights_sitenote_category":0,"cybocfi_hide_featured_image":"","footnotes":""},"class_list":["post-106","page","type-page","status-publish","hentry"],"uagb_featured_image_src":{"full":false,"thumbnail":false,"medium":false,"medium_large":false,"large":false,"1536x1536":false,"2048x2048":false,"featured-slider-larger":false,"featured-slider":false,"sow-carousel-default":false},"uagb_author_info":{"display_name":"Universidad de las Artes","author_link":"https:\/\/www.uartes.edu.ec\/sitio\/fueradecampo\/author\/dircomadm\/"},"uagb_comment_info":0,"uagb_excerpt":"FUERA DE CAMPO. REVISTA DE CINEUniversidad de las ArtesISSN 2661-6602 AUTORIDADES Rector Saidel Brito Lorenzo Vicerectora Acad\u00e9mica Yulianela P\u00e9rez Garc\u00eda Vicerrector de Posgrados e Investigaci\u00f3n en Artes Andrey Mijail Astaiza Vallejo Directora de UArtes Ediciones Gilda S\u00e1nchez COMIT\u00c9 EDITORIAL Pablo Seguir leyendo Qui\u00e9nes somos&rarr;","distributor_meta":false,"distributor_terms":false,"distributor_media":false,"distributor_original_site_name":"Fuera de campo","distributor_original_site_url":"https:\/\/www.uartes.edu.ec\/sitio\/fueradecampo","push-errors":false,"_links":{"self":[{"href":"https:\/\/www.uartes.edu.ec\/sitio\/fueradecampo\/wp-json\/wp\/v2\/pages\/106","targetHints":{"allow":["GET"]}}],"collection":[{"href":"https:\/\/www.uartes.edu.ec\/sitio\/fueradecampo\/wp-json\/wp\/v2\/pages"}],"about":[{"href":"https:\/\/www.uartes.edu.ec\/sitio\/fueradecampo\/wp-json\/wp\/v2\/types\/page"}],"author":[{"embeddable":true,"href":"https:\/\/www.uartes.edu.ec\/sitio\/fueradecampo\/wp-json\/wp\/v2\/users\/1"}],"replies":[{"embeddable":true,"href":"https:\/\/www.uartes.edu.ec\/sitio\/fueradecampo\/wp-json\/wp\/v2\/comments?post=106"}],"version-history":[{"count":5,"href":"https:\/\/www.uartes.edu.ec\/sitio\/fueradecampo\/wp-json\/wp\/v2\/pages\/106\/revisions"}],"predecessor-version":[{"id":859,"href":"https:\/\/www.uartes.edu.ec\/sitio\/fueradecampo\/wp-json\/wp\/v2\/pages\/106\/revisions\/859"}],"wp:attachment":[{"href":"https:\/\/www.uartes.edu.ec\/sitio\/fueradecampo\/wp-json\/wp\/v2\/media?parent=106"}],"curies":[{"name":"wp","href":"https:\/\/api.w.org\/{rel}","templated":true}]}}

Quiénes somos

<p><strong>FUERA DE CAMPO. REVISTA DE CINE</strong><br>Universidad de las Artes<br>ISSN 2661-6602</p>



<figure class="wp-block-table is-style-stripes"><table class="has-fixed-layout"><thead><tr><th><strong>AUTORIDADES</strong></th><th></th></tr></thead><tbody><tr><td>Rector</td><td>Saidel Brito Lorenzo</td></tr><tr><td>Vicerectora Académica</td><td>Yulianela Pérez García</td></tr><tr><td>Vicerrector de Posgrados e Investigación en Artes</td><td>Andrey Mijail Astaiza Vallejo</td></tr><tr><td>Directora de UArtes Ediciones</td><td>Gilda Sánchez</td></tr></tbody></table></figure>



<figure class="wp-block-table is-style-stripes"><table class="has-fixed-layout"><thead><tr><th><strong>COMITÉ EDITORIAL</strong></th><th></th></tr></thead><tbody><tr><td>Pablo Vargas</td><td>Universidad de las Artes (Director)</td></tr><tr><td>Isabel Carrasco</td><td>Universidad de las Artes&nbsp; (Ecuador)</td></tr><tr><td>Jorge Flores&nbsp;</td><td>Universidad de las Artes (Ecuador)</td></tr><tr><td>Libertad Gills&nbsp;</td><td>University of Leeds&nbsp; (Reino Unido)</td></tr><tr><td>Arturo Serrano</td><td>The Core School&nbsp; (España)</td></tr><tr><td>Christian León&nbsp;</td><td>Universidad Andina Simón Bolívar (Ecuador)</td></tr></tbody></table></figure>



<figure class="wp-block-table is-style-stripes"><table class="has-fixed-layout"><thead><tr><th><strong>COMITÉ CIENTÍFICO</strong></th><th></th></tr></thead><tbody><tr><td>Margot Benacerraf</td><td>Directora de cine (Venezuela) †</td></tr><tr><td>Miguel Alfonso Bouhaben</td><td>Universidad Rey Juan Carlos (España)</td></tr><tr><td>Marta Díaz</td><td>Universidad de las Artes/ISA (Cuba)</td></tr><tr><td>Colin MacCabe</td><td>University of Pittsburgh (EEUU)</td></tr><tr><td>Gerry McCulloch Goldsmiths</td><td>University of London (Reino Unido)</td></tr><tr><td>Joseph Moure</td><td>Universidad Paris 1 Panthéon-Sorbonne (Francia)</td></tr><tr><td>Alquimia Peña</td><td>Fundación del Nuevo Cine Latinoamericano (Cuba)</td></tr><tr><td>Paul Schroeder</td><td>Amherst College (Estados Unidos)</td></tr></tbody></table></figure>



<p>Fuera de Campo es una revista semestral arbitrada de cine editada por la Universidad de las Artes a orillas del manso Río Guayas en la ciudad de Guayaquil, Ecuador. Todos los textos incluidos en la sección Artículos han sido sometidos al arbitraje ciego de dos expertos ajenos a la Universidad de las Artes. La Universidad de las Artes no es dueña de las imágenes fotográficas que ilustran los artículos. En todos los casos hemos respetado el principio del uso justo de las fotografías pues las mismas: a) tienen un fin académico, b) no buscan el lucro y c) ilustran puntos sobre la película de la que se habla. Para tratar cualquier asunto relacionado a los derechos de autor de las imágenes incluidas en la revista por favor póngase en contacto con nosotros.</p>

<p>FUERA DE CAMPO. REVISTA DE CINEUniversidad de las ArtesISSN 2661-6602 AUTORIDADES Rector Saidel Brito Lorenzo Vicerectora Académica Yulianela Pérez García Vicerrector de Posgrados e Investigación en Artes Andrey Mijail Astaiza Vallejo Directora de UArtes Ediciones Gilda Sánchez COMITÉ EDITORIAL Pablo <a class="more-link" href="https://www.uartes.edu.ec/sitio/fueradecampo/quienes-somos/">Seguir leyendo <span class="screen-reader-text">  Quiénes somos</span><span class="meta-nav">&rarr;</span></a></p>

FUERA DE CAMPO. REVISTA DE CINEUniversidad de las ArtesISSN 2661-6602 AUTORIDADES Rector Saidel Brito Lorenzo Vicerectora Académica Yulianela Pérez García Vicerrector de Posgrados e Investigación en Artes Andrey Mijail Astaiza Vallejo Directora de UArtes Ediciones Gilda Sánchez COMITÉ EDITORIAL Pablo Seguir leyendo Quiénes somos&rarr;
