{"id":529,"date":"2020-07-29T17:19:34","date_gmt":"2020-07-29T22:19:34","guid":{"rendered":"http:\/\/www.uartes.edu.ec\/fueradecampo\/?page_id=529"},"modified":"2020-07-29T17:19:34","modified_gmt":"2020-07-29T22:19:34","slug":"politica-acceso-abierto-la-revista-campo-editada-la-universidad-las-artes","status":"publish","type":"page","link":"https:\/\/www.uartes.edu.ec\/sitio\/fueradecampo\/politica-acceso-abierto-la-revista-campo-editada-la-universidad-las-artes\/","title":{"rendered":"Pol\u00edtica de acceso abierto de la revista Fuera de Campo editada por la Universidad de las Artes"},"content":{"rendered":"<p>Fuera de Campo licencia su contenido seg\u00fan los t\u00e9rminos de la licencia <a href=\"https:\/\/creativecommons.org\/licenses\/by-nc-sa\/4.0\/deed.es\">CC BY-NC-SA 4.0<\/a> de Creative Commons. La propiedad intelectual y derechos de explotaci\u00f3n de los trabajos aceptados es de sus autores, no obstante el acceso a ellos es totalmente abierto y gratuito, por lo que podr\u00e1n ser reproducidos total o parcialmente con la \u00fanica limitaci\u00f3n de reconocer la autor\u00eda y la fuente de publicaci\u00f3n (<em>Fuera de Campo<\/em>), siempre y cuando dicha explotaci\u00f3n no tenga car\u00e1cter comercial.<\/p>\n","protected":false},"excerpt":{"rendered":"<p>Fuera de Campo licencia su contenido seg\u00fan los t\u00e9rminos de la licencia CC BY-NC-SA 4.0 de Creative Commons. La propiedad intelectual y derechos de explotaci\u00f3n de los trabajos aceptados es de sus autores, no obstante el acceso a ellos es <a class=\"more-link\" href=\"https:\/\/www.uartes.edu.ec\/sitio\/fueradecampo\/politica-acceso-abierto-la-revista-campo-editada-la-universidad-las-artes\/\">Seguir leyendo <span class=\"screen-reader-text\">  Pol\u00edtica de acceso abierto de la revista Fuera de Campo editada por la Universidad de las Artes<\/span><span class=\"meta-nav\">&rarr;<\/span><\/a><\/p>\n","protected":false},"author":1,"featured_media":0,"parent":0,"menu_order":0,"comment_status":"closed","ping_status":"closed","template":"","meta":{"_uag_custom_page_level_css":"","_monsterinsights_skip_tracking":false,"_monsterinsights_sitenote_active":false,"_monsterinsights_sitenote_note":"","_monsterinsights_sitenote_category":0,"cybocfi_hide_featured_image":"","footnotes":""},"class_list":["post-529","page","type-page","status-publish","hentry"],"uagb_featured_image_src":{"full":false,"thumbnail":false,"medium":false,"medium_large":false,"large":false,"1536x1536":false,"2048x2048":false,"featured-slider-larger":false,"featured-slider":false,"sow-carousel-default":false},"uagb_author_info":{"display_name":"Universidad de las Artes","author_link":"https:\/\/www.uartes.edu.ec\/sitio\/fueradecampo\/author\/dircomadm\/"},"uagb_comment_info":0,"uagb_excerpt":"Fuera de Campo licencia su contenido seg\u00fan los t\u00e9rminos de la licencia CC BY-NC-SA 4.0 de Creative Commons. La propiedad intelectual y derechos de explotaci\u00f3n de los trabajos aceptados es de sus autores, no obstante el acceso a ellos es Seguir leyendo Pol\u00edtica de acceso abierto de la revista Fuera de Campo editada por la&hellip;","distributor_meta":false,"distributor_terms":false,"distributor_media":false,"distributor_original_site_name":"Fuera de campo","distributor_original_site_url":"https:\/\/www.uartes.edu.ec\/sitio\/fueradecampo","push-errors":false,"_links":{"self":[{"href":"https:\/\/www.uartes.edu.ec\/sitio\/fueradecampo\/wp-json\/wp\/v2\/pages\/529","targetHints":{"allow":["GET"]}}],"collection":[{"href":"https:\/\/www.uartes.edu.ec\/sitio\/fueradecampo\/wp-json\/wp\/v2\/pages"}],"about":[{"href":"https:\/\/www.uartes.edu.ec\/sitio\/fueradecampo\/wp-json\/wp\/v2\/types\/page"}],"author":[{"embeddable":true,"href":"https:\/\/www.uartes.edu.ec\/sitio\/fueradecampo\/wp-json\/wp\/v2\/users\/1"}],"replies":[{"embeddable":true,"href":"https:\/\/www.uartes.edu.ec\/sitio\/fueradecampo\/wp-json\/wp\/v2\/comments?post=529"}],"version-history":[{"count":0,"href":"https:\/\/www.uartes.edu.ec\/sitio\/fueradecampo\/wp-json\/wp\/v2\/pages\/529\/revisions"}],"wp:attachment":[{"href":"https:\/\/www.uartes.edu.ec\/sitio\/fueradecampo\/wp-json\/wp\/v2\/media?parent=529"}],"curies":[{"name":"wp","href":"https:\/\/api.w.org\/{rel}","templated":true}]}}