{"id":535,"date":"2020-08-27T12:15:35","date_gmt":"2020-08-27T17:15:35","guid":{"rendered":"http:\/\/www.uartes.edu.ec\/fueradecampo\/?page_id=535"},"modified":"2020-08-27T12:15:35","modified_gmt":"2020-08-27T17:15:35","slug":"cfp-dossier-cine-fernando-birri","status":"publish","type":"page","link":"https:\/\/www.uartes.edu.ec\/sitio\/fueradecampo\/instrucciones-para-autores\/cfp-dossier-cine-fernando-birri\/","title":{"rendered":"CFP Dossier: El cine de Fernando Birri"},"content":{"rendered":"\n<h3 class=\"has-text-align-center wp-block-heading\"><strong>CALL FOR PAPERS<br><\/strong><strong>LLAMADO DE ART\u00cdCULOS<br><\/strong><strong><em>Fuera de Campo. Revista de cine<br><\/em><\/strong><strong>Volumen V, N\u00famero 2, mayo 2021<\/strong><\/h3>\n\n\n\n<h4 class=\"has-text-align-center wp-block-heading\"><strong>CFP Dossier: <em>El cine de Fernando Birri<br><\/em><\/strong><strong>RECEPCI\u00d3N DE ART\u00cdCULOS hasta el 30 de noviembre de 2020<\/strong><\/h4>\n\n\n\n<h4 class=\"has-text-align-center wp-block-heading\"><strong>1er Monogr\u00e1fico<br><\/strong><strong style=\"font-size: 15px\"><em>Fuera de Campo<\/em> &#8211; Ojoloco Festival de cine \u00edb\u00e9rico<br><\/strong><strong>y latinoamericano de Grenoble<\/strong><\/h4>\n\n\n\n<div class=\"wp-block-image is-style-default\"><figure class=\"alignleft size-large is-resized\"><img fetchpriority=\"high\" decoding=\"async\" src=\"http:\/\/www.uartes.edu.ec\/sitio\/fueradecampo\/wp-content\/uploads\/sites\/36\/2020\/08\/biri.jpg\" alt=\"\" class=\"wp-image-540\" width=\"267\" height=\"474\" srcset=\"https:\/\/www.uartes.edu.ec\/sitio\/fueradecampo\/wp-content\/uploads\/sites\/36\/2020\/08\/biri.jpg 304w, https:\/\/www.uartes.edu.ec\/sitio\/fueradecampo\/wp-content\/uploads\/sites\/36\/2020\/08\/biri-169x300.jpg 169w\" sizes=\"(max-width: 267px) 100vw, 267px\" \/><\/figure><\/div>\n\n\n\n<p>Coordinadores invitados:<\/p>\n\n\n\n<p>&#8211; Rafael Cabrera Collazo (Ph.D. Universidad Interamericana de Puerto Rico)<\/p>\n\n\n\n<p>&#8211; Jordi Macarro Fern\u00e1ndez (Ph.D. Universit\u00e9 de Lille, Francia)<\/p>\n\n\n\n<p>-Quentin Richard (Asociaci\u00f3n Fasolatino &#8211; Festival de Cine Ojoloco)<\/p>\n\n\n\n<p>-Alberto Robles Delgado (Universidad de Alicante)<\/p>\n\n\n\n<p>La revista <em>Fuera de Campo<\/em> de la Universidad de las Artes de Guayaquil tiene el placer de anunciar su primera colaboraci\u00f3n externa con el Festival de cine Ojoloco de Grenoble, consagrado desde sus or\u00edgenes al cine ib\u00e9rico y latinoamericano. Para su pr\u00f3xima edici\u00f3n, en la primavera de 2021, y en colaboraci\u00f3n con la <em>Cin\u00e9matheque<\/em> de Grenoble, la retrospectiva del festival se centrar\u00e1 en la obra del cineasta argentino Fernando Birri (1925-2017). Por esa raz\u00f3n, hacemos este llamado de art\u00edculos para un n\u00famero monogr\u00e1fico sobre el cine de Fernando Birri.<\/p>\n\n\n\n<p>Entre otros, proponemos como posibles ejes de investigaci\u00f3n para el monogr\u00e1fico:<\/p>\n\n\n\n<ul class=\"wp-block-list\"><li>Est\u00e9tica, semi\u00f3tica, textos y contextos en la producci\u00f3n f\u00edlmica de Fernando Birri.<\/li><li>Influencias y legado de Birri en el contexto audiovisual iberoamericano.<\/li><li>Entrevistas, reflexiones y relatos de experiencia.<\/li><\/ul>\n\n\n\n<p>Los art\u00edculos podr\u00e1n ser redactados en espa\u00f1ol, ingl\u00e9s o franc\u00e9s.<\/p>\n\n\n\n<p>Para informaci\u00f3n adicional, puede consultar la pesta\u00f1a \u201c<a href=\"http:\/\/www.uartes.edu.ec\/fueradecampo\/?page_id=208\">Instrucciones para los autores<\/a>\u201d.<\/p>\n","protected":false},"excerpt":{"rendered":"<p>CALL FOR PAPERSLLAMADO DE ART\u00cdCULOSFuera de Campo. Revista de cineVolumen V, N\u00famero 2, mayo 2021 CFP Dossier: El cine de Fernando BirriRECEPCI\u00d3N DE ART\u00cdCULOS hasta el 30 de noviembre de 2020 1er Monogr\u00e1ficoFuera de Campo &#8211; Ojoloco Festival de cine <a class=\"more-link\" href=\"https:\/\/www.uartes.edu.ec\/sitio\/fueradecampo\/instrucciones-para-autores\/cfp-dossier-cine-fernando-birri\/\">Seguir leyendo <span class=\"screen-reader-text\">  CFP Dossier: El cine de Fernando Birri<\/span><span class=\"meta-nav\">&rarr;<\/span><\/a><\/p>\n","protected":false},"author":1,"featured_media":0,"parent":208,"menu_order":0,"comment_status":"closed","ping_status":"closed","template":"","meta":{"_uag_custom_page_level_css":"","_monsterinsights_skip_tracking":false,"_monsterinsights_sitenote_active":false,"_monsterinsights_sitenote_note":"","_monsterinsights_sitenote_category":0,"cybocfi_hide_featured_image":"","footnotes":""},"class_list":["post-535","page","type-page","status-publish","hentry"],"uagb_featured_image_src":{"full":false,"thumbnail":false,"medium":false,"medium_large":false,"large":false,"1536x1536":false,"2048x2048":false,"featured-slider-larger":false,"featured-slider":false,"sow-carousel-default":false},"uagb_author_info":{"display_name":"Universidad de las Artes","author_link":"https:\/\/www.uartes.edu.ec\/sitio\/fueradecampo\/author\/dircomadm\/"},"uagb_comment_info":0,"uagb_excerpt":"CALL FOR PAPERSLLAMADO DE ART\u00cdCULOSFuera de Campo. Revista de cineVolumen V, N\u00famero 2, mayo 2021 CFP Dossier: El cine de Fernando BirriRECEPCI\u00d3N DE ART\u00cdCULOS hasta el 30 de noviembre de 2020 1er Monogr\u00e1ficoFuera de Campo &#8211; Ojoloco Festival de cine Seguir leyendo CFP Dossier: El cine de Fernando Birri&rarr;","distributor_meta":false,"distributor_terms":false,"distributor_media":false,"distributor_original_site_name":"Fuera de campo","distributor_original_site_url":"https:\/\/www.uartes.edu.ec\/sitio\/fueradecampo","push-errors":false,"_links":{"self":[{"href":"https:\/\/www.uartes.edu.ec\/sitio\/fueradecampo\/wp-json\/wp\/v2\/pages\/535","targetHints":{"allow":["GET"]}}],"collection":[{"href":"https:\/\/www.uartes.edu.ec\/sitio\/fueradecampo\/wp-json\/wp\/v2\/pages"}],"about":[{"href":"https:\/\/www.uartes.edu.ec\/sitio\/fueradecampo\/wp-json\/wp\/v2\/types\/page"}],"author":[{"embeddable":true,"href":"https:\/\/www.uartes.edu.ec\/sitio\/fueradecampo\/wp-json\/wp\/v2\/users\/1"}],"replies":[{"embeddable":true,"href":"https:\/\/www.uartes.edu.ec\/sitio\/fueradecampo\/wp-json\/wp\/v2\/comments?post=535"}],"version-history":[{"count":0,"href":"https:\/\/www.uartes.edu.ec\/sitio\/fueradecampo\/wp-json\/wp\/v2\/pages\/535\/revisions"}],"up":[{"embeddable":true,"href":"https:\/\/www.uartes.edu.ec\/sitio\/fueradecampo\/wp-json\/wp\/v2\/pages\/208"}],"wp:attachment":[{"href":"https:\/\/www.uartes.edu.ec\/sitio\/fueradecampo\/wp-json\/wp\/v2\/media?parent=535"}],"curies":[{"name":"wp","href":"https:\/\/api.w.org\/{rel}","templated":true}]}}

<h3 class="has-text-align-center wp-block-heading"><strong>CALL FOR PAPERS<br></strong><strong>LLAMADO DE ARTÍCULOS<br></strong><strong><em>Fuera de Campo. Revista de cine<br></em></strong><strong>Volumen V, Número 2, mayo 2021</strong></h3>



<h4 class="has-text-align-center wp-block-heading"><strong>CFP Dossier: <em>El cine de Fernando Birri<br></em></strong><strong>RECEPCIÓN DE ARTÍCULOS hasta el 30 de noviembre de 2020</strong></h4>



<h4 class="has-text-align-center wp-block-heading"><strong>1er Monográfico<br></strong><strong style="font-size: 15px"><em>Fuera de Campo</em> &#8211; Ojoloco Festival de cine íbérico<br></strong><strong>y latinoamericano de Grenoble</strong></h4>



<div class="wp-block-image is-style-default"><figure class="alignleft size-large is-resized"><img fetchpriority="high" decoding="async" src="http://www.uartes.edu.ec/sitio/fueradecampo/wp-content/uploads/sites/36/2020/08/biri.jpg" alt="" class="wp-image-540" width="267" height="474" srcset="https://www.uartes.edu.ec/sitio/fueradecampo/wp-content/uploads/sites/36/2020/08/biri.jpg 304w, https://www.uartes.edu.ec/sitio/fueradecampo/wp-content/uploads/sites/36/2020/08/biri-169x300.jpg 169w" sizes="(max-width: 267px) 100vw, 267px" /></figure></div>



<p>Coordinadores invitados:</p>



<p>&#8211; Rafael Cabrera Collazo (Ph.D. Universidad Interamericana de Puerto Rico)</p>



<p>&#8211; Jordi Macarro Fernández (Ph.D. Université de Lille, Francia)</p>



<p>-Quentin Richard (Asociación Fasolatino &#8211; Festival de Cine Ojoloco)</p>



<p>-Alberto Robles Delgado (Universidad de Alicante)</p>



<p>La revista <em>Fuera de Campo</em> de la Universidad de las Artes de Guayaquil tiene el placer de anunciar su primera colaboración externa con el Festival de cine Ojoloco de Grenoble, consagrado desde sus orígenes al cine ibérico y latinoamericano. Para su próxima edición, en la primavera de 2021, y en colaboración con la <em>Cinématheque</em> de Grenoble, la retrospectiva del festival se centrará en la obra del cineasta argentino Fernando Birri (1925-2017). Por esa razón, hacemos este llamado de artículos para un número monográfico sobre el cine de Fernando Birri.</p>



<p>Entre otros, proponemos como posibles ejes de investigación para el monográfico:</p>



<ul class="wp-block-list"><li>Estética, semiótica, textos y contextos en la producción fílmica de Fernando Birri.</li><li>Influencias y legado de Birri en el contexto audiovisual iberoamericano.</li><li>Entrevistas, reflexiones y relatos de experiencia.</li></ul>



<p>Los artículos podrán ser redactados en español, inglés o francés.</p>



<p>Para información adicional, puede consultar la pestaña “<a href="http://www.uartes.edu.ec/fueradecampo/?page_id=208">Instrucciones para los autores</a>”.</p>

<p>CALL FOR PAPERSLLAMADO DE ARTÍCULOSFuera de Campo. Revista de cineVolumen V, Número 2, mayo 2021 CFP Dossier: El cine de Fernando BirriRECEPCIÓN DE ARTÍCULOS hasta el 30 de noviembre de 2020 1er MonográficoFuera de Campo &#8211; Ojoloco Festival de cine <a class="more-link" href="https://www.uartes.edu.ec/sitio/fueradecampo/instrucciones-para-autores/cfp-dossier-cine-fernando-birri/">Seguir leyendo <span class="screen-reader-text">  CFP Dossier: El cine de Fernando Birri</span><span class="meta-nav">&rarr;</span></a></p>

CALL FOR PAPERSLLAMADO DE ARTÍCULOSFuera de Campo. Revista de cineVolumen V, Número 2, mayo 2021 CFP Dossier: El cine de Fernando BirriRECEPCIÓN DE ARTÍCULOS hasta el 30 de noviembre de 2020 1er MonográficoFuera de Campo &#8211; Ojoloco Festival de cine Seguir leyendo CFP Dossier: El cine de Fernando Birri&rarr;
