{"id":1946,"date":"2021-04-13T16:34:54","date_gmt":"2021-04-13T21:34:54","guid":{"rendered":"http:\/\/www.uartes.edu.ec\/sitio\/preliminar\/?page_id=1946"},"modified":"2026-03-04T14:51:42","modified_gmt":"2026-03-04T19:51:42","slug":"convocatoria","status":"publish","type":"page","link":"http:\/\/www.uartes.edu.ec\/sitio\/preliminar\/convocatoria\/","title":{"rendered":"Convocatoria"},"content":{"rendered":"\t\t<div data-elementor-type=\"wp-page\" data-elementor-id=\"1946\" class=\"elementor elementor-1946\" data-elementor-post-type=\"page\">\n\t\t\t\t\t\t<section class=\"elementor-section elementor-top-section elementor-element elementor-element-14ac533e elementor-section-boxed elementor-section-height-default elementor-section-height-default\" data-id=\"14ac533e\" data-element_type=\"section\" data-e-type=\"section\">\n\t\t\t\t\t\t<div class=\"elementor-container elementor-column-gap-default\">\n\t\t\t\t\t<div class=\"elementor-column elementor-col-100 elementor-top-column elementor-element elementor-element-323b0a89\" data-id=\"323b0a89\" data-element_type=\"column\" data-e-type=\"column\">\n\t\t\t<div class=\"elementor-widget-wrap elementor-element-populated\">\n\t\t\t\t\t\t<div class=\"elementor-element elementor-element-04b52b4 elementor-grid-2 elementor-grid-tablet-2 elementor-grid-mobile-1 elementor-posts--thumbnail-top elementor-widget elementor-widget-posts\" data-id=\"04b52b4\" data-element_type=\"widget\" data-e-type=\"widget\" data-settings=\"{&quot;classic_columns&quot;:&quot;2&quot;,&quot;classic_columns_tablet&quot;:&quot;2&quot;,&quot;classic_columns_mobile&quot;:&quot;1&quot;,&quot;classic_row_gap&quot;:{&quot;unit&quot;:&quot;px&quot;,&quot;size&quot;:35,&quot;sizes&quot;:[]},&quot;classic_row_gap_tablet&quot;:{&quot;unit&quot;:&quot;px&quot;,&quot;size&quot;:&quot;&quot;,&quot;sizes&quot;:[]},&quot;classic_row_gap_mobile&quot;:{&quot;unit&quot;:&quot;px&quot;,&quot;size&quot;:&quot;&quot;,&quot;sizes&quot;:[]}}\" data-widget_type=\"posts.classic\">\n\t\t\t\t<div class=\"elementor-widget-container\">\n\t\t\t\t\t\t\t<div class=\"elementor-posts-container elementor-posts elementor-posts--skin-classic elementor-grid\" role=\"list\">\n\t\t\t\t<article class=\"elementor-post elementor-grid-item post-3997 post type-post status-publish format-standard has-post-thumbnail hentry category-convocatorias\" role=\"listitem\">\n\t\t\t\t<a class=\"elementor-post__thumbnail__link\" href=\"http:\/\/www.uartes.edu.ec\/sitio\/preliminar\/convocatoria-noctografias-escrituras-para-sostener-la-noche\/\" tabindex=\"-1\" >\n\t\t\t<div class=\"elementor-post__thumbnail\"><img fetchpriority=\"high\" decoding=\"async\" width=\"768\" height=\"512\" src=\"https:\/\/www.uartes.edu.ec\/sitio\/preliminar\/wp-content\/uploads\/sites\/17\/2026\/03\/convocatoria-noctografias-768x512.jpg\" class=\"attachment-medium_large size-medium_large wp-image-3998\" alt=\"\" srcset=\"https:\/\/www.uartes.edu.ec\/sitio\/preliminar\/wp-content\/uploads\/sites\/17\/2026\/03\/convocatoria-noctografias-768x512.jpg 768w, https:\/\/www.uartes.edu.ec\/sitio\/preliminar\/wp-content\/uploads\/sites\/17\/2026\/03\/convocatoria-noctografias-300x200.jpg 300w, https:\/\/www.uartes.edu.ec\/sitio\/preliminar\/wp-content\/uploads\/sites\/17\/2026\/03\/convocatoria-noctografias-1024x682.jpg 1024w, https:\/\/www.uartes.edu.ec\/sitio\/preliminar\/wp-content\/uploads\/sites\/17\/2026\/03\/convocatoria-noctografias-1536x1024.jpg 1536w, https:\/\/www.uartes.edu.ec\/sitio\/preliminar\/wp-content\/uploads\/sites\/17\/2026\/03\/convocatoria-noctografias-205x137.jpg 205w, https:\/\/www.uartes.edu.ec\/sitio\/preliminar\/wp-content\/uploads\/sites\/17\/2026\/03\/convocatoria-noctografias-480x320.jpg 480w, https:\/\/www.uartes.edu.ec\/sitio\/preliminar\/wp-content\/uploads\/sites\/17\/2026\/03\/convocatoria-noctografias.jpg 2000w\" sizes=\"(max-width: 768px) 100vw, 768px\" \/><\/div>\n\t\t<\/a>\n\t\t\t\t<div class=\"elementor-post__text\">\n\t\t\t\t<h3 class=\"elementor-post__title\">\n\t\t\t<a href=\"http:\/\/www.uartes.edu.ec\/sitio\/preliminar\/convocatoria-noctografias-escrituras-para-sostener-la-noche\/\" >\n\t\t\t\tConvocatoria: Noctograf\u00edas &#8211; Escrituras para sostener la noche\t\t\t<\/a>\n\t\t<\/h3>\n\t\t\t\t<div class=\"elementor-post__meta-data\">\n\t\t\t\t\t<span class=\"elementor-post-date\">\n\t\t\t4 de marzo de 2026\t\t<\/span>\n\t\t\t\t<\/div>\n\t\t\t\t<div class=\"elementor-post__excerpt\">\n\t\t\t<p class=\"excerpt\">En esta convocatoria de Preliminar, la noche se ubica como experiencia, espacio e inspiraci\u00f3n. Nos interesan las formas en que la escritura se afecta por la noche y sus relaciones con lo nocturno: los ruidos, las im\u00e1genes, el silencio, lo on\u00edrico, la soledad; y c\u00f3mo todo ello se puede transformar en literatura. <\/p>\n\t\t<\/div>\n\t\t\n\t\t<a class=\"elementor-post__read-more\" href=\"http:\/\/www.uartes.edu.ec\/sitio\/preliminar\/convocatoria-noctografias-escrituras-para-sostener-la-noche\/\" aria-label=\"M\u00e1s informaci\u00f3n sobre Convocatoria: Noctograf\u00edas &#8211; Escrituras para sostener la noche\" tabindex=\"-1\" >\n\t\t\tM\u00e1s detalles\t\t<\/a>\n\n\t\t\t\t<\/div>\n\t\t\t\t<\/article>\n\t\t\t\t<article class=\"elementor-post elementor-grid-item post-2143 post type-post status-publish format-standard has-post-thumbnail hentry category-convocatorias\" role=\"listitem\">\n\t\t\t\t<a class=\"elementor-post__thumbnail__link\" href=\"https:\/\/www.uartes.edu.ec\/sitio\/preliminar\/convocatoria-abierta-de-preliminar-cuadernos-de-trabajo-coleccion-estudiantes-y-docentes\/\" tabindex=\"-1\" >\n\t\t\t<div class=\"elementor-post__thumbnail\"><img decoding=\"async\" width=\"768\" height=\"512\" src=\"https:\/\/www.uartes.edu.ec\/sitio\/preliminar\/wp-content\/uploads\/sites\/17\/2022\/02\/Convocatoria-abierta-Preliminar-768x512.jpeg\" class=\"attachment-medium_large size-medium_large wp-image-2144\" alt=\"\" srcset=\"https:\/\/www.uartes.edu.ec\/sitio\/preliminar\/wp-content\/uploads\/sites\/17\/2022\/02\/Convocatoria-abierta-Preliminar-768x512.jpeg 768w, https:\/\/www.uartes.edu.ec\/sitio\/preliminar\/wp-content\/uploads\/sites\/17\/2022\/02\/Convocatoria-abierta-Preliminar-300x200.jpeg 300w, https:\/\/www.uartes.edu.ec\/sitio\/preliminar\/wp-content\/uploads\/sites\/17\/2022\/02\/Convocatoria-abierta-Preliminar-600x400.jpeg 600w, https:\/\/www.uartes.edu.ec\/sitio\/preliminar\/wp-content\/uploads\/sites\/17\/2022\/02\/Convocatoria-abierta-Preliminar-272x182.jpeg 272w, https:\/\/www.uartes.edu.ec\/sitio\/preliminar\/wp-content\/uploads\/sites\/17\/2022\/02\/Convocatoria-abierta-Preliminar.jpeg 1024w\" sizes=\"(max-width: 768px) 100vw, 768px\" \/><\/div>\n\t\t<\/a>\n\t\t\t\t<div class=\"elementor-post__text\">\n\t\t\t\t<h3 class=\"elementor-post__title\">\n\t\t\t<a href=\"https:\/\/www.uartes.edu.ec\/sitio\/preliminar\/convocatoria-abierta-de-preliminar-cuadernos-de-trabajo-coleccion-estudiantes-y-docentes\/\" >\n\t\t\t\tConvocatoria abierta de Preliminar, Cuadernos de Trabajo: colecci\u00f3n estudiantes y docentes\t\t\t<\/a>\n\t\t<\/h3>\n\t\t\t\t<div class=\"elementor-post__meta-data\">\n\t\t\t\t\t<span class=\"elementor-post-date\">\n\t\t\t3 de febrero de 2022\t\t<\/span>\n\t\t\t\t<\/div>\n\t\t\t\t<div class=\"elementor-post__excerpt\">\n\t\t\t<p class=\"excerpt\">Descripci\u00f3n Dirigido a Fechas de la convocatoria Postula aqu\u00ed Bases de postulaci\u00f3n Documentos de postulaci\u00f3n Descripci\u00f3n Preliminar: cuadernos de trabajo es una colecci\u00f3n digital del<\/p>\n\t\t<\/div>\n\t\t\n\t\t<a class=\"elementor-post__read-more\" href=\"https:\/\/www.uartes.edu.ec\/sitio\/preliminar\/convocatoria-abierta-de-preliminar-cuadernos-de-trabajo-coleccion-estudiantes-y-docentes\/\" aria-label=\"M\u00e1s informaci\u00f3n sobre Convocatoria abierta de Preliminar, Cuadernos de Trabajo: colecci\u00f3n estudiantes y docentes\" tabindex=\"-1\" >\n\t\t\tM\u00e1s detalles\t\t<\/a>\n\n\t\t\t\t<\/div>\n\t\t\t\t<\/article>\n\t\t\t\t<article class=\"elementor-post elementor-grid-item post-1986 post type-post status-publish format-standard has-post-thumbnail hentry category-convocatorias\" role=\"listitem\">\n\t\t\t\t<a class=\"elementor-post__thumbnail__link\" href=\"http:\/\/www.uartes.edu.ec\/sitio\/preliminar\/convocatoria-preliminar-3ra-convocatoria-abierta-coleccion-estudiantes-y-docentes\/\" tabindex=\"-1\" >\n\t\t\t<div class=\"elementor-post__thumbnail\"><img decoding=\"async\" width=\"768\" height=\"512\" src=\"https:\/\/www.uartes.edu.ec\/sitio\/preliminar\/wp-content\/uploads\/sites\/17\/2021\/05\/CONVOCATORIA-PELIMINAR-web-768x512.jpg\" class=\"attachment-medium_large size-medium_large wp-image-1987\" alt=\"\" srcset=\"https:\/\/www.uartes.edu.ec\/sitio\/preliminar\/wp-content\/uploads\/sites\/17\/2021\/05\/CONVOCATORIA-PELIMINAR-web-768x512.jpg 768w, https:\/\/www.uartes.edu.ec\/sitio\/preliminar\/wp-content\/uploads\/sites\/17\/2021\/05\/CONVOCATORIA-PELIMINAR-web-300x200.jpg 300w, https:\/\/www.uartes.edu.ec\/sitio\/preliminar\/wp-content\/uploads\/sites\/17\/2021\/05\/CONVOCATORIA-PELIMINAR-web-1024x682.jpg 1024w, https:\/\/www.uartes.edu.ec\/sitio\/preliminar\/wp-content\/uploads\/sites\/17\/2021\/05\/CONVOCATORIA-PELIMINAR-web-1536x1024.jpg 1536w, https:\/\/www.uartes.edu.ec\/sitio\/preliminar\/wp-content\/uploads\/sites\/17\/2021\/05\/CONVOCATORIA-PELIMINAR-web-600x400.jpg 600w, https:\/\/www.uartes.edu.ec\/sitio\/preliminar\/wp-content\/uploads\/sites\/17\/2021\/05\/CONVOCATORIA-PELIMINAR-web-272x182.jpg 272w, https:\/\/www.uartes.edu.ec\/sitio\/preliminar\/wp-content\/uploads\/sites\/17\/2021\/05\/CONVOCATORIA-PELIMINAR-web.jpg 2000w\" sizes=\"(max-width: 768px) 100vw, 768px\" \/><\/div>\n\t\t<\/a>\n\t\t\t\t<div class=\"elementor-post__text\">\n\t\t\t\t<h3 class=\"elementor-post__title\">\n\t\t\t<a href=\"http:\/\/www.uartes.edu.ec\/sitio\/preliminar\/convocatoria-preliminar-3ra-convocatoria-abierta-coleccion-estudiantes-y-docentes\/\" >\n\t\t\t\t[CONVOCATORIA CERRADA] Convocatoria Preliminar: 3ra Convocatoria abierta, colecci\u00f3n estudiantes y docentes\t\t\t<\/a>\n\t\t<\/h3>\n\t\t\t\t<div class=\"elementor-post__meta-data\">\n\t\t\t\t\t<span class=\"elementor-post-date\">\n\t\t\t12 de mayo de 2021\t\t<\/span>\n\t\t\t\t<\/div>\n\t\t\t\t<div class=\"elementor-post__excerpt\">\n\t\t\t<p class=\"excerpt\">Preliminar: cuadernos de trabajo es una colecci\u00f3n digital del ILIA que busca recopilar documentos de texto y proyectos art\u00edsticos de los\/as estudiantes de la UArtes (pregrado, postgrado, egresados y graduados), a trav\u00e9s de colecciones de estudiantes y colecciones curadas por docentes.<\/p>\n\t\t<\/div>\n\t\t\n\t\t<a class=\"elementor-post__read-more\" href=\"http:\/\/www.uartes.edu.ec\/sitio\/preliminar\/convocatoria-preliminar-3ra-convocatoria-abierta-coleccion-estudiantes-y-docentes\/\" aria-label=\"M\u00e1s informaci\u00f3n sobre [CONVOCATORIA CERRADA] Convocatoria Preliminar: 3ra Convocatoria abierta, colecci\u00f3n estudiantes y docentes\" tabindex=\"-1\" >\n\t\t\tM\u00e1s detalles\t\t<\/a>\n\n\t\t\t\t<\/div>\n\t\t\t\t<\/article>\n\t\t\t\t<\/div>\n\t\t\n\t\t\t\t\t\t<\/div>\n\t\t\t\t<\/div>\n\t\t\t\t\t<\/div>\n\t\t<\/div>\n\t\t\t\t\t<\/div>\n\t\t<\/section>\n\t\t\t\t<\/div>\n\t\t","protected":false},"excerpt":{"rendered":"","protected":false},"author":1,"featured_media":0,"parent":0,"menu_order":0,"comment_status":"closed","ping_status":"closed","template":"","meta":{"_uag_custom_page_level_css":"","_monsterinsights_skip_tracking":false,"_monsterinsights_sitenote_active":false,"_monsterinsights_sitenote_note":"","_monsterinsights_sitenote_category":0,"cybocfi_hide_featured_image":"","footnotes":""},"tnc_tax_2229":[],"class_list":["post-1946","page","type-page","status-publish","hentry"],"uagb_featured_image_src":{"full":false,"thumbnail":false,"medium":false,"medium_large":false,"large":false,"1536x1536":false,"2048x2048":false,"tainacan-small":false,"tainacan-medium":false,"tainacan-medium-full":false,"tainacan-large-full":false,"layers-square-large":false,"layers-portrait-large":false,"layers-landscape-large":false,"layers-square-medium":false,"layers-portrait-medium":false,"layers-landscape-medium":false},"uagb_author_info":{"display_name":"Universidad de las Artes","author_link":"https:\/\/www.uartes.edu.ec\/sitio\/preliminar\/author\/dircomadm\/"},"uagb_comment_info":0,"uagb_excerpt":null,"distributor_meta":false,"distributor_terms":false,"distributor_media":false,"distributor_original_site_name":"Preliminar","distributor_original_site_url":"https:\/\/www.uartes.edu.ec\/sitio\/preliminar","push-errors":false,"_links":{"self":[{"href":"https:\/\/www.uartes.edu.ec\/sitio\/preliminar\/wp-json\/wp\/v2\/pages\/1946","targetHints":{"allow":["GET"]}}],"collection":[{"href":"https:\/\/www.uartes.edu.ec\/sitio\/preliminar\/wp-json\/wp\/v2\/pages"}],"about":[{"href":"https:\/\/www.uartes.edu.ec\/sitio\/preliminar\/wp-json\/wp\/v2\/types\/page"}],"author":[{"embeddable":true,"href":"https:\/\/www.uartes.edu.ec\/sitio\/preliminar\/wp-json\/wp\/v2\/users\/1"}],"replies":[{"embeddable":true,"href":"https:\/\/www.uartes.edu.ec\/sitio\/preliminar\/wp-json\/wp\/v2\/comments?post=1946"}],"version-history":[{"count":17,"href":"https:\/\/www.uartes.edu.ec\/sitio\/preliminar\/wp-json\/wp\/v2\/pages\/1946\/revisions"}],"predecessor-version":[{"id":4005,"href":"https:\/\/www.uartes.edu.ec\/sitio\/preliminar\/wp-json\/wp\/v2\/pages\/1946\/revisions\/4005"}],"wp:attachment":[{"href":"https:\/\/www.uartes.edu.ec\/sitio\/preliminar\/wp-json\/wp\/v2\/media?parent=1946"}],"wp:term":[{"taxonomy":"tnc_tax_2229","embeddable":true,"href":"https:\/\/www.uartes.edu.ec\/sitio\/preliminar\/wp-json\/wp\/v2\/tnc_tax_2229?post=1946"}],"curies":[{"name":"wp","href":"https:\/\/api.w.org\/{rel}","templated":true}]}}

<div data-elementor-type="wp-page" data-elementor-id="1946" class="elementor elementor-1946" data-elementor-post-type="page">
						<section class="elementor-section elementor-top-section elementor-element elementor-element-14ac533e elementor-section-boxed elementor-section-height-default elementor-section-height-default" data-id="14ac533e" data-element_type="section" data-e-type="section">
						<div class="elementor-container elementor-column-gap-default">
					<div class="elementor-column elementor-col-100 elementor-top-column elementor-element elementor-element-323b0a89" data-id="323b0a89" data-element_type="column" data-e-type="column">
			<div class="elementor-widget-wrap elementor-element-populated">
						<div class="elementor-element elementor-element-04b52b4 elementor-grid-2 elementor-grid-tablet-2 elementor-grid-mobile-1 elementor-posts--thumbnail-top elementor-widget elementor-widget-posts" data-id="04b52b4" data-element_type="widget" data-e-type="widget" data-settings="{&quot;classic_columns&quot;:&quot;2&quot;,&quot;classic_columns_tablet&quot;:&quot;2&quot;,&quot;classic_columns_mobile&quot;:&quot;1&quot;,&quot;classic_row_gap&quot;:{&quot;unit&quot;:&quot;px&quot;,&quot;size&quot;:35,&quot;sizes&quot;:[]},&quot;classic_row_gap_tablet&quot;:{&quot;unit&quot;:&quot;px&quot;,&quot;size&quot;:&quot;&quot;,&quot;sizes&quot;:[]},&quot;classic_row_gap_mobile&quot;:{&quot;unit&quot;:&quot;px&quot;,&quot;size&quot;:&quot;&quot;,&quot;sizes&quot;:[]}}" data-widget_type="posts.classic">
				<div class="elementor-widget-container">
							<div class="elementor-posts-container elementor-posts elementor-posts--skin-classic elementor-grid" role="list">
				<article class="elementor-post elementor-grid-item post-3997 post type-post status-publish format-standard has-post-thumbnail hentry category-convocatorias" role="listitem">
				<a class="elementor-post__thumbnail__link" href="http://www.uartes.edu.ec/sitio/preliminar/convocatoria-noctografias-escrituras-para-sostener-la-noche/" tabindex="-1" >
			<div class="elementor-post__thumbnail"><img fetchpriority="high" decoding="async" width="768" height="512" src="https://www.uartes.edu.ec/sitio/preliminar/wp-content/uploads/sites/17/2026/03/convocatoria-noctografias-768x512.jpg" class="attachment-medium_large size-medium_large wp-image-3998" alt="" srcset="https://www.uartes.edu.ec/sitio/preliminar/wp-content/uploads/sites/17/2026/03/convocatoria-noctografias-768x512.jpg 768w, https://www.uartes.edu.ec/sitio/preliminar/wp-content/uploads/sites/17/2026/03/convocatoria-noctografias-300x200.jpg 300w, https://www.uartes.edu.ec/sitio/preliminar/wp-content/uploads/sites/17/2026/03/convocatoria-noctografias-1024x682.jpg 1024w, https://www.uartes.edu.ec/sitio/preliminar/wp-content/uploads/sites/17/2026/03/convocatoria-noctografias-1536x1024.jpg 1536w, https://www.uartes.edu.ec/sitio/preliminar/wp-content/uploads/sites/17/2026/03/convocatoria-noctografias-205x137.jpg 205w, https://www.uartes.edu.ec/sitio/preliminar/wp-content/uploads/sites/17/2026/03/convocatoria-noctografias-480x320.jpg 480w, https://www.uartes.edu.ec/sitio/preliminar/wp-content/uploads/sites/17/2026/03/convocatoria-noctografias.jpg 2000w" sizes="(max-width: 768px) 100vw, 768px" /></div>
		</a>
				<div class="elementor-post__text">
				<h3 class="elementor-post__title">
			<a href="http://www.uartes.edu.ec/sitio/preliminar/convocatoria-noctografias-escrituras-para-sostener-la-noche/" >
				Convocatoria: Noctografías &#8211; Escrituras para sostener la noche			</a>
		</h3>
				<div class="elementor-post__meta-data">
					<span class="elementor-post-date">
			4 de marzo de 2026		</span>
				</div>
				<div class="elementor-post__excerpt">
			<p class="excerpt">En esta convocatoria de Preliminar, la noche se ubica como experiencia, espacio e inspiración. Nos interesan las formas en que la escritura se afecta por la noche y sus relaciones con lo nocturno: los ruidos, las imágenes, el silencio, lo onírico, la soledad; y cómo todo ello se puede transformar en literatura. </p>
		</div>
		
		<a class="elementor-post__read-more" href="http://www.uartes.edu.ec/sitio/preliminar/convocatoria-noctografias-escrituras-para-sostener-la-noche/" aria-label="Más información sobre Convocatoria: Noctografías &#8211; Escrituras para sostener la noche" tabindex="-1" >
			Más detalles		</a>

				</div>
				</article>
				<article class="elementor-post elementor-grid-item post-2143 post type-post status-publish format-standard has-post-thumbnail hentry category-convocatorias" role="listitem">
				<a class="elementor-post__thumbnail__link" href="https://www.uartes.edu.ec/sitio/preliminar/convocatoria-abierta-de-preliminar-cuadernos-de-trabajo-coleccion-estudiantes-y-docentes/" tabindex="-1" >
			<div class="elementor-post__thumbnail"><img decoding="async" width="768" height="512" src="https://www.uartes.edu.ec/sitio/preliminar/wp-content/uploads/sites/17/2022/02/Convocatoria-abierta-Preliminar-768x512.jpeg" class="attachment-medium_large size-medium_large wp-image-2144" alt="" srcset="https://www.uartes.edu.ec/sitio/preliminar/wp-content/uploads/sites/17/2022/02/Convocatoria-abierta-Preliminar-768x512.jpeg 768w, https://www.uartes.edu.ec/sitio/preliminar/wp-content/uploads/sites/17/2022/02/Convocatoria-abierta-Preliminar-300x200.jpeg 300w, https://www.uartes.edu.ec/sitio/preliminar/wp-content/uploads/sites/17/2022/02/Convocatoria-abierta-Preliminar-600x400.jpeg 600w, https://www.uartes.edu.ec/sitio/preliminar/wp-content/uploads/sites/17/2022/02/Convocatoria-abierta-Preliminar-272x182.jpeg 272w, https://www.uartes.edu.ec/sitio/preliminar/wp-content/uploads/sites/17/2022/02/Convocatoria-abierta-Preliminar.jpeg 1024w" sizes="(max-width: 768px) 100vw, 768px" /></div>
		</a>
				<div class="elementor-post__text">
				<h3 class="elementor-post__title">
			<a href="https://www.uartes.edu.ec/sitio/preliminar/convocatoria-abierta-de-preliminar-cuadernos-de-trabajo-coleccion-estudiantes-y-docentes/" >
				Convocatoria abierta de Preliminar, Cuadernos de Trabajo: colección estudiantes y docentes			</a>
		</h3>
				<div class="elementor-post__meta-data">
					<span class="elementor-post-date">
			3 de febrero de 2022		</span>
				</div>
				<div class="elementor-post__excerpt">
			<p class="excerpt">Descripción Dirigido a Fechas de la convocatoria Postula aquí Bases de postulación Documentos de postulación Descripción Preliminar: cuadernos de trabajo es una colección digital del</p>
		</div>
		
		<a class="elementor-post__read-more" href="https://www.uartes.edu.ec/sitio/preliminar/convocatoria-abierta-de-preliminar-cuadernos-de-trabajo-coleccion-estudiantes-y-docentes/" aria-label="Más información sobre Convocatoria abierta de Preliminar, Cuadernos de Trabajo: colección estudiantes y docentes" tabindex="-1" >
			Más detalles		</a>

				</div>
				</article>
				<article class="elementor-post elementor-grid-item post-1986 post type-post status-publish format-standard has-post-thumbnail hentry category-convocatorias" role="listitem">
				<a class="elementor-post__thumbnail__link" href="http://www.uartes.edu.ec/sitio/preliminar/convocatoria-preliminar-3ra-convocatoria-abierta-coleccion-estudiantes-y-docentes/" tabindex="-1" >
			<div class="elementor-post__thumbnail"><img decoding="async" width="768" height="512" src="https://www.uartes.edu.ec/sitio/preliminar/wp-content/uploads/sites/17/2021/05/CONVOCATORIA-PELIMINAR-web-768x512.jpg" class="attachment-medium_large size-medium_large wp-image-1987" alt="" srcset="https://www.uartes.edu.ec/sitio/preliminar/wp-content/uploads/sites/17/2021/05/CONVOCATORIA-PELIMINAR-web-768x512.jpg 768w, https://www.uartes.edu.ec/sitio/preliminar/wp-content/uploads/sites/17/2021/05/CONVOCATORIA-PELIMINAR-web-300x200.jpg 300w, https://www.uartes.edu.ec/sitio/preliminar/wp-content/uploads/sites/17/2021/05/CONVOCATORIA-PELIMINAR-web-1024x682.jpg 1024w, https://www.uartes.edu.ec/sitio/preliminar/wp-content/uploads/sites/17/2021/05/CONVOCATORIA-PELIMINAR-web-1536x1024.jpg 1536w, https://www.uartes.edu.ec/sitio/preliminar/wp-content/uploads/sites/17/2021/05/CONVOCATORIA-PELIMINAR-web-600x400.jpg 600w, https://www.uartes.edu.ec/sitio/preliminar/wp-content/uploads/sites/17/2021/05/CONVOCATORIA-PELIMINAR-web-272x182.jpg 272w, https://www.uartes.edu.ec/sitio/preliminar/wp-content/uploads/sites/17/2021/05/CONVOCATORIA-PELIMINAR-web.jpg 2000w" sizes="(max-width: 768px) 100vw, 768px" /></div>
		</a>
				<div class="elementor-post__text">
				<h3 class="elementor-post__title">
			<a href="http://www.uartes.edu.ec/sitio/preliminar/convocatoria-preliminar-3ra-convocatoria-abierta-coleccion-estudiantes-y-docentes/" >
				[CONVOCATORIA CERRADA] Convocatoria Preliminar: 3ra Convocatoria abierta, colección estudiantes y docentes			</a>
		</h3>
				<div class="elementor-post__meta-data">
					<span class="elementor-post-date">
			12 de mayo de 2021		</span>
				</div>
				<div class="elementor-post__excerpt">
			<p class="excerpt">Preliminar: cuadernos de trabajo es una colección digital del ILIA que busca recopilar documentos de texto y proyectos artísticos de los/as estudiantes de la UArtes (pregrado, postgrado, egresados y graduados), a través de colecciones de estudiantes y colecciones curadas por docentes.</p>
		</div>
		
		<a class="elementor-post__read-more" href="http://www.uartes.edu.ec/sitio/preliminar/convocatoria-preliminar-3ra-convocatoria-abierta-coleccion-estudiantes-y-docentes/" aria-label="Más información sobre [CONVOCATORIA CERRADA] Convocatoria Preliminar: 3ra Convocatoria abierta, colección estudiantes y docentes" tabindex="-1" >
			Más detalles		</a>

				</div>
				</article>
				</div>
		
						</div>
				</div>
					</div>
		</div>
					</div>
		</section>
				</div>
