{"id":4017,"date":"2026-03-06T12:27:21","date_gmt":"2026-03-06T17:27:21","guid":{"rendered":"https:\/\/www.uartes.edu.ec\/sitio\/preliminar\/?page_id=4017"},"modified":"2026-03-06T12:27:23","modified_gmt":"2026-03-06T17:27:23","slug":"alisson-cervantes","status":"publish","type":"page","link":"http:\/\/www.uartes.edu.ec\/sitio\/preliminar\/equipo-editorial\/alisson-cervantes\/","title":{"rendered":"Alisson Cervantes"},"content":{"rendered":"\n<p>Milagro (2005). Estudiante de Literatura en la Universidad de las Artes. Escritora de poes\u00eda y narrativa breve, con un profundo inter\u00e9s en temas como la vida, la muerte y la naturaleza, a partir de una manera introspectiva y emocional. Ha participado en las antolog\u00edas\u00a0<em>Fisuras del alma<\/em>\u00a0(2024),\u00a0<em>Memorias del olvido<\/em>\u00a0(2024) y\u00a0<em>Poes\u00eda cabreada<\/em>\u00a0(2025). Su trabajo aborda los procesos de p\u00e9rdida y transformaci\u00f3n desde un enfoque intimista. Actualmente, sus intereses se centran en la escritura creativa y los procesos de exploraci\u00f3n emocional a trav\u00e9s de la literatura.<\/p>\n","protected":false},"excerpt":{"rendered":"<p class=\"excerpt\">Milagro (2005). Estudiante de Literatura en la Universidad de las Artes. Escritora de poes\u00eda y narrativa breve, con un profundo inter\u00e9s en temas como la vida, la muerte y la naturaleza, a partir de una manera introspectiva y emocional. Ha participado en las antolog\u00edas\u00a0Fisuras del alma\u00a0(2024),\u00a0Memorias del olvido\u00a0(2024) y\u00a0Poes\u00eda cabreada\u00a0(2025). Su trabajo aborda los procesos [&hellip;]<\/p>\n","protected":false},"author":1,"featured_media":4014,"parent":48,"menu_order":0,"comment_status":"closed","ping_status":"closed","template":"","meta":{"_uag_custom_page_level_css":"","_monsterinsights_skip_tracking":false,"_monsterinsights_sitenote_active":false,"_monsterinsights_sitenote_note":"","_monsterinsights_sitenote_category":0,"cybocfi_hide_featured_image":"","footnotes":""},"tnc_tax_2229":[],"class_list":["post-4017","page","type-page","status-publish","has-post-thumbnail","hentry"],"uagb_featured_image_src":{"full":["https:\/\/www.uartes.edu.ec\/sitio\/preliminar\/wp-content\/uploads\/sites\/17\/2026\/03\/Alisson-Cervantes-Recuperado.jpg",1000,1000,false],"thumbnail":["https:\/\/www.uartes.edu.ec\/sitio\/preliminar\/wp-content\/uploads\/sites\/17\/2026\/03\/Alisson-Cervantes-Recuperado-150x150.jpg",150,150,true],"medium":["https:\/\/www.uartes.edu.ec\/sitio\/preliminar\/wp-content\/uploads\/sites\/17\/2026\/03\/Alisson-Cervantes-Recuperado-300x300.jpg",300,300,true],"medium_large":["https:\/\/www.uartes.edu.ec\/sitio\/preliminar\/wp-content\/uploads\/sites\/17\/2026\/03\/Alisson-Cervantes-Recuperado-768x768.jpg",768,768,true],"large":["https:\/\/www.uartes.edu.ec\/sitio\/preliminar\/wp-content\/uploads\/sites\/17\/2026\/03\/Alisson-Cervantes-Recuperado.jpg",1000,1000,false],"1536x1536":["https:\/\/www.uartes.edu.ec\/sitio\/preliminar\/wp-content\/uploads\/sites\/17\/2026\/03\/Alisson-Cervantes-Recuperado.jpg",1000,1000,false],"2048x2048":["https:\/\/www.uartes.edu.ec\/sitio\/preliminar\/wp-content\/uploads\/sites\/17\/2026\/03\/Alisson-Cervantes-Recuperado.jpg",1000,1000,false],"tainacan-small":["https:\/\/www.uartes.edu.ec\/sitio\/preliminar\/wp-content\/uploads\/sites\/17\/2026\/03\/Alisson-Cervantes-Recuperado-40x40.jpg",40,40,true],"tainacan-medium":["https:\/\/www.uartes.edu.ec\/sitio\/preliminar\/wp-content\/uploads\/sites\/17\/2026\/03\/Alisson-Cervantes-Recuperado-275x275.jpg",275,275,true],"tainacan-medium-full":["https:\/\/www.uartes.edu.ec\/sitio\/preliminar\/wp-content\/uploads\/sites\/17\/2026\/03\/Alisson-Cervantes-Recuperado-205x205.jpg",205,205,true],"tainacan-large-full":["https:\/\/www.uartes.edu.ec\/sitio\/preliminar\/wp-content\/uploads\/sites\/17\/2026\/03\/Alisson-Cervantes-Recuperado-480x480.jpg",480,480,true],"layers-square-large":["https:\/\/www.uartes.edu.ec\/sitio\/preliminar\/wp-content\/uploads\/sites\/17\/2026\/03\/Alisson-Cervantes-Recuperado.jpg",1000,1000,false],"layers-portrait-large":["https:\/\/www.uartes.edu.ec\/sitio\/preliminar\/wp-content\/uploads\/sites\/17\/2026\/03\/Alisson-Cervantes-Recuperado-720x1000.jpg",720,1000,true],"layers-landscape-large":["https:\/\/www.uartes.edu.ec\/sitio\/preliminar\/wp-content\/uploads\/sites\/17\/2026\/03\/Alisson-Cervantes-Recuperado-1000x720.jpg",1000,720,true],"layers-square-medium":["https:\/\/www.uartes.edu.ec\/sitio\/preliminar\/wp-content\/uploads\/sites\/17\/2026\/03\/Alisson-Cervantes-Recuperado-480x480.jpg",480,480,true],"layers-portrait-medium":["https:\/\/www.uartes.edu.ec\/sitio\/preliminar\/wp-content\/uploads\/sites\/17\/2026\/03\/Alisson-Cervantes-Recuperado-340x480.jpg",340,480,true],"layers-landscape-medium":["https:\/\/www.uartes.edu.ec\/sitio\/preliminar\/wp-content\/uploads\/sites\/17\/2026\/03\/Alisson-Cervantes-Recuperado-480x340.jpg",480,340,true]},"uagb_author_info":{"display_name":"Universidad de las Artes","author_link":"https:\/\/www.uartes.edu.ec\/sitio\/preliminar\/author\/dircomadm\/"},"uagb_comment_info":0,"uagb_excerpt":"Milagro (2005). Estudiante de Literatura en la Universidad de las Artes. Escritora de poes\u00eda y narrativa breve, con un profundo inter\u00e9s en temas como la vida, la muerte y la naturaleza, a partir de una manera introspectiva y emocional. Ha participado en las antolog\u00edas\u00a0Fisuras del alma\u00a0(2024),\u00a0Memorias del olvido\u00a0(2024) y\u00a0Poes\u00eda cabreada\u00a0(2025). Su trabajo aborda los procesos&hellip;","distributor_meta":false,"distributor_terms":false,"distributor_media":false,"distributor_original_site_name":"Preliminar","distributor_original_site_url":"https:\/\/www.uartes.edu.ec\/sitio\/preliminar","push-errors":false,"_links":{"self":[{"href":"https:\/\/www.uartes.edu.ec\/sitio\/preliminar\/wp-json\/wp\/v2\/pages\/4017","targetHints":{"allow":["GET"]}}],"collection":[{"href":"https:\/\/www.uartes.edu.ec\/sitio\/preliminar\/wp-json\/wp\/v2\/pages"}],"about":[{"href":"https:\/\/www.uartes.edu.ec\/sitio\/preliminar\/wp-json\/wp\/v2\/types\/page"}],"author":[{"embeddable":true,"href":"https:\/\/www.uartes.edu.ec\/sitio\/preliminar\/wp-json\/wp\/v2\/users\/1"}],"replies":[{"embeddable":true,"href":"https:\/\/www.uartes.edu.ec\/sitio\/preliminar\/wp-json\/wp\/v2\/comments?post=4017"}],"version-history":[{"count":1,"href":"https:\/\/www.uartes.edu.ec\/sitio\/preliminar\/wp-json\/wp\/v2\/pages\/4017\/revisions"}],"predecessor-version":[{"id":4018,"href":"https:\/\/www.uartes.edu.ec\/sitio\/preliminar\/wp-json\/wp\/v2\/pages\/4017\/revisions\/4018"}],"up":[{"embeddable":true,"href":"https:\/\/www.uartes.edu.ec\/sitio\/preliminar\/wp-json\/wp\/v2\/pages\/48"}],"wp:featuredmedia":[{"embeddable":true,"href":"https:\/\/www.uartes.edu.ec\/sitio\/preliminar\/wp-json\/wp\/v2\/media\/4014"}],"wp:attachment":[{"href":"https:\/\/www.uartes.edu.ec\/sitio\/preliminar\/wp-json\/wp\/v2\/media?parent=4017"}],"wp:term":[{"taxonomy":"tnc_tax_2229","embeddable":true,"href":"https:\/\/www.uartes.edu.ec\/sitio\/preliminar\/wp-json\/wp\/v2\/tnc_tax_2229?post=4017"}],"curies":[{"name":"wp","href":"https:\/\/api.w.org\/{rel}","templated":true}]}}

<p>Milagro (2005). Estudiante de Literatura en la Universidad de las Artes. Escritora de poesía y narrativa breve, con un profundo interés en temas como la vida, la muerte y la naturaleza, a partir de una manera introspectiva y emocional. Ha participado en las antologías <em>Fisuras del alma</em> (2024), <em>Memorias del olvido</em> (2024) y <em>Poesía cabreada</em> (2025). Su trabajo aborda los procesos de pérdida y transformación desde un enfoque intimista. Actualmente, sus intereses se centran en la escritura creativa y los procesos de exploración emocional a través de la literatura.</p>

<p class="excerpt">Milagro (2005). Estudiante de Literatura en la Universidad de las Artes. Escritora de poesía y narrativa breve, con un profundo interés en temas como la vida, la muerte y la naturaleza, a partir de una manera introspectiva y emocional. Ha participado en las antologías Fisuras del alma (2024), Memorias del olvido (2024) y Poesía cabreada (2025). Su trabajo aborda los procesos [&hellip;]</p>

Milagro (2005). Estudiante de Literatura en la Universidad de las Artes. Escritora de poesía y narrativa breve, con un profundo interés en temas como la vida, la muerte y la naturaleza, a partir de una manera introspectiva y emocional. Ha participado en las antologías Fisuras del alma (2024), Memorias del olvido (2024) y Poesía cabreada (2025). Su trabajo aborda los procesos&hellip;
