{"id":4020,"date":"2026-03-06T12:30:53","date_gmt":"2026-03-06T17:30:53","guid":{"rendered":"https:\/\/www.uartes.edu.ec\/sitio\/preliminar\/?page_id=4020"},"modified":"2026-03-06T12:30:54","modified_gmt":"2026-03-06T17:30:54","slug":"sandra-matute","status":"publish","type":"page","link":"http:\/\/www.uartes.edu.ec\/sitio\/preliminar\/equipo-editorial\/sandra-matute\/","title":{"rendered":"Sandra Matute"},"content":{"rendered":"\n<p>Guayaquil (2001). Sandra Patricia Matute Alb\u00e1n es estudiante de la Escuela de Literatura de la Universidad de las Artes, en el itinerario de Pedagog\u00eda. Sus intereses literarios giran en torno a la narrativa, sobre todo, a los cuentos y a la literatura infantil, por ello, fue pasante de mediaci\u00f3n lectora en la \u201cLudobiblioteca\u201d del Museo Antropol\u00f3gico y de Arte Contempor\u00e1neo (MAAC); sin embargo, como no descarta nunca expandirse a otros campos, actualmente, se desempe\u00f1a como pasante de la revista digital \u201cPreliminar\u201d del Instituto Latinoamericano de Investigaci\u00f3n en Artes (ILIA). Tambi\u00e9n, particip\u00f3 en el equipo de pasantes del libro Las Casas de Leila, maquetado bajo la direcci\u00f3n del equipo editorial de \u201cEl Hipop\u00f3tamo\u201d de la Universidad de las Artes. Es entusiasta de que la Literatura, y el arte en general, llegue a diversos p\u00fablicos y por ello, ha hecho un curso en Lengua de Se\u00f1as Ecuatoriana (LSEC), lo que le ha permitido ampliar la difusi\u00f3n de sus letras.<\/p>\n","protected":false},"excerpt":{"rendered":"<p class=\"excerpt\">Guayaquil (2001). Sandra Patricia Matute Alb\u00e1n es estudiante de la Escuela de Literatura de la Universidad de las Artes, en el itinerario de Pedagog\u00eda. Sus intereses literarios giran en torno a la narrativa, sobre todo, a los cuentos y a la literatura infantil, por ello, fue pasante de mediaci\u00f3n lectora en la \u201cLudobiblioteca\u201d del Museo [&hellip;]<\/p>\n","protected":false},"author":1,"featured_media":4015,"parent":48,"menu_order":0,"comment_status":"closed","ping_status":"closed","template":"","meta":{"_uag_custom_page_level_css":"","_monsterinsights_skip_tracking":false,"_monsterinsights_sitenote_active":false,"_monsterinsights_sitenote_note":"","_monsterinsights_sitenote_category":0,"cybocfi_hide_featured_image":"","footnotes":""},"tnc_tax_2229":[],"class_list":["post-4020","page","type-page","status-publish","has-post-thumbnail","hentry"],"uagb_featured_image_src":{"full":["https:\/\/www.uartes.edu.ec\/sitio\/preliminar\/wp-content\/uploads\/sites\/17\/2026\/03\/sandra-matute_-preliminar-Recuperado.jpg",1000,1000,false],"thumbnail":["https:\/\/www.uartes.edu.ec\/sitio\/preliminar\/wp-content\/uploads\/sites\/17\/2026\/03\/sandra-matute_-preliminar-Recuperado-150x150.jpg",150,150,true],"medium":["https:\/\/www.uartes.edu.ec\/sitio\/preliminar\/wp-content\/uploads\/sites\/17\/2026\/03\/sandra-matute_-preliminar-Recuperado-300x300.jpg",300,300,true],"medium_large":["https:\/\/www.uartes.edu.ec\/sitio\/preliminar\/wp-content\/uploads\/sites\/17\/2026\/03\/sandra-matute_-preliminar-Recuperado-768x768.jpg",768,768,true],"large":["https:\/\/www.uartes.edu.ec\/sitio\/preliminar\/wp-content\/uploads\/sites\/17\/2026\/03\/sandra-matute_-preliminar-Recuperado.jpg",1000,1000,false],"1536x1536":["https:\/\/www.uartes.edu.ec\/sitio\/preliminar\/wp-content\/uploads\/sites\/17\/2026\/03\/sandra-matute_-preliminar-Recuperado.jpg",1000,1000,false],"2048x2048":["https:\/\/www.uartes.edu.ec\/sitio\/preliminar\/wp-content\/uploads\/sites\/17\/2026\/03\/sandra-matute_-preliminar-Recuperado.jpg",1000,1000,false],"tainacan-small":["https:\/\/www.uartes.edu.ec\/sitio\/preliminar\/wp-content\/uploads\/sites\/17\/2026\/03\/sandra-matute_-preliminar-Recuperado-40x40.jpg",40,40,true],"tainacan-medium":["https:\/\/www.uartes.edu.ec\/sitio\/preliminar\/wp-content\/uploads\/sites\/17\/2026\/03\/sandra-matute_-preliminar-Recuperado-275x275.jpg",275,275,true],"tainacan-medium-full":["https:\/\/www.uartes.edu.ec\/sitio\/preliminar\/wp-content\/uploads\/sites\/17\/2026\/03\/sandra-matute_-preliminar-Recuperado-205x205.jpg",205,205,true],"tainacan-large-full":["https:\/\/www.uartes.edu.ec\/sitio\/preliminar\/wp-content\/uploads\/sites\/17\/2026\/03\/sandra-matute_-preliminar-Recuperado-480x480.jpg",480,480,true],"layers-square-large":["https:\/\/www.uartes.edu.ec\/sitio\/preliminar\/wp-content\/uploads\/sites\/17\/2026\/03\/sandra-matute_-preliminar-Recuperado.jpg",1000,1000,false],"layers-portrait-large":["https:\/\/www.uartes.edu.ec\/sitio\/preliminar\/wp-content\/uploads\/sites\/17\/2026\/03\/sandra-matute_-preliminar-Recuperado-720x1000.jpg",720,1000,true],"layers-landscape-large":["https:\/\/www.uartes.edu.ec\/sitio\/preliminar\/wp-content\/uploads\/sites\/17\/2026\/03\/sandra-matute_-preliminar-Recuperado-1000x720.jpg",1000,720,true],"layers-square-medium":["https:\/\/www.uartes.edu.ec\/sitio\/preliminar\/wp-content\/uploads\/sites\/17\/2026\/03\/sandra-matute_-preliminar-Recuperado-480x480.jpg",480,480,true],"layers-portrait-medium":["https:\/\/www.uartes.edu.ec\/sitio\/preliminar\/wp-content\/uploads\/sites\/17\/2026\/03\/sandra-matute_-preliminar-Recuperado-340x480.jpg",340,480,true],"layers-landscape-medium":["https:\/\/www.uartes.edu.ec\/sitio\/preliminar\/wp-content\/uploads\/sites\/17\/2026\/03\/sandra-matute_-preliminar-Recuperado-480x340.jpg",480,340,true]},"uagb_author_info":{"display_name":"Universidad de las Artes","author_link":"https:\/\/www.uartes.edu.ec\/sitio\/preliminar\/author\/dircomadm\/"},"uagb_comment_info":0,"uagb_excerpt":"Guayaquil (2001). Sandra Patricia Matute Alb\u00e1n es estudiante de la Escuela de Literatura de la Universidad de las Artes, en el itinerario de Pedagog\u00eda. Sus intereses literarios giran en torno a la narrativa, sobre todo, a los cuentos y a la literatura infantil, por ello, fue pasante de mediaci\u00f3n lectora en la \u201cLudobiblioteca\u201d del Museo&hellip;","distributor_meta":false,"distributor_terms":false,"distributor_media":false,"distributor_original_site_name":"Preliminar","distributor_original_site_url":"https:\/\/www.uartes.edu.ec\/sitio\/preliminar","push-errors":false,"_links":{"self":[{"href":"https:\/\/www.uartes.edu.ec\/sitio\/preliminar\/wp-json\/wp\/v2\/pages\/4020","targetHints":{"allow":["GET"]}}],"collection":[{"href":"https:\/\/www.uartes.edu.ec\/sitio\/preliminar\/wp-json\/wp\/v2\/pages"}],"about":[{"href":"https:\/\/www.uartes.edu.ec\/sitio\/preliminar\/wp-json\/wp\/v2\/types\/page"}],"author":[{"embeddable":true,"href":"https:\/\/www.uartes.edu.ec\/sitio\/preliminar\/wp-json\/wp\/v2\/users\/1"}],"replies":[{"embeddable":true,"href":"https:\/\/www.uartes.edu.ec\/sitio\/preliminar\/wp-json\/wp\/v2\/comments?post=4020"}],"version-history":[{"count":1,"href":"https:\/\/www.uartes.edu.ec\/sitio\/preliminar\/wp-json\/wp\/v2\/pages\/4020\/revisions"}],"predecessor-version":[{"id":4021,"href":"https:\/\/www.uartes.edu.ec\/sitio\/preliminar\/wp-json\/wp\/v2\/pages\/4020\/revisions\/4021"}],"up":[{"embeddable":true,"href":"https:\/\/www.uartes.edu.ec\/sitio\/preliminar\/wp-json\/wp\/v2\/pages\/48"}],"wp:featuredmedia":[{"embeddable":true,"href":"https:\/\/www.uartes.edu.ec\/sitio\/preliminar\/wp-json\/wp\/v2\/media\/4015"}],"wp:attachment":[{"href":"https:\/\/www.uartes.edu.ec\/sitio\/preliminar\/wp-json\/wp\/v2\/media?parent=4020"}],"wp:term":[{"taxonomy":"tnc_tax_2229","embeddable":true,"href":"https:\/\/www.uartes.edu.ec\/sitio\/preliminar\/wp-json\/wp\/v2\/tnc_tax_2229?post=4020"}],"curies":[{"name":"wp","href":"https:\/\/api.w.org\/{rel}","templated":true}]}}

<p>Guayaquil (2001). Sandra Patricia Matute Albán es estudiante de la Escuela de Literatura de la Universidad de las Artes, en el itinerario de Pedagogía. Sus intereses literarios giran en torno a la narrativa, sobre todo, a los cuentos y a la literatura infantil, por ello, fue pasante de mediación lectora en la “Ludobiblioteca” del Museo Antropológico y de Arte Contemporáneo (MAAC); sin embargo, como no descarta nunca expandirse a otros campos, actualmente, se desempeña como pasante de la revista digital “Preliminar” del Instituto Latinoamericano de Investigación en Artes (ILIA). También, participó en el equipo de pasantes del libro Las Casas de Leila, maquetado bajo la dirección del equipo editorial de “El Hipopótamo” de la Universidad de las Artes. Es entusiasta de que la Literatura, y el arte en general, llegue a diversos públicos y por ello, ha hecho un curso en Lengua de Señas Ecuatoriana (LSEC), lo que le ha permitido ampliar la difusión de sus letras.</p>

<p class="excerpt">Guayaquil (2001). Sandra Patricia Matute Albán es estudiante de la Escuela de Literatura de la Universidad de las Artes, en el itinerario de Pedagogía. Sus intereses literarios giran en torno a la narrativa, sobre todo, a los cuentos y a la literatura infantil, por ello, fue pasante de mediación lectora en la “Ludobiblioteca” del Museo [&hellip;]</p>

Guayaquil (2001). Sandra Patricia Matute Albán es estudiante de la Escuela de Literatura de la Universidad de las Artes, en el itinerario de Pedagogía. Sus intereses literarios giran en torno a la narrativa, sobre todo, a los cuentos y a la literatura infantil, por ello, fue pasante de mediación lectora en la “Ludobiblioteca” del Museo&hellip;
