{"id":3174,"date":"2022-04-29T10:32:28","date_gmt":"2022-04-29T15:32:28","guid":{"rendered":"http:\/\/www.uartes.edu.ec\/sitio\/preliminar\/?post_type=tnc_col_2162_item&#038;p=3174"},"modified":"2022-05-03T11:15:13","modified_gmt":"2022-05-03T16:15:13","slug":"anomalias-en-el-sistema","status":"publish","type":"tnc_col_2162_item","link":"http:\/\/www.uartes.edu.ec\/sitio\/preliminar\/manuscritos\/anomalias-en-el-sistema\/","title":{"rendered":"Anomal\u00edas en el Sistema"},"content":{"rendered":"<p>Anomal\u00edas en el sistema es una serie gr\u00e1fica compuesta por una selecci\u00f3n exclusiva de im\u00e1genes digitales impresas en varios soportes. Esta serie es producto de todas las reflexiones discursivas, experimentaciones conceptuales y vivenciales, de mi paso por la licenciatura de artes visuales de la Universidad de las Artes, y el taller de Gr\u00e1fica Eloy Alfaro dirigido por el maestro Hern\u00e1n Z\u00fa\u00f1iga Alb\u00e1n.<\/p>\n","protected":false},"featured_media":0,"parent":0,"menu_order":0,"comment_status":"closed","ping_status":"closed","template":"","format":"standard","tnc_tax_2229":[140],"class_list":["post-3174","tnc_col_2162_item","type-tnc_col_2162_item","status-publish","format-standard","hentry","tnc_tax_2722-creativo","tnc_tax_2231-preliminar-1","tnc_tax_2229-estudiantes","tnc_tax_2227-archive","tnc_tax_2227-digital","tnc_tax_2227-graph","tnc_tax_2227-image","tnc_tax_2227-serie","tnc_tax_2225-archivo","tnc_tax_2225-digital","tnc_tax_2225-grafica","tnc_tax_2225-imagen","tnc_tax_2225-serie","tnc_tax_2225-visual","tnc_tax_2223-pedro-gonzalez"],"uagb_featured_image_src":{"full":false,"thumbnail":false,"medium":false,"medium_large":false,"large":false,"1536x1536":false,"2048x2048":false,"tainacan-small":false,"tainacan-medium":false,"tainacan-medium-full":false,"tainacan-large-full":false,"layers-square-large":false,"layers-portrait-large":false,"layers-landscape-large":false,"layers-square-medium":false,"layers-portrait-medium":false,"layers-landscape-medium":false},"uagb_author_info":{"display_name":"Universidad de las Artes","author_link":"https:\/\/www.uartes.edu.ec\/sitio\/preliminar\/author\/"},"uagb_comment_info":0,"uagb_excerpt":"Anomal\u00edas en el sistema es una serie gr\u00e1fica compuesta por una selecci\u00f3n exclusiva de im\u00e1genes digitales impresas en varios soportes. Esta serie es producto de todas las reflexiones discursivas, experimentaciones conceptuales y vivenciales, de mi paso por la licenciatura de artes visuales de la Universidad de las Artes, y el taller de Gr\u00e1fica Eloy Alfaro&hellip;","distributor_meta":false,"distributor_terms":false,"distributor_media":false,"distributor_original_site_name":"Preliminar","distributor_original_site_url":"https:\/\/www.uartes.edu.ec\/sitio\/preliminar","push-errors":false,"_links":{"self":[{"href":"https:\/\/www.uartes.edu.ec\/sitio\/preliminar\/wp-json\/wp\/v2\/tnc_col_2162_item\/3174","targetHints":{"allow":["GET"]}}],"collection":[{"href":"https:\/\/www.uartes.edu.ec\/sitio\/preliminar\/wp-json\/wp\/v2\/tnc_col_2162_item"}],"about":[{"href":"https:\/\/www.uartes.edu.ec\/sitio\/preliminar\/wp-json\/wp\/v2\/types\/tnc_col_2162_item"}],"replies":[{"embeddable":true,"href":"https:\/\/www.uartes.edu.ec\/sitio\/preliminar\/wp-json\/wp\/v2\/comments?post=3174"}],"version-history":[{"count":1,"href":"https:\/\/www.uartes.edu.ec\/sitio\/preliminar\/wp-json\/wp\/v2\/tnc_col_2162_item\/3174\/revisions"}],"predecessor-version":[{"id":3234,"href":"https:\/\/www.uartes.edu.ec\/sitio\/preliminar\/wp-json\/wp\/v2\/tnc_col_2162_item\/3174\/revisions\/3234"}],"wp:attachment":[{"href":"https:\/\/www.uartes.edu.ec\/sitio\/preliminar\/wp-json\/wp\/v2\/media?parent=3174"}],"wp:term":[{"taxonomy":"tnc_tax_2229","embeddable":true,"href":"https:\/\/www.uartes.edu.ec\/sitio\/preliminar\/wp-json\/wp\/v2\/tnc_tax_2229?post=3174"}],"curies":[{"name":"wp","href":"https:\/\/api.w.org\/{rel}","templated":true}]}}

Anomalías en el Sistema

<p>Anomalías en el sistema es una serie gráfica compuesta por una selección exclusiva de imágenes digitales impresas en varios soportes. Esta serie es producto de todas las reflexiones discursivas, experimentaciones conceptuales y vivenciales, de mi paso por la licenciatura de artes visuales de la Universidad de las Artes, y el taller de Gráfica Eloy Alfaro dirigido por el maestro Hernán Zúñiga Albán.</p>

Anomalías en el sistema es una serie gráfica compuesta por una selección exclusiva de imágenes digitales impresas en varios soportes. Esta serie es producto de todas las reflexiones discursivas, experimentaciones conceptuales y vivenciales, de mi paso por la licenciatura de artes visuales de la Universidad de las Artes, y el taller de Gráfica Eloy Alfaro&hellip;
