{"id":3175,"date":"2022-04-29T10:32:35","date_gmt":"2022-04-29T15:32:35","guid":{"rendered":"http:\/\/www.uartes.edu.ec\/sitio\/preliminar\/?post_type=tnc_col_2162_item&#038;p=3175"},"modified":"2022-05-03T11:17:59","modified_gmt":"2022-05-03T16:17:59","slug":"la-importancia-de-los-elefantes","status":"publish","type":"tnc_col_2162_item","link":"http:\/\/www.uartes.edu.ec\/sitio\/preliminar\/manuscritos\/la-importancia-de-los-elefantes\/","title":{"rendered":"La Importancia de los Elefantes"},"content":{"rendered":"<p>Ejercicio po\u00e9tico experimental elaborado a partir de fragmentos de entrevistas realizadas a miembros de comunidades ind\u00edgenas y afroamericanas que han manifestado su rechazo al extractivismo dentro de sus territorios. Por otro lado, tambi\u00e9n contiene las declaraciones de aquellos que se adhieren a este modelo econ\u00f3mico, para de esta forma intentar entablar un cruce de voces entre ambas posturas. Este texto tambi\u00e9n est\u00e1 hecho de varios testimonios, sin embargo, hay una clara inclinaci\u00f3n hacia la postura de las comunidades. De esta manera se problematiz\u00f3 la noci\u00f3n de autor o de autora ya que en realidad es la voz de las comunidades lo que se enuncia en el texto.<\/p>\n","protected":false},"featured_media":0,"parent":0,"menu_order":0,"comment_status":"closed","ping_status":"closed","template":"","format":"standard","tnc_tax_2229":[140],"class_list":["post-3175","tnc_col_2162_item","type-tnc_col_2162_item","status-publish","format-standard","hentry","tnc_tax_2722-creativo","tnc_tax_2231-preliminar-1","tnc_tax_2229-estudiantes","tnc_tax_2227-author","tnc_tax_2227-community","tnc_tax_2227-interview","tnc_tax_2227-minig","tnc_tax_2227-poetry","tnc_tax_2227-testimony","tnc_tax_2225-autor","tnc_tax_2225-comunidad","tnc_tax_2225-entrevista","tnc_tax_2225-mineria","tnc_tax_2225-poesia","tnc_tax_2225-testimonio","tnc_tax_2223-angeline-herrera"],"uagb_featured_image_src":{"full":false,"thumbnail":false,"medium":false,"medium_large":false,"large":false,"1536x1536":false,"2048x2048":false,"tainacan-small":false,"tainacan-medium":false,"tainacan-medium-full":false,"tainacan-large-full":false,"layers-square-large":false,"layers-portrait-large":false,"layers-landscape-large":false,"layers-square-medium":false,"layers-portrait-medium":false,"layers-landscape-medium":false},"uagb_author_info":{"display_name":"Universidad de las Artes","author_link":"https:\/\/www.uartes.edu.ec\/sitio\/preliminar\/author\/"},"uagb_comment_info":0,"uagb_excerpt":"Ejercicio po\u00e9tico experimental elaborado a partir de fragmentos de entrevistas realizadas a miembros de comunidades ind\u00edgenas y afroamericanas que han manifestado su rechazo al extractivismo dentro de sus territorios. Por otro lado, tambi\u00e9n contiene las declaraciones de aquellos que se adhieren a este modelo econ\u00f3mico, para de esta forma intentar entablar un cruce de voces&hellip;","distributor_meta":false,"distributor_terms":false,"distributor_media":false,"distributor_original_site_name":"Preliminar","distributor_original_site_url":"https:\/\/www.uartes.edu.ec\/sitio\/preliminar","push-errors":false,"_links":{"self":[{"href":"https:\/\/www.uartes.edu.ec\/sitio\/preliminar\/wp-json\/wp\/v2\/tnc_col_2162_item\/3175","targetHints":{"allow":["GET"]}}],"collection":[{"href":"https:\/\/www.uartes.edu.ec\/sitio\/preliminar\/wp-json\/wp\/v2\/tnc_col_2162_item"}],"about":[{"href":"https:\/\/www.uartes.edu.ec\/sitio\/preliminar\/wp-json\/wp\/v2\/types\/tnc_col_2162_item"}],"replies":[{"embeddable":true,"href":"https:\/\/www.uartes.edu.ec\/sitio\/preliminar\/wp-json\/wp\/v2\/comments?post=3175"}],"version-history":[{"count":1,"href":"https:\/\/www.uartes.edu.ec\/sitio\/preliminar\/wp-json\/wp\/v2\/tnc_col_2162_item\/3175\/revisions"}],"predecessor-version":[{"id":3237,"href":"https:\/\/www.uartes.edu.ec\/sitio\/preliminar\/wp-json\/wp\/v2\/tnc_col_2162_item\/3175\/revisions\/3237"}],"wp:attachment":[{"href":"https:\/\/www.uartes.edu.ec\/sitio\/preliminar\/wp-json\/wp\/v2\/media?parent=3175"}],"wp:term":[{"taxonomy":"tnc_tax_2229","embeddable":true,"href":"https:\/\/www.uartes.edu.ec\/sitio\/preliminar\/wp-json\/wp\/v2\/tnc_tax_2229?post=3175"}],"curies":[{"name":"wp","href":"https:\/\/api.w.org\/{rel}","templated":true}]}}

<p>Ejercicio poético experimental elaborado a partir de fragmentos de entrevistas realizadas a miembros de comunidades indígenas y afroamericanas que han manifestado su rechazo al extractivismo dentro de sus territorios. Por otro lado, también contiene las declaraciones de aquellos que se adhieren a este modelo económico, para de esta forma intentar entablar un cruce de voces entre ambas posturas. Este texto también está hecho de varios testimonios, sin embargo, hay una clara inclinación hacia la postura de las comunidades. De esta manera se problematizó la noción de autor o de autora ya que en realidad es la voz de las comunidades lo que se enuncia en el texto.</p>

Ejercicio poético experimental elaborado a partir de fragmentos de entrevistas realizadas a miembros de comunidades indígenas y afroamericanas que han manifestado su rechazo al extractivismo dentro de sus territorios. Por otro lado, también contiene las declaraciones de aquellos que se adhieren a este modelo económico, para de esta forma intentar entablar un cruce de voces&hellip;
