{"id":3179,"date":"2022-04-29T10:33:11","date_gmt":"2022-04-29T15:33:11","guid":{"rendered":"http:\/\/www.uartes.edu.ec\/sitio\/preliminar\/?post_type=tnc_col_2162_item&#038;p=3179"},"modified":"2022-04-29T17:23:37","modified_gmt":"2022-04-29T22:23:37","slug":"traduccion-de-la-violencia","status":"publish","type":"tnc_col_2162_item","link":"http:\/\/www.uartes.edu.ec\/sitio\/preliminar\/manuscritos\/traduccion-de-la-violencia\/","title":{"rendered":"Traducci\u00f3n de la violencia"},"content":{"rendered":"<p>\u201cTraducci\u00f3n de la violencia\u201d es un proyecto art\u00edstico que relaciona el arte con las luchas sociales de g\u00e9nero, utilizando el lenguaje, y analiz\u00e1ndolo desde sus conceptos b\u00e1sicos. Este proyecto art\u00edstico estudia a las palabras, y sus formas de afectar un cuerpo, adem\u00e1s traduce la percepci\u00f3n sonora a una percepci\u00f3n visual desde una serie de herramientas como el transc\u00f3digo en donde el lenguaje es llevado a un proceso de trasformaci\u00f3n en el cual las excitaciones nerviosas se materializan.<\/p>\n","protected":false},"featured_media":0,"parent":0,"menu_order":0,"comment_status":"closed","ping_status":"closed","template":"","format":"standard","tnc_tax_2229":[140],"class_list":["post-3179","tnc_col_2162_item","type-tnc_col_2162_item","status-publish","format-standard","hentry","tnc_tax_2722-creativo","tnc_tax_2231-preliminar-1","tnc_tax_2229-estudiantes","tnc_tax_2227-affection","tnc_tax_2227-body","tnc_tax_2227-language","tnc_tax_2227-stroke","tnc_tax_2227-transcode","tnc_tax_2225-afectos","tnc_tax_2225-cuerpo","tnc_tax_2225-lenguaje","tnc_tax_2225-transcodigo","tnc_tax_2225-trazos","tnc_tax_2223-johan-garrido","tnc_tax_2223-michell-suasnavas"],"uagb_featured_image_src":{"full":false,"thumbnail":false,"medium":false,"medium_large":false,"large":false,"1536x1536":false,"2048x2048":false,"tainacan-small":false,"tainacan-medium":false,"tainacan-medium-full":false,"tainacan-large-full":false,"layers-square-large":false,"layers-portrait-large":false,"layers-landscape-large":false,"layers-square-medium":false,"layers-portrait-medium":false,"layers-landscape-medium":false},"uagb_author_info":{"display_name":"Universidad de las Artes","author_link":"https:\/\/www.uartes.edu.ec\/sitio\/preliminar\/author\/"},"uagb_comment_info":0,"uagb_excerpt":"\u201cTraducci\u00f3n de la violencia\u201d es un proyecto art\u00edstico que relaciona el arte con las luchas sociales de g\u00e9nero, utilizando el lenguaje, y analiz\u00e1ndolo desde sus conceptos b\u00e1sicos. Este proyecto art\u00edstico estudia a las palabras, y sus formas de afectar un cuerpo, adem\u00e1s traduce la percepci\u00f3n sonora a una percepci\u00f3n visual desde una serie de herramientas&hellip;","distributor_meta":false,"distributor_terms":false,"distributor_media":false,"distributor_original_site_name":"Preliminar","distributor_original_site_url":"https:\/\/www.uartes.edu.ec\/sitio\/preliminar","push-errors":false,"_links":{"self":[{"href":"https:\/\/www.uartes.edu.ec\/sitio\/preliminar\/wp-json\/wp\/v2\/tnc_col_2162_item\/3179","targetHints":{"allow":["GET"]}}],"collection":[{"href":"https:\/\/www.uartes.edu.ec\/sitio\/preliminar\/wp-json\/wp\/v2\/tnc_col_2162_item"}],"about":[{"href":"https:\/\/www.uartes.edu.ec\/sitio\/preliminar\/wp-json\/wp\/v2\/types\/tnc_col_2162_item"}],"replies":[{"embeddable":true,"href":"https:\/\/www.uartes.edu.ec\/sitio\/preliminar\/wp-json\/wp\/v2\/comments?post=3179"}],"version-history":[{"count":1,"href":"https:\/\/www.uartes.edu.ec\/sitio\/preliminar\/wp-json\/wp\/v2\/tnc_col_2162_item\/3179\/revisions"}],"predecessor-version":[{"id":3249,"href":"https:\/\/www.uartes.edu.ec\/sitio\/preliminar\/wp-json\/wp\/v2\/tnc_col_2162_item\/3179\/revisions\/3249"}],"wp:attachment":[{"href":"https:\/\/www.uartes.edu.ec\/sitio\/preliminar\/wp-json\/wp\/v2\/media?parent=3179"}],"wp:term":[{"taxonomy":"tnc_tax_2229","embeddable":true,"href":"https:\/\/www.uartes.edu.ec\/sitio\/preliminar\/wp-json\/wp\/v2\/tnc_tax_2229?post=3179"}],"curies":[{"name":"wp","href":"https:\/\/api.w.org\/{rel}","templated":true}]}}

Traducción de la violencia

<p>“Traducción de la violencia” es un proyecto artístico que relaciona el arte con las luchas sociales de género, utilizando el lenguaje, y analizándolo desde sus conceptos básicos. Este proyecto artístico estudia a las palabras, y sus formas de afectar un cuerpo, además traduce la percepción sonora a una percepción visual desde una serie de herramientas como el transcódigo en donde el lenguaje es llevado a un proceso de trasformación en el cual las excitaciones nerviosas se materializan.</p>

“Traducción de la violencia” es un proyecto artístico que relaciona el arte con las luchas sociales de género, utilizando el lenguaje, y analizándolo desde sus conceptos básicos. Este proyecto artístico estudia a las palabras, y sus formas de afectar un cuerpo, además traduce la percepción sonora a una percepción visual desde una serie de herramientas&hellip;
