{"id":3182,"date":"2022-04-29T10:33:39","date_gmt":"2022-04-29T15:33:39","guid":{"rendered":"http:\/\/www.uartes.edu.ec\/sitio\/preliminar\/?post_type=tnc_col_2162_item&#038;p=3182"},"modified":"2022-05-03T09:35:20","modified_gmt":"2022-05-03T14:35:20","slug":"elogio-del-afuera-propuesta-coreografica","status":"publish","type":"tnc_col_2162_item","link":"http:\/\/www.uartes.edu.ec\/sitio\/preliminar\/manuscritos\/elogio-del-afuera-propuesta-coreografica\/","title":{"rendered":"Elogio del afuera: propuesta coreogr\u00e1fica"},"content":{"rendered":"<p>Propuesta coreogr\u00e1fica donde la experiencia de habitar la ciudad de Guayaquil se expresa a trav\u00e9s del cuerpo. Mediante el movimiento se ponen en manifiesto interacciones propias de observaci\u00f3n, interpretaci\u00f3n, expresi\u00f3n, y adaptaci\u00f3n de formas de pensar la realidad, de recuperar nuestra caracter\u00edstica inherente y sensible como seres creadores.<\/p>\n","protected":false},"featured_media":0,"parent":0,"menu_order":0,"comment_status":"closed","ping_status":"closed","template":"","format":"standard","tnc_tax_2229":[140],"class_list":["post-3182","tnc_col_2162_item","type-tnc_col_2162_item","status-publish","format-standard","hentry","tnc_tax_2722-creativo","tnc_tax_2231-preliminar-1","tnc_tax_2229-estudiantes","tnc_tax_2227-dance","tnc_tax_2227-guayaquil","tnc_tax_2227-nature","tnc_tax_2227-outside","tnc_tax_2227-urban-life","tnc_tax_2225-afuera","tnc_tax_2225-danza","tnc_tax_2225-guayaquil","tnc_tax_2225-naturaleza","tnc_tax_2225-vida-urbana","tnc_tax_2223-tamia-sanchez"],"uagb_featured_image_src":{"full":false,"thumbnail":false,"medium":false,"medium_large":false,"large":false,"1536x1536":false,"2048x2048":false,"tainacan-small":false,"tainacan-medium":false,"tainacan-medium-full":false,"tainacan-large-full":false,"layers-square-large":false,"layers-portrait-large":false,"layers-landscape-large":false,"layers-square-medium":false,"layers-portrait-medium":false,"layers-landscape-medium":false},"uagb_author_info":{"display_name":"Universidad de las Artes","author_link":"https:\/\/www.uartes.edu.ec\/sitio\/preliminar\/author\/"},"uagb_comment_info":0,"uagb_excerpt":"Propuesta coreogr\u00e1fica donde la experiencia de habitar la ciudad de Guayaquil se expresa a trav\u00e9s del cuerpo. Mediante el movimiento se ponen en manifiesto interacciones propias de observaci\u00f3n, interpretaci\u00f3n, expresi\u00f3n, y adaptaci\u00f3n de formas de pensar la realidad, de recuperar nuestra caracter\u00edstica inherente y sensible como seres creadores.","distributor_meta":false,"distributor_terms":false,"distributor_media":false,"distributor_original_site_name":"Preliminar","distributor_original_site_url":"https:\/\/www.uartes.edu.ec\/sitio\/preliminar","push-errors":false,"_links":{"self":[{"href":"https:\/\/www.uartes.edu.ec\/sitio\/preliminar\/wp-json\/wp\/v2\/tnc_col_2162_item\/3182","targetHints":{"allow":["GET"]}}],"collection":[{"href":"https:\/\/www.uartes.edu.ec\/sitio\/preliminar\/wp-json\/wp\/v2\/tnc_col_2162_item"}],"about":[{"href":"https:\/\/www.uartes.edu.ec\/sitio\/preliminar\/wp-json\/wp\/v2\/types\/tnc_col_2162_item"}],"replies":[{"embeddable":true,"href":"https:\/\/www.uartes.edu.ec\/sitio\/preliminar\/wp-json\/wp\/v2\/comments?post=3182"}],"version-history":[{"count":1,"href":"https:\/\/www.uartes.edu.ec\/sitio\/preliminar\/wp-json\/wp\/v2\/tnc_col_2162_item\/3182\/revisions"}],"predecessor-version":[{"id":3258,"href":"https:\/\/www.uartes.edu.ec\/sitio\/preliminar\/wp-json\/wp\/v2\/tnc_col_2162_item\/3182\/revisions\/3258"}],"wp:attachment":[{"href":"https:\/\/www.uartes.edu.ec\/sitio\/preliminar\/wp-json\/wp\/v2\/media?parent=3182"}],"wp:term":[{"taxonomy":"tnc_tax_2229","embeddable":true,"href":"https:\/\/www.uartes.edu.ec\/sitio\/preliminar\/wp-json\/wp\/v2\/tnc_tax_2229?post=3182"}],"curies":[{"name":"wp","href":"https:\/\/api.w.org\/{rel}","templated":true}]}}

Elogio del afuera: propuesta coreográfica

<p>Propuesta coreográfica donde la experiencia de habitar la ciudad de Guayaquil se expresa a través del cuerpo. Mediante el movimiento se ponen en manifiesto interacciones propias de observación, interpretación, expresión, y adaptación de formas de pensar la realidad, de recuperar nuestra característica inherente y sensible como seres creadores.</p>

Propuesta coreográfica donde la experiencia de habitar la ciudad de Guayaquil se expresa a través del cuerpo. Mediante el movimiento se ponen en manifiesto interacciones propias de observación, interpretación, expresión, y adaptación de formas de pensar la realidad, de recuperar nuestra característica inherente y sensible como seres creadores.
