{"id":3183,"date":"2022-04-29T10:33:45","date_gmt":"2022-04-29T15:33:45","guid":{"rendered":"http:\/\/www.uartes.edu.ec\/sitio\/preliminar\/?post_type=tnc_col_2162_item&#038;p=3183"},"modified":"2022-05-03T09:48:08","modified_gmt":"2022-05-03T14:48:08","slug":"sonata-waldstein-majestuosidad-y-sensibilidad-entre-compositor-interprete-y-oyente","status":"publish","type":"tnc_col_2162_item","link":"http:\/\/www.uartes.edu.ec\/sitio\/preliminar\/manuscritos\/sonata-waldstein-majestuosidad-y-sensibilidad-entre-compositor-interprete-y-oyente\/","title":{"rendered":"Sonata Waldstein: majestuosidad y sensibilidad entre compositor, int\u00e9rprete y oyente"},"content":{"rendered":"<p>Este trabajo tiene como objetivo proporcionar un an\u00e1lisis sensitivo de la Sonata Waldstein de Beethoven. Haciendo uso del m\u00e9todo experimental, este texto controla las variables de investigaci\u00f3n que enaltecen a Waldstein desde la m\u00fasica a la filosof\u00eda.<\/p>\n","protected":false},"featured_media":0,"parent":0,"menu_order":0,"comment_status":"closed","ping_status":"closed","template":"","format":"standard","tnc_tax_2229":[240],"class_list":["post-3183","tnc_col_2162_item","type-tnc_col_2162_item","status-publish","format-standard","hentry","tnc_tax_2722-academico","tnc_tax_2231-preliminar-2","tnc_tax_2229-docentes","tnc_tax_2227-dialectics","tnc_tax_2227-harmoniai","tnc_tax_2227-instrumental-music","tnc_tax_2227-sinister","tnc_tax_2225-dialectica","tnc_tax_2225-harmoniai","tnc_tax_2225-musica-instrumental","tnc_tax_2225-siniestro","tnc_tax_2223-ingrid-polanco"],"uagb_featured_image_src":{"full":false,"thumbnail":false,"medium":false,"medium_large":false,"large":false,"1536x1536":false,"2048x2048":false,"tainacan-small":false,"tainacan-medium":false,"tainacan-medium-full":false,"tainacan-large-full":false,"layers-square-large":false,"layers-portrait-large":false,"layers-landscape-large":false,"layers-square-medium":false,"layers-portrait-medium":false,"layers-landscape-medium":false},"uagb_author_info":{"display_name":"Universidad de las Artes","author_link":"https:\/\/www.uartes.edu.ec\/sitio\/preliminar\/author\/"},"uagb_comment_info":0,"uagb_excerpt":"Este trabajo tiene como objetivo proporcionar un an\u00e1lisis sensitivo de la Sonata Waldstein de Beethoven. Haciendo uso del m\u00e9todo experimental, este texto controla las variables de investigaci\u00f3n que enaltecen a Waldstein desde la m\u00fasica a la filosof\u00eda.","distributor_meta":false,"distributor_terms":false,"distributor_media":false,"distributor_original_site_name":"Preliminar","distributor_original_site_url":"https:\/\/www.uartes.edu.ec\/sitio\/preliminar","push-errors":false,"_links":{"self":[{"href":"https:\/\/www.uartes.edu.ec\/sitio\/preliminar\/wp-json\/wp\/v2\/tnc_col_2162_item\/3183","targetHints":{"allow":["GET"]}}],"collection":[{"href":"https:\/\/www.uartes.edu.ec\/sitio\/preliminar\/wp-json\/wp\/v2\/tnc_col_2162_item"}],"about":[{"href":"https:\/\/www.uartes.edu.ec\/sitio\/preliminar\/wp-json\/wp\/v2\/types\/tnc_col_2162_item"}],"replies":[{"embeddable":true,"href":"https:\/\/www.uartes.edu.ec\/sitio\/preliminar\/wp-json\/wp\/v2\/comments?post=3183"}],"version-history":[{"count":1,"href":"https:\/\/www.uartes.edu.ec\/sitio\/preliminar\/wp-json\/wp\/v2\/tnc_col_2162_item\/3183\/revisions"}],"predecessor-version":[{"id":3261,"href":"https:\/\/www.uartes.edu.ec\/sitio\/preliminar\/wp-json\/wp\/v2\/tnc_col_2162_item\/3183\/revisions\/3261"}],"wp:attachment":[{"href":"https:\/\/www.uartes.edu.ec\/sitio\/preliminar\/wp-json\/wp\/v2\/media?parent=3183"}],"wp:term":[{"taxonomy":"tnc_tax_2229","embeddable":true,"href":"https:\/\/www.uartes.edu.ec\/sitio\/preliminar\/wp-json\/wp\/v2\/tnc_tax_2229?post=3183"}],"curies":[{"name":"wp","href":"https:\/\/api.w.org\/{rel}","templated":true}]}}

Sonata Waldstein: majestuosidad y sensibilidad entre compositor, intérprete y oyente

<p>Este trabajo tiene como objetivo proporcionar un análisis sensitivo de la Sonata Waldstein de Beethoven. Haciendo uso del método experimental, este texto controla las variables de investigación que enaltecen a Waldstein desde la música a la filosofía.</p>

Este trabajo tiene como objetivo proporcionar un análisis sensitivo de la Sonata Waldstein de Beethoven. Haciendo uso del método experimental, este texto controla las variables de investigación que enaltecen a Waldstein desde la música a la filosofía.
