{"id":3185,"date":"2022-04-29T10:34:07","date_gmt":"2022-04-29T15:34:07","guid":{"rendered":"http:\/\/www.uartes.edu.ec\/sitio\/preliminar\/?post_type=tnc_col_2162_item&#038;p=3185"},"modified":"2022-05-03T09:59:30","modified_gmt":"2022-05-03T14:59:30","slug":"en-torno-a-la-sonata-claro-de-luna","status":"publish","type":"tnc_col_2162_item","link":"http:\/\/www.uartes.edu.ec\/sitio\/preliminar\/manuscritos\/en-torno-a-la-sonata-claro-de-luna\/","title":{"rendered":"En torno a la sonata Claro de luna"},"content":{"rendered":"<p>Ludwig van Beethoven demuestra su talento a pesar de la discapacidad con la que tuvo que vivir hasta el final de sus d\u00edas. La suya es m\u00fasica que no calma, sino que conmociona y perturba, por eso luego de Beethoven nadie regres\u00f3 sus conciertos tarareando melod\u00edas agradables. As\u00ed que sus tragedias y lamentos quedaron plasmados en sus obras; en primer lugar, porque limitan la filosof\u00eda a una determinada forma de expresi\u00f3n, como si eso no tuviera discusi\u00f3n; en segundo lugar, porque exagera la naturaleza del arte; finalmente, porque la filosof\u00eda del arte entra en contradicci\u00f3n consigo misma, siendo de antemano una tarea imposible y, por tanto, incapaz de aceptar o denegar lo que el arte es o deja de ser. Beethoven es el precursor de la expresi\u00f3n musical y humana, que enaltece a la esencia misma de la m\u00fasica.<\/p>\n","protected":false},"featured_media":0,"parent":0,"menu_order":0,"comment_status":"closed","ping_status":"closed","template":"","format":"standard","tnc_tax_2229":[240],"class_list":["post-3185","tnc_col_2162_item","type-tnc_col_2162_item","status-publish","format-standard","hentry","tnc_tax_2722-academico","tnc_tax_2231-preliminar-2","tnc_tax_2229-docentes","tnc_tax_2227-beethoven","tnc_tax_2227-cantabile","tnc_tax_2227-measure","tnc_tax_2227-nature","tnc_tax_2227-sublime","tnc_tax_2225-beethoven","tnc_tax_2225-cantabile","tnc_tax_2225-mesura","tnc_tax_2225-naturaleza","tnc_tax_2225-sublime","tnc_tax_2223-wilson-guachi"],"uagb_featured_image_src":{"full":false,"thumbnail":false,"medium":false,"medium_large":false,"large":false,"1536x1536":false,"2048x2048":false,"tainacan-small":false,"tainacan-medium":false,"tainacan-medium-full":false,"tainacan-large-full":false,"layers-square-large":false,"layers-portrait-large":false,"layers-landscape-large":false,"layers-square-medium":false,"layers-portrait-medium":false,"layers-landscape-medium":false},"uagb_author_info":{"display_name":"Universidad de las Artes","author_link":"https:\/\/www.uartes.edu.ec\/sitio\/preliminar\/author\/"},"uagb_comment_info":0,"uagb_excerpt":"Ludwig van Beethoven demuestra su talento a pesar de la discapacidad con la que tuvo que vivir hasta el final de sus d\u00edas. La suya es m\u00fasica que no calma, sino que conmociona y perturba, por eso luego de Beethoven nadie regres\u00f3 sus conciertos tarareando melod\u00edas agradables. As\u00ed que sus tragedias y lamentos quedaron plasmados&hellip;","distributor_meta":false,"distributor_terms":false,"distributor_media":false,"distributor_original_site_name":"Preliminar","distributor_original_site_url":"https:\/\/www.uartes.edu.ec\/sitio\/preliminar","push-errors":false,"_links":{"self":[{"href":"https:\/\/www.uartes.edu.ec\/sitio\/preliminar\/wp-json\/wp\/v2\/tnc_col_2162_item\/3185","targetHints":{"allow":["GET"]}}],"collection":[{"href":"https:\/\/www.uartes.edu.ec\/sitio\/preliminar\/wp-json\/wp\/v2\/tnc_col_2162_item"}],"about":[{"href":"https:\/\/www.uartes.edu.ec\/sitio\/preliminar\/wp-json\/wp\/v2\/types\/tnc_col_2162_item"}],"replies":[{"embeddable":true,"href":"https:\/\/www.uartes.edu.ec\/sitio\/preliminar\/wp-json\/wp\/v2\/comments?post=3185"}],"version-history":[{"count":1,"href":"https:\/\/www.uartes.edu.ec\/sitio\/preliminar\/wp-json\/wp\/v2\/tnc_col_2162_item\/3185\/revisions"}],"predecessor-version":[{"id":3268,"href":"https:\/\/www.uartes.edu.ec\/sitio\/preliminar\/wp-json\/wp\/v2\/tnc_col_2162_item\/3185\/revisions\/3268"}],"wp:attachment":[{"href":"https:\/\/www.uartes.edu.ec\/sitio\/preliminar\/wp-json\/wp\/v2\/media?parent=3185"}],"wp:term":[{"taxonomy":"tnc_tax_2229","embeddable":true,"href":"https:\/\/www.uartes.edu.ec\/sitio\/preliminar\/wp-json\/wp\/v2\/tnc_tax_2229?post=3185"}],"curies":[{"name":"wp","href":"https:\/\/api.w.org\/{rel}","templated":true}]}}

<p>Ludwig van Beethoven demuestra su talento a pesar de la discapacidad con la que tuvo que vivir hasta el final de sus días. La suya es música que no calma, sino que conmociona y perturba, por eso luego de Beethoven nadie regresó sus conciertos tarareando melodías agradables. Así que sus tragedias y lamentos quedaron plasmados en sus obras; en primer lugar, porque limitan la filosofía a una determinada forma de expresión, como si eso no tuviera discusión; en segundo lugar, porque exagera la naturaleza del arte; finalmente, porque la filosofía del arte entra en contradicción consigo misma, siendo de antemano una tarea imposible y, por tanto, incapaz de aceptar o denegar lo que el arte es o deja de ser. Beethoven es el precursor de la expresión musical y humana, que enaltece a la esencia misma de la música.</p>

Ludwig van Beethoven demuestra su talento a pesar de la discapacidad con la que tuvo que vivir hasta el final de sus días. La suya es música que no calma, sino que conmociona y perturba, por eso luego de Beethoven nadie regresó sus conciertos tarareando melodías agradables. Así que sus tragedias y lamentos quedaron plasmados&hellip;
