{"id":3186,"date":"2022-04-29T10:34:14","date_gmt":"2022-04-29T15:34:14","guid":{"rendered":"http:\/\/www.uartes.edu.ec\/sitio\/preliminar\/?post_type=tnc_col_2162_item&#038;p=3186"},"modified":"2022-05-03T10:03:26","modified_gmt":"2022-05-03T15:03:26","slug":"la-quinta-sinfonia-a-medida","status":"publish","type":"tnc_col_2162_item","link":"http:\/\/www.uartes.edu.ec\/sitio\/preliminar\/manuscritos\/la-quinta-sinfonia-a-medida\/","title":{"rendered":"La Quinta Sinfon\u00eda, a medida"},"content":{"rendered":"<p>El presente trabajo tiene por objeto entender, relacionar y analizar La Sinfon\u00eda n\u00ba 5 en do menor, Op. 67 del compositor Ludwin van Beethoven y su contexto desde un plano filos\u00f3fico. El an\u00e1lisis musical nos permite comprender de una manera cercana la complejidad o sencillez del compositor y la esencia musical que representa la quinta sinfon\u00eda. Esta obra nos lleva por un patr\u00f3n r\u00edtmiccomo constante en el tiempo que dura la obra y que reposa como una repetici\u00f3n sonora incansablemente sobre el oyente, as\u00ed como por signos musicales incomprensibles que despiertan, evaden y confunden nuestra capacidad de entender su m\u00fasica.<\/p>\n","protected":false},"featured_media":0,"parent":0,"menu_order":0,"comment_status":"closed","ping_status":"closed","template":"","format":"standard","tnc_tax_2229":[240],"class_list":["post-3186","tnc_col_2162_item","type-tnc_col_2162_item","status-publish","format-standard","hentry","tnc_tax_2722-academico","tnc_tax_2231-preliminar-2","tnc_tax_2229-docentes","tnc_tax_2227-identity","tnc_tax_2227-measure","tnc_tax_2227-motif","tnc_tax_2227-tempered-tuning","tnc_tax_2225-afinacion-temperada","tnc_tax_2225-identidad","tnc_tax_2225-mesura","tnc_tax_2225-motivo","tnc_tax_2223-jose-cumbicos"],"uagb_featured_image_src":{"full":false,"thumbnail":false,"medium":false,"medium_large":false,"large":false,"1536x1536":false,"2048x2048":false,"tainacan-small":false,"tainacan-medium":false,"tainacan-medium-full":false,"tainacan-large-full":false,"layers-square-large":false,"layers-portrait-large":false,"layers-landscape-large":false,"layers-square-medium":false,"layers-portrait-medium":false,"layers-landscape-medium":false},"uagb_author_info":{"display_name":"Universidad de las Artes","author_link":"https:\/\/www.uartes.edu.ec\/sitio\/preliminar\/author\/"},"uagb_comment_info":0,"uagb_excerpt":"El presente trabajo tiene por objeto entender, relacionar y analizar La Sinfon\u00eda n\u00ba 5 en do menor, Op. 67 del compositor Ludwin van Beethoven y su contexto desde un plano filos\u00f3fico. El an\u00e1lisis musical nos permite comprender de una manera cercana la complejidad o sencillez del compositor y la esencia musical que representa la quinta&hellip;","distributor_meta":false,"distributor_terms":false,"distributor_media":false,"distributor_original_site_name":"Preliminar","distributor_original_site_url":"https:\/\/www.uartes.edu.ec\/sitio\/preliminar","push-errors":false,"_links":{"self":[{"href":"https:\/\/www.uartes.edu.ec\/sitio\/preliminar\/wp-json\/wp\/v2\/tnc_col_2162_item\/3186","targetHints":{"allow":["GET"]}}],"collection":[{"href":"https:\/\/www.uartes.edu.ec\/sitio\/preliminar\/wp-json\/wp\/v2\/tnc_col_2162_item"}],"about":[{"href":"https:\/\/www.uartes.edu.ec\/sitio\/preliminar\/wp-json\/wp\/v2\/types\/tnc_col_2162_item"}],"replies":[{"embeddable":true,"href":"https:\/\/www.uartes.edu.ec\/sitio\/preliminar\/wp-json\/wp\/v2\/comments?post=3186"}],"version-history":[{"count":1,"href":"https:\/\/www.uartes.edu.ec\/sitio\/preliminar\/wp-json\/wp\/v2\/tnc_col_2162_item\/3186\/revisions"}],"predecessor-version":[{"id":3271,"href":"https:\/\/www.uartes.edu.ec\/sitio\/preliminar\/wp-json\/wp\/v2\/tnc_col_2162_item\/3186\/revisions\/3271"}],"wp:attachment":[{"href":"https:\/\/www.uartes.edu.ec\/sitio\/preliminar\/wp-json\/wp\/v2\/media?parent=3186"}],"wp:term":[{"taxonomy":"tnc_tax_2229","embeddable":true,"href":"https:\/\/www.uartes.edu.ec\/sitio\/preliminar\/wp-json\/wp\/v2\/tnc_tax_2229?post=3186"}],"curies":[{"name":"wp","href":"https:\/\/api.w.org\/{rel}","templated":true}]}}

La Quinta Sinfonía, a medida

<p>El presente trabajo tiene por objeto entender, relacionar y analizar La Sinfonía nº 5 en do menor, Op. 67 del compositor Ludwin van Beethoven y su contexto desde un plano filosófico. El análisis musical nos permite comprender de una manera cercana la complejidad o sencillez del compositor y la esencia musical que representa la quinta sinfonía. Esta obra nos lleva por un patrón rítmiccomo constante en el tiempo que dura la obra y que reposa como una repetición sonora incansablemente sobre el oyente, así como por signos musicales incomprensibles que despiertan, evaden y confunden nuestra capacidad de entender su música.</p>

El presente trabajo tiene por objeto entender, relacionar y analizar La Sinfonía nº 5 en do menor, Op. 67 del compositor Ludwin van Beethoven y su contexto desde un plano filosófico. El análisis musical nos permite comprender de una manera cercana la complejidad o sencillez del compositor y la esencia musical que representa la quinta&hellip;
