{"id":3189,"date":"2022-04-29T10:34:41","date_gmt":"2022-04-29T15:34:41","guid":{"rendered":"http:\/\/www.uartes.edu.ec\/sitio\/preliminar\/?post_type=tnc_col_2162_item&#038;p=3189"},"modified":"2022-05-03T10:51:39","modified_gmt":"2022-05-03T15:51:39","slug":"escucha-de-la-naturaleza-musical-transcendiendo-hacia-el-infinito","status":"publish","type":"tnc_col_2162_item","link":"http:\/\/www.uartes.edu.ec\/sitio\/preliminar\/manuscritos\/escucha-de-la-naturaleza-musical-transcendiendo-hacia-el-infinito\/","title":{"rendered":"Escucha de la naturaleza musical: transcendiendo hacia el infinito"},"content":{"rendered":"<p>Visionario del clasicismo y gran representante del romanticismo, ese es Ludwig van Beethoven. A lo largo de los a\u00f1os la m\u00fasica ha tenido el mismo objetivo, conmocionar a los oyentes. Esta tarea fue muy f\u00e1cil para el compositor a pesar de su progresiva enfermedad. Est\u00e9ticamente hablando, la quinta sinfon\u00eda de Beethoven es una manifestaci\u00f3n de la creatividad humana que, en conjunto con la religi\u00f3n y la filosof\u00eda colaboran para alcanzar la \u00faltima evoluci\u00f3n del esp\u00edritu. Beethoven bas\u00f3 sus obras maestras m\u00e1s relevantes en este principio ya que al escuchar sus sonidos complejos y disonantes nos transportan a un mundo paralelo lleno de emociones parecidas a el sufrimiento que \u00e9l viv\u00eda inspirando rebeli\u00f3n y lucha.<\/p>\n","protected":false},"featured_media":0,"parent":0,"menu_order":0,"comment_status":"closed","ping_status":"closed","template":"","format":"standard","tnc_tax_2229":[240],"class_list":["post-3189","tnc_col_2162_item","type-tnc_col_2162_item","status-publish","format-standard","hentry","tnc_tax_2722-academico","tnc_tax_2231-preliminar-2","tnc_tax_2229-docentes","tnc_tax_2227-beethoveen","tnc_tax_2227-harmoniai","tnc_tax_2227-proper-proportions","tnc_tax_2227-sinister","tnc_tax_2227-sublime","tnc_tax_2225-beethoveen","tnc_tax_2225-harmoniai","tnc_tax_2225-proporciones-adecuadas","tnc_tax_2225-siniestro","tnc_tax_2225-sublime","tnc_tax_2223-ruben-troya"],"uagb_featured_image_src":{"full":false,"thumbnail":false,"medium":false,"medium_large":false,"large":false,"1536x1536":false,"2048x2048":false,"tainacan-small":false,"tainacan-medium":false,"tainacan-medium-full":false,"tainacan-large-full":false,"layers-square-large":false,"layers-portrait-large":false,"layers-landscape-large":false,"layers-square-medium":false,"layers-portrait-medium":false,"layers-landscape-medium":false},"uagb_author_info":{"display_name":"Universidad de las Artes","author_link":"https:\/\/www.uartes.edu.ec\/sitio\/preliminar\/author\/"},"uagb_comment_info":0,"uagb_excerpt":"Visionario del clasicismo y gran representante del romanticismo, ese es Ludwig van Beethoven. A lo largo de los a\u00f1os la m\u00fasica ha tenido el mismo objetivo, conmocionar a los oyentes. Esta tarea fue muy f\u00e1cil para el compositor a pesar de su progresiva enfermedad. Est\u00e9ticamente hablando, la quinta sinfon\u00eda de Beethoven es una manifestaci\u00f3n de&hellip;","distributor_meta":false,"distributor_terms":false,"distributor_media":false,"distributor_original_site_name":"Preliminar","distributor_original_site_url":"https:\/\/www.uartes.edu.ec\/sitio\/preliminar","push-errors":false,"_links":{"self":[{"href":"https:\/\/www.uartes.edu.ec\/sitio\/preliminar\/wp-json\/wp\/v2\/tnc_col_2162_item\/3189","targetHints":{"allow":["GET"]}}],"collection":[{"href":"https:\/\/www.uartes.edu.ec\/sitio\/preliminar\/wp-json\/wp\/v2\/tnc_col_2162_item"}],"about":[{"href":"https:\/\/www.uartes.edu.ec\/sitio\/preliminar\/wp-json\/wp\/v2\/types\/tnc_col_2162_item"}],"replies":[{"embeddable":true,"href":"https:\/\/www.uartes.edu.ec\/sitio\/preliminar\/wp-json\/wp\/v2\/comments?post=3189"}],"version-history":[{"count":1,"href":"https:\/\/www.uartes.edu.ec\/sitio\/preliminar\/wp-json\/wp\/v2\/tnc_col_2162_item\/3189\/revisions"}],"predecessor-version":[{"id":3282,"href":"https:\/\/www.uartes.edu.ec\/sitio\/preliminar\/wp-json\/wp\/v2\/tnc_col_2162_item\/3189\/revisions\/3282"}],"wp:attachment":[{"href":"https:\/\/www.uartes.edu.ec\/sitio\/preliminar\/wp-json\/wp\/v2\/media?parent=3189"}],"wp:term":[{"taxonomy":"tnc_tax_2229","embeddable":true,"href":"https:\/\/www.uartes.edu.ec\/sitio\/preliminar\/wp-json\/wp\/v2\/tnc_tax_2229?post=3189"}],"curies":[{"name":"wp","href":"https:\/\/api.w.org\/{rel}","templated":true}]}}

<p>Visionario del clasicismo y gran representante del romanticismo, ese es Ludwig van Beethoven. A lo largo de los años la música ha tenido el mismo objetivo, conmocionar a los oyentes. Esta tarea fue muy fácil para el compositor a pesar de su progresiva enfermedad. Estéticamente hablando, la quinta sinfonía de Beethoven es una manifestación de la creatividad humana que, en conjunto con la religión y la filosofía colaboran para alcanzar la última evolución del espíritu. Beethoven basó sus obras maestras más relevantes en este principio ya que al escuchar sus sonidos complejos y disonantes nos transportan a un mundo paralelo lleno de emociones parecidas a el sufrimiento que él vivía inspirando rebelión y lucha.</p>

Visionario del clasicismo y gran representante del romanticismo, ese es Ludwig van Beethoven. A lo largo de los años la música ha tenido el mismo objetivo, conmocionar a los oyentes. Esta tarea fue muy fácil para el compositor a pesar de su progresiva enfermedad. Estéticamente hablando, la quinta sinfonía de Beethoven es una manifestación de&hellip;
