{"id":3192,"date":"2022-04-29T10:35:16","date_gmt":"2022-04-29T15:35:16","guid":{"rendered":"http:\/\/www.uartes.edu.ec\/sitio\/preliminar\/?post_type=tnc_col_2162_item&#038;p=3192"},"modified":"2022-05-03T11:38:35","modified_gmt":"2022-05-03T16:38:35","slug":"pertinencia-del-teatro-en-tiempos-de-pandemia","status":"publish","type":"tnc_col_2162_item","link":"http:\/\/www.uartes.edu.ec\/sitio\/preliminar\/manuscritos\/pertinencia-del-teatro-en-tiempos-de-pandemia\/","title":{"rendered":"Pertinencia del teatro en tiempos de pandemia"},"content":{"rendered":"<p>Para cuando la emergencia sanitaria del Covid-19 llega a Ecuador, lo hace en un contexto donde el sector cultural est\u00e1 previamente deteriorado y la comunidad teatral fragmentada, sectorizada en ideolog\u00edas. Ante el escenario dantesco, que trajo consigo la pandemia, sumado a la cuarentena y distanciamiento obligatorios, surge la profunda incertidumbre de si el teatro  arte del encuentro f\u00edsico por excelencia a\u00fan era pertinente. En un intento de realizar un acercamiento a una posible respuesta, el presente informe netnogr\u00e1fico busca un di\u00e1logo entre las perspectivas de cinco trabajadores teatrales que, a pesar de la pandemia, no abandonaron sus actividades, sino que encontraron en la crisis una oportunidad de readaptarse, resistir y volver a cuestionar aspectos teatrales ya caducos. Un arte que, en su propia imposibilidad, no encuentra m\u00e1s motivos para reafirmar su existencia, que la resistencia en s\u00ed.<\/p>\n","protected":false},"featured_media":0,"parent":0,"menu_order":0,"comment_status":"closed","ping_status":"closed","template":"","format":"standard","tnc_tax_2229":[140],"class_list":["post-3192","tnc_col_2162_item","type-tnc_col_2162_item","status-publish","format-standard","hentry","tnc_tax_2722-academico","tnc_tax_2231-preliminar-3","tnc_tax_2229-estudiantes","tnc_tax_2227-netnography","tnc_tax_2227-pandemic","tnc_tax_2227-theater","tnc_tax_2227-theater-community","tnc_tax_2227-virtuality","tnc_tax_2225-comunidad-teatral","tnc_tax_2225-netnografia","tnc_tax_2225-pandemia","tnc_tax_2225-teatro","tnc_tax_2225-virtualidad","tnc_tax_2223-pavel-villamar"],"uagb_featured_image_src":{"full":false,"thumbnail":false,"medium":false,"medium_large":false,"large":false,"1536x1536":false,"2048x2048":false,"tainacan-small":false,"tainacan-medium":false,"tainacan-medium-full":false,"tainacan-large-full":false,"layers-square-large":false,"layers-portrait-large":false,"layers-landscape-large":false,"layers-square-medium":false,"layers-portrait-medium":false,"layers-landscape-medium":false},"uagb_author_info":{"display_name":"Universidad de las Artes","author_link":"https:\/\/www.uartes.edu.ec\/sitio\/preliminar\/author\/"},"uagb_comment_info":0,"uagb_excerpt":"Para cuando la emergencia sanitaria del Covid-19 llega a Ecuador, lo hace en un contexto donde el sector cultural est\u00e1 previamente deteriorado y la comunidad teatral fragmentada, sectorizada en ideolog\u00edas. Ante el escenario dantesco, que trajo consigo la pandemia, sumado a la cuarentena y distanciamiento obligatorios, surge la profunda incertidumbre de si el teatro arte&hellip;","distributor_meta":false,"distributor_terms":false,"distributor_media":false,"distributor_original_site_name":"Preliminar","distributor_original_site_url":"https:\/\/www.uartes.edu.ec\/sitio\/preliminar","push-errors":false,"_links":{"self":[{"href":"https:\/\/www.uartes.edu.ec\/sitio\/preliminar\/wp-json\/wp\/v2\/tnc_col_2162_item\/3192","targetHints":{"allow":["GET"]}}],"collection":[{"href":"https:\/\/www.uartes.edu.ec\/sitio\/preliminar\/wp-json\/wp\/v2\/tnc_col_2162_item"}],"about":[{"href":"https:\/\/www.uartes.edu.ec\/sitio\/preliminar\/wp-json\/wp\/v2\/types\/tnc_col_2162_item"}],"replies":[{"embeddable":true,"href":"https:\/\/www.uartes.edu.ec\/sitio\/preliminar\/wp-json\/wp\/v2\/comments?post=3192"}],"version-history":[{"count":1,"href":"https:\/\/www.uartes.edu.ec\/sitio\/preliminar\/wp-json\/wp\/v2\/tnc_col_2162_item\/3192\/revisions"}],"predecessor-version":[{"id":3301,"href":"https:\/\/www.uartes.edu.ec\/sitio\/preliminar\/wp-json\/wp\/v2\/tnc_col_2162_item\/3192\/revisions\/3301"}],"wp:attachment":[{"href":"https:\/\/www.uartes.edu.ec\/sitio\/preliminar\/wp-json\/wp\/v2\/media?parent=3192"}],"wp:term":[{"taxonomy":"tnc_tax_2229","embeddable":true,"href":"https:\/\/www.uartes.edu.ec\/sitio\/preliminar\/wp-json\/wp\/v2\/tnc_tax_2229?post=3192"}],"curies":[{"name":"wp","href":"https:\/\/api.w.org\/{rel}","templated":true}]}}

<p>Para cuando la emergencia sanitaria del Covid-19 llega a Ecuador, lo hace en un contexto donde el sector cultural está previamente deteriorado y la comunidad teatral fragmentada, sectorizada en ideologías. Ante el escenario dantesco, que trajo consigo la pandemia, sumado a la cuarentena y distanciamiento obligatorios, surge la profunda incertidumbre de si el teatro  arte del encuentro físico por excelencia aún era pertinente. En un intento de realizar un acercamiento a una posible respuesta, el presente informe netnográfico busca un diálogo entre las perspectivas de cinco trabajadores teatrales que, a pesar de la pandemia, no abandonaron sus actividades, sino que encontraron en la crisis una oportunidad de readaptarse, resistir y volver a cuestionar aspectos teatrales ya caducos. Un arte que, en su propia imposibilidad, no encuentra más motivos para reafirmar su existencia, que la resistencia en sí.</p>

Para cuando la emergencia sanitaria del Covid-19 llega a Ecuador, lo hace en un contexto donde el sector cultural está previamente deteriorado y la comunidad teatral fragmentada, sectorizada en ideologías. Ante el escenario dantesco, que trajo consigo la pandemia, sumado a la cuarentena y distanciamiento obligatorios, surge la profunda incertidumbre de si el teatro arte&hellip;
