{"id":3193,"date":"2022-04-29T10:35:23","date_gmt":"2022-04-29T15:35:23","guid":{"rendered":"http:\/\/www.uartes.edu.ec\/sitio\/preliminar\/?post_type=tnc_col_2162_item&#038;p=3193"},"modified":"2022-05-03T11:46:09","modified_gmt":"2022-05-03T16:46:09","slug":"fanesca-pedagogica","status":"publish","type":"tnc_col_2162_item","link":"http:\/\/www.uartes.edu.ec\/sitio\/preliminar\/manuscritos\/fanesca-pedagogica\/","title":{"rendered":"Fanesca pedag\u00f3gica"},"content":{"rendered":"<p>\u201cFanesca Pedag\u00f3gica\u201d es un ensayo ilustrado que aborda el tema de la instituci\u00f3n-museo, su papel y compromiso social, pol\u00edtico y educativo. Situ\u00e1ndose en el contexto actual de emergencia sanitaria por el Covid-19, problematiza las pedagog\u00edas museol\u00f3gicas, la virtualidad y el arte como conocimiento tomando como partida los planteamientos de Luis Camnitzer. El trabajo fue realizando a la par de una propuesta educativa donde se trabaja la idea del arte como conocimiento, realizado desde la virtualidad; poniendo en pr\u00e1ctica las ideas planteadas en el texto. M\u00e1s que concluir con una respuesta espec\u00edfica, terminamos con m\u00e1s inquietudes del qu\u00e9 pasar\u00e1 en la nueva era del coronavirus con los museos.<\/p>\n","protected":false},"featured_media":0,"parent":0,"menu_order":0,"comment_status":"closed","ping_status":"closed","template":"","format":"standard","tnc_tax_2229":[140],"class_list":["post-3193","tnc_col_2162_item","type-tnc_col_2162_item","status-publish","format-standard","hentry","tnc_tax_2722-academico","tnc_tax_2231-preliminar-3","tnc_tax_2229-estudiantes","tnc_tax_2227-art-as-knowledge","tnc_tax_2227-luis-camnitzer","tnc_tax_2227-museum","tnc_tax_2227-pandemic","tnc_tax_2227-virtuality","tnc_tax_2225-arte-como-conocimiento","tnc_tax_2225-luis-camnitzer","tnc_tax_2225-museo","tnc_tax_2225-pandemia","tnc_tax_2225-virtualidad","tnc_tax_2223-ivanna-santoro"],"uagb_featured_image_src":{"full":false,"thumbnail":false,"medium":false,"medium_large":false,"large":false,"1536x1536":false,"2048x2048":false,"tainacan-small":false,"tainacan-medium":false,"tainacan-medium-full":false,"tainacan-large-full":false,"layers-square-large":false,"layers-portrait-large":false,"layers-landscape-large":false,"layers-square-medium":false,"layers-portrait-medium":false,"layers-landscape-medium":false},"uagb_author_info":{"display_name":"Universidad de las Artes","author_link":"https:\/\/www.uartes.edu.ec\/sitio\/preliminar\/author\/"},"uagb_comment_info":0,"uagb_excerpt":"\u201cFanesca Pedag\u00f3gica\u201d es un ensayo ilustrado que aborda el tema de la instituci\u00f3n-museo, su papel y compromiso social, pol\u00edtico y educativo. Situ\u00e1ndose en el contexto actual de emergencia sanitaria por el Covid-19, problematiza las pedagog\u00edas museol\u00f3gicas, la virtualidad y el arte como conocimiento tomando como partida los planteamientos de Luis Camnitzer. El trabajo fue realizando&hellip;","distributor_meta":false,"distributor_terms":false,"distributor_media":false,"distributor_original_site_name":"Preliminar","distributor_original_site_url":"https:\/\/www.uartes.edu.ec\/sitio\/preliminar","push-errors":false,"_links":{"self":[{"href":"https:\/\/www.uartes.edu.ec\/sitio\/preliminar\/wp-json\/wp\/v2\/tnc_col_2162_item\/3193","targetHints":{"allow":["GET"]}}],"collection":[{"href":"https:\/\/www.uartes.edu.ec\/sitio\/preliminar\/wp-json\/wp\/v2\/tnc_col_2162_item"}],"about":[{"href":"https:\/\/www.uartes.edu.ec\/sitio\/preliminar\/wp-json\/wp\/v2\/types\/tnc_col_2162_item"}],"replies":[{"embeddable":true,"href":"https:\/\/www.uartes.edu.ec\/sitio\/preliminar\/wp-json\/wp\/v2\/comments?post=3193"}],"version-history":[{"count":1,"href":"https:\/\/www.uartes.edu.ec\/sitio\/preliminar\/wp-json\/wp\/v2\/tnc_col_2162_item\/3193\/revisions"}],"predecessor-version":[{"id":3305,"href":"https:\/\/www.uartes.edu.ec\/sitio\/preliminar\/wp-json\/wp\/v2\/tnc_col_2162_item\/3193\/revisions\/3305"}],"wp:attachment":[{"href":"https:\/\/www.uartes.edu.ec\/sitio\/preliminar\/wp-json\/wp\/v2\/media?parent=3193"}],"wp:term":[{"taxonomy":"tnc_tax_2229","embeddable":true,"href":"https:\/\/www.uartes.edu.ec\/sitio\/preliminar\/wp-json\/wp\/v2\/tnc_tax_2229?post=3193"}],"curies":[{"name":"wp","href":"https:\/\/api.w.org\/{rel}","templated":true}]}}

Fanesca pedagógica

<p>“Fanesca Pedagógica” es un ensayo ilustrado que aborda el tema de la institución-museo, su papel y compromiso social, político y educativo. Situándose en el contexto actual de emergencia sanitaria por el Covid-19, problematiza las pedagogías museológicas, la virtualidad y el arte como conocimiento tomando como partida los planteamientos de Luis Camnitzer. El trabajo fue realizando a la par de una propuesta educativa donde se trabaja la idea del arte como conocimiento, realizado desde la virtualidad; poniendo en práctica las ideas planteadas en el texto. Más que concluir con una respuesta específica, terminamos con más inquietudes del qué pasará en la nueva era del coronavirus con los museos.</p>

“Fanesca Pedagógica” es un ensayo ilustrado que aborda el tema de la institución-museo, su papel y compromiso social, político y educativo. Situándose en el contexto actual de emergencia sanitaria por el Covid-19, problematiza las pedagogías museológicas, la virtualidad y el arte como conocimiento tomando como partida los planteamientos de Luis Camnitzer. El trabajo fue realizando&hellip;
