{"id":3196,"date":"2022-04-29T10:35:53","date_gmt":"2022-04-29T15:35:53","guid":{"rendered":"http:\/\/www.uartes.edu.ec\/sitio\/preliminar\/?post_type=tnc_col_2162_item&#038;p=3196"},"modified":"2022-05-03T14:15:23","modified_gmt":"2022-05-03T19:15:23","slug":"repeticion-y-variacion-la-menstruacion-como-sintoma-de-la-feminidad","status":"publish","type":"tnc_col_2162_item","link":"http:\/\/www.uartes.edu.ec\/sitio\/preliminar\/manuscritos\/repeticion-y-variacion-la-menstruacion-como-sintoma-de-la-feminidad\/","title":{"rendered":"Repetici\u00f3n y variaci\u00f3n: La menstruaci\u00f3n como s\u00edntoma de la feminidad"},"content":{"rendered":"<p>\u201cRepetici\u00f3n y variaci\u00f3n: la menstruaci\u00f3n como s\u00edntoma de la feminidad\u201d es un proyecto art\u00edstico que analiza el acto de menstruar con la frase enunciativa \u201cestoy enferma\u201d como un s\u00edntoma que denota nuestra feminidad. El ensayo examina a la feminidad como un performance al que las mujeres nos vemos sometidas diariamente. Una de las fuentes elementales para dicho desarrollo es: el fil\u00f3sofo brit\u00e1nico John L. Austin con su texto \u201cComo hacer cosas con palabras\u201d y \u201cActos performativos y constituci\u00f3n del g\u00e9nero: un ensayo sobre fenomenolog\u00eda y teor\u00eda feminista\u201d de Judith Butler.<\/p>\n","protected":false},"featured_media":0,"parent":0,"menu_order":0,"comment_status":"closed","ping_status":"closed","template":"","format":"standard","tnc_tax_2229":[140],"class_list":["post-3196","tnc_col_2162_item","type-tnc_col_2162_item","status-publish","format-standard","hentry","tnc_tax_2722-creativo","tnc_tax_2231-preliminar-3","tnc_tax_2229-estudiantes","tnc_tax_2227-actos-performativos","tnc_tax_2227-john-l-austin","tnc_tax_2227-menstruacion","tnc_tax_2227-repeticion","tnc_tax_2227-simoun-de-beauvoir","tnc_tax_2227-variacion","tnc_tax_2225-actos-performativos","tnc_tax_2225-john-l-austin","tnc_tax_2225-menstruacion","tnc_tax_2225-repeticion","tnc_tax_2225-simoun-de-beauvoir","tnc_tax_2225-variacion","tnc_tax_2223-dayana-morocho"],"uagb_featured_image_src":{"full":false,"thumbnail":false,"medium":false,"medium_large":false,"large":false,"1536x1536":false,"2048x2048":false,"tainacan-small":false,"tainacan-medium":false,"tainacan-medium-full":false,"tainacan-large-full":false,"layers-square-large":false,"layers-portrait-large":false,"layers-landscape-large":false,"layers-square-medium":false,"layers-portrait-medium":false,"layers-landscape-medium":false},"uagb_author_info":{"display_name":"Universidad de las Artes","author_link":"https:\/\/www.uartes.edu.ec\/sitio\/preliminar\/author\/"},"uagb_comment_info":0,"uagb_excerpt":"\u201cRepetici\u00f3n y variaci\u00f3n: la menstruaci\u00f3n como s\u00edntoma de la feminidad\u201d es un proyecto art\u00edstico que analiza el acto de menstruar con la frase enunciativa \u201cestoy enferma\u201d como un s\u00edntoma que denota nuestra feminidad. El ensayo examina a la feminidad como un performance al que las mujeres nos vemos sometidas diariamente. Una de las fuentes elementales&hellip;","distributor_meta":false,"distributor_terms":false,"distributor_media":false,"distributor_original_site_name":"Preliminar","distributor_original_site_url":"https:\/\/www.uartes.edu.ec\/sitio\/preliminar","push-errors":false,"_links":{"self":[{"href":"https:\/\/www.uartes.edu.ec\/sitio\/preliminar\/wp-json\/wp\/v2\/tnc_col_2162_item\/3196","targetHints":{"allow":["GET"]}}],"collection":[{"href":"https:\/\/www.uartes.edu.ec\/sitio\/preliminar\/wp-json\/wp\/v2\/tnc_col_2162_item"}],"about":[{"href":"https:\/\/www.uartes.edu.ec\/sitio\/preliminar\/wp-json\/wp\/v2\/types\/tnc_col_2162_item"}],"replies":[{"embeddable":true,"href":"https:\/\/www.uartes.edu.ec\/sitio\/preliminar\/wp-json\/wp\/v2\/comments?post=3196"}],"version-history":[{"count":1,"href":"https:\/\/www.uartes.edu.ec\/sitio\/preliminar\/wp-json\/wp\/v2\/tnc_col_2162_item\/3196\/revisions"}],"predecessor-version":[{"id":3317,"href":"https:\/\/www.uartes.edu.ec\/sitio\/preliminar\/wp-json\/wp\/v2\/tnc_col_2162_item\/3196\/revisions\/3317"}],"wp:attachment":[{"href":"https:\/\/www.uartes.edu.ec\/sitio\/preliminar\/wp-json\/wp\/v2\/media?parent=3196"}],"wp:term":[{"taxonomy":"tnc_tax_2229","embeddable":true,"href":"https:\/\/www.uartes.edu.ec\/sitio\/preliminar\/wp-json\/wp\/v2\/tnc_tax_2229?post=3196"}],"curies":[{"name":"wp","href":"https:\/\/api.w.org\/{rel}","templated":true}]}}

Repetición y variación: La menstruación como síntoma de la feminidad

<p>“Repetición y variación: la menstruación como síntoma de la feminidad” es un proyecto artístico que analiza el acto de menstruar con la frase enunciativa “estoy enferma” como un síntoma que denota nuestra feminidad. El ensayo examina a la feminidad como un performance al que las mujeres nos vemos sometidas diariamente. Una de las fuentes elementales para dicho desarrollo es: el filósofo británico John L. Austin con su texto “Como hacer cosas con palabras” y “Actos performativos y constitución del género: un ensayo sobre fenomenología y teoría feminista” de Judith Butler.</p>

“Repetición y variación: la menstruación como síntoma de la feminidad” es un proyecto artístico que analiza el acto de menstruar con la frase enunciativa “estoy enferma” como un síntoma que denota nuestra feminidad. El ensayo examina a la feminidad como un performance al que las mujeres nos vemos sometidas diariamente. Una de las fuentes elementales&hellip;
