{"id":3198,"date":"2022-04-29T10:36:15","date_gmt":"2022-04-29T15:36:15","guid":{"rendered":"http:\/\/www.uartes.edu.ec\/sitio\/preliminar\/?post_type=tnc_col_2162_item&#038;p=3198"},"modified":"2022-05-03T14:58:00","modified_gmt":"2022-05-03T19:58:00","slug":"el-constructor-de-suenos-y-sus-trenes-a-escala-la-historia-de-guillermo-davis-p","status":"publish","type":"tnc_col_2162_item","link":"http:\/\/www.uartes.edu.ec\/sitio\/preliminar\/manuscritos\/el-constructor-de-suenos-y-sus-trenes-a-escala-la-historia-de-guillermo-davis-p\/","title":{"rendered":"El constructor de sue\u00f1os y sus trenes a escala: La historia de Guillermo Davis P"},"content":{"rendered":"<p>Este ensayo pretende contar brevemente la historia del que se considera hasta la actualidad el genio de la mec\u00e1nica ferroviaria, Don Guillermo Davis Pi\u00f1eres (20\/01\/1905 &#8211; 8\/07\/1980), m\u00e1s conocido como \u201cMaquinista Davis\u201d. La intenci\u00f3n no solo es conocer el motivo o finalidad que lo llev\u00f3 a realizar sus locomotoras a escala, o su tradicional encendido de las locomotoras en octubre de cada a\u00f1o para diversi\u00f3n del pueblo, sino analizar como desde el presente se puede a trav\u00e9s de la memoria hist\u00f3rica y comunitaria y como un derecho de la poblaci\u00f3n y de sus familiares, rescatarlas y valorizarlas como se merecen. Adem\u00e1s, busco abrir la propuesta que las locomotoras a escala y las dos mini locomotoras conocidas como \u201cLas gemelas\u201d sean considerados patrimonio cultural tangible (mueble) as\u00ed como el reconocimiento de la tradicional actividad l\u00fadica de octubre como un patrimonio intangible de la ciudad.<\/p>\n","protected":false},"featured_media":0,"parent":0,"menu_order":0,"comment_status":"closed","ping_status":"closed","template":"","format":"standard","tnc_tax_2229":[140],"class_list":["post-3198","tnc_col_2162_item","type-tnc_col_2162_item","status-publish","format-standard","hentry","tnc_tax_2722-academico","tnc_tax_2231-preliminar-3","tnc_tax_2229-estudiantes","tnc_tax_2227-cultural-heritage","tnc_tax_2227-duran","tnc_tax_2227-guillermo-davis","tnc_tax_2227-identity","tnc_tax_2227-railways","tnc_tax_2227-tradition","tnc_tax_2225-duran","tnc_tax_2225-ferrocarriles","tnc_tax_2225-guillermo-davis","tnc_tax_2225-identidad","tnc_tax_2225-patrimonio-cultural","tnc_tax_2225-tradicion","tnc_tax_2223-silvia-quezada"],"uagb_featured_image_src":{"full":false,"thumbnail":false,"medium":false,"medium_large":false,"large":false,"1536x1536":false,"2048x2048":false,"tainacan-small":false,"tainacan-medium":false,"tainacan-medium-full":false,"tainacan-large-full":false,"layers-square-large":false,"layers-portrait-large":false,"layers-landscape-large":false,"layers-square-medium":false,"layers-portrait-medium":false,"layers-landscape-medium":false},"uagb_author_info":{"display_name":"Universidad de las Artes","author_link":"https:\/\/www.uartes.edu.ec\/sitio\/preliminar\/author\/"},"uagb_comment_info":0,"uagb_excerpt":"Este ensayo pretende contar brevemente la historia del que se considera hasta la actualidad el genio de la mec\u00e1nica ferroviaria, Don Guillermo Davis Pi\u00f1eres (20\/01\/1905 &#8211; 8\/07\/1980), m\u00e1s conocido como \u201cMaquinista Davis\u201d. La intenci\u00f3n no solo es conocer el motivo o finalidad que lo llev\u00f3 a realizar sus locomotoras a escala, o su tradicional encendido&hellip;","distributor_meta":false,"distributor_terms":false,"distributor_media":false,"distributor_original_site_name":"Preliminar","distributor_original_site_url":"https:\/\/www.uartes.edu.ec\/sitio\/preliminar","push-errors":false,"_links":{"self":[{"href":"https:\/\/www.uartes.edu.ec\/sitio\/preliminar\/wp-json\/wp\/v2\/tnc_col_2162_item\/3198","targetHints":{"allow":["GET"]}}],"collection":[{"href":"https:\/\/www.uartes.edu.ec\/sitio\/preliminar\/wp-json\/wp\/v2\/tnc_col_2162_item"}],"about":[{"href":"https:\/\/www.uartes.edu.ec\/sitio\/preliminar\/wp-json\/wp\/v2\/types\/tnc_col_2162_item"}],"replies":[{"embeddable":true,"href":"https:\/\/www.uartes.edu.ec\/sitio\/preliminar\/wp-json\/wp\/v2\/comments?post=3198"}],"version-history":[{"count":1,"href":"https:\/\/www.uartes.edu.ec\/sitio\/preliminar\/wp-json\/wp\/v2\/tnc_col_2162_item\/3198\/revisions"}],"predecessor-version":[{"id":3323,"href":"https:\/\/www.uartes.edu.ec\/sitio\/preliminar\/wp-json\/wp\/v2\/tnc_col_2162_item\/3198\/revisions\/3323"}],"wp:attachment":[{"href":"https:\/\/www.uartes.edu.ec\/sitio\/preliminar\/wp-json\/wp\/v2\/media?parent=3198"}],"wp:term":[{"taxonomy":"tnc_tax_2229","embeddable":true,"href":"https:\/\/www.uartes.edu.ec\/sitio\/preliminar\/wp-json\/wp\/v2\/tnc_tax_2229?post=3198"}],"curies":[{"name":"wp","href":"https:\/\/api.w.org\/{rel}","templated":true}]}}

El constructor de sueños y sus trenes a escala: La historia de Guillermo Davis P

<p>Este ensayo pretende contar brevemente la historia del que se considera hasta la actualidad el genio de la mecánica ferroviaria, Don Guillermo Davis Piñeres (20/01/1905 &#8211; 8/07/1980), más conocido como “Maquinista Davis”. La intención no solo es conocer el motivo o finalidad que lo llevó a realizar sus locomotoras a escala, o su tradicional encendido de las locomotoras en octubre de cada año para diversión del pueblo, sino analizar como desde el presente se puede a través de la memoria histórica y comunitaria y como un derecho de la población y de sus familiares, rescatarlas y valorizarlas como se merecen. Además, busco abrir la propuesta que las locomotoras a escala y las dos mini locomotoras conocidas como “Las gemelas” sean considerados patrimonio cultural tangible (mueble) así como el reconocimiento de la tradicional actividad lúdica de octubre como un patrimonio intangible de la ciudad.</p>

Este ensayo pretende contar brevemente la historia del que se considera hasta la actualidad el genio de la mecánica ferroviaria, Don Guillermo Davis Piñeres (20/01/1905 &#8211; 8/07/1980), más conocido como “Maquinista Davis”. La intención no solo es conocer el motivo o finalidad que lo llevó a realizar sus locomotoras a escala, o su tradicional encendido&hellip;
