{"id":3200,"date":"2022-04-29T10:36:28","date_gmt":"2022-04-29T15:36:28","guid":{"rendered":"http:\/\/www.uartes.edu.ec\/sitio\/preliminar\/?post_type=tnc_col_2162_item&#038;p=3200"},"modified":"2022-05-03T15:10:11","modified_gmt":"2022-05-03T20:10:11","slug":"transgresiones-sonoras","status":"publish","type":"tnc_col_2162_item","link":"http:\/\/www.uartes.edu.ec\/sitio\/preliminar\/manuscritos\/transgresiones-sonoras\/","title":{"rendered":"Transgresiones sonoras"},"content":{"rendered":"<p>Este trabajo parte desde un cuestionamiento sobre las gestualidades grotescas en los cuerpos retratados y c\u00f3mo esta manera de hacer interpela al arte en nuestros d\u00edas. En esta propuesta se indaga las relaciones entre la fotograf\u00eda y la atmosfera sonora, as\u00ed tambi\u00e9n como las m\u00faltiples posibilidades de entrelazar un trabajo fotogr\u00e1fico con una investigaci\u00f3n sonora a partir de determinados referentes art\u00edsticos.<\/p>\n","protected":false},"featured_media":0,"parent":0,"menu_order":0,"comment_status":"closed","ping_status":"closed","template":"","format":"standard","tnc_tax_2229":[240],"class_list":["post-3200","tnc_col_2162_item","type-tnc_col_2162_item","status-publish","format-standard","hentry","tnc_tax_2722-creativo","tnc_tax_2231-preliminar-4","tnc_tax_2229-docentes","tnc_tax_2227-aesthetics","tnc_tax_2227-grotesque","tnc_tax_2227-photography","tnc_tax_2227-video-art","tnc_tax_2225-estetica","tnc_tax_2225-fotografia","tnc_tax_2225-grotesco","tnc_tax_2225-videoarte","tnc_tax_2223-abner-borbor","tnc_tax_2223-christian-duche","tnc_tax_2223-darwin-quintuna","tnc_tax_2223-paul-betancur"],"uagb_featured_image_src":{"full":false,"thumbnail":false,"medium":false,"medium_large":false,"large":false,"1536x1536":false,"2048x2048":false,"tainacan-small":false,"tainacan-medium":false,"tainacan-medium-full":false,"tainacan-large-full":false,"layers-square-large":false,"layers-portrait-large":false,"layers-landscape-large":false,"layers-square-medium":false,"layers-portrait-medium":false,"layers-landscape-medium":false},"uagb_author_info":{"display_name":"Universidad de las Artes","author_link":"https:\/\/www.uartes.edu.ec\/sitio\/preliminar\/author\/"},"uagb_comment_info":0,"uagb_excerpt":"Este trabajo parte desde un cuestionamiento sobre las gestualidades grotescas en los cuerpos retratados y c\u00f3mo esta manera de hacer interpela al arte en nuestros d\u00edas. En esta propuesta se indaga las relaciones entre la fotograf\u00eda y la atmosfera sonora, as\u00ed tambi\u00e9n como las m\u00faltiples posibilidades de entrelazar un trabajo fotogr\u00e1fico con una investigaci\u00f3n sonora&hellip;","distributor_meta":false,"distributor_terms":false,"distributor_media":false,"distributor_original_site_name":"Preliminar","distributor_original_site_url":"https:\/\/www.uartes.edu.ec\/sitio\/preliminar","push-errors":false,"_links":{"self":[{"href":"https:\/\/www.uartes.edu.ec\/sitio\/preliminar\/wp-json\/wp\/v2\/tnc_col_2162_item\/3200","targetHints":{"allow":["GET"]}}],"collection":[{"href":"https:\/\/www.uartes.edu.ec\/sitio\/preliminar\/wp-json\/wp\/v2\/tnc_col_2162_item"}],"about":[{"href":"https:\/\/www.uartes.edu.ec\/sitio\/preliminar\/wp-json\/wp\/v2\/types\/tnc_col_2162_item"}],"replies":[{"embeddable":true,"href":"https:\/\/www.uartes.edu.ec\/sitio\/preliminar\/wp-json\/wp\/v2\/comments?post=3200"}],"version-history":[{"count":1,"href":"https:\/\/www.uartes.edu.ec\/sitio\/preliminar\/wp-json\/wp\/v2\/tnc_col_2162_item\/3200\/revisions"}],"predecessor-version":[{"id":3333,"href":"https:\/\/www.uartes.edu.ec\/sitio\/preliminar\/wp-json\/wp\/v2\/tnc_col_2162_item\/3200\/revisions\/3333"}],"wp:attachment":[{"href":"https:\/\/www.uartes.edu.ec\/sitio\/preliminar\/wp-json\/wp\/v2\/media?parent=3200"}],"wp:term":[{"taxonomy":"tnc_tax_2229","embeddable":true,"href":"https:\/\/www.uartes.edu.ec\/sitio\/preliminar\/wp-json\/wp\/v2\/tnc_tax_2229?post=3200"}],"curies":[{"name":"wp","href":"https:\/\/api.w.org\/{rel}","templated":true}]}}

<p>Este trabajo parte desde un cuestionamiento sobre las gestualidades grotescas en los cuerpos retratados y cómo esta manera de hacer interpela al arte en nuestros días. En esta propuesta se indaga las relaciones entre la fotografía y la atmosfera sonora, así también como las múltiples posibilidades de entrelazar un trabajo fotográfico con una investigación sonora a partir de determinados referentes artísticos.</p>

Este trabajo parte desde un cuestionamiento sobre las gestualidades grotescas en los cuerpos retratados y cómo esta manera de hacer interpela al arte en nuestros días. En esta propuesta se indaga las relaciones entre la fotografía y la atmosfera sonora, así también como las múltiples posibilidades de entrelazar un trabajo fotográfico con una investigación sonora&hellip;
