{"id":3205,"date":"2022-04-29T10:37:17","date_gmt":"2022-04-29T15:37:17","guid":{"rendered":"http:\/\/www.uartes.edu.ec\/sitio\/preliminar\/?post_type=tnc_col_2162_item&#038;p=3205"},"modified":"2022-05-03T15:35:26","modified_gmt":"2022-05-03T20:35:26","slug":"el-artista-y-su-devenir-nino-la-risa","status":"publish","type":"tnc_col_2162_item","link":"http:\/\/www.uartes.edu.ec\/sitio\/preliminar\/manuscritos\/el-artista-y-su-devenir-nino-la-risa\/","title":{"rendered":"El artista y su devenir-ni\u00f1o: la risa"},"content":{"rendered":"<p>\u201cRisa\u201d una mini novela gr\u00e1fica que parte de un territorio \u00edntimo, vivencial y de autoexploraci\u00f3n, acerca del artista y su devenir ni\u00f1o. Para esto se indaga por el concepto mismo de devenir, teorizado por Deleuze y Guattari, como las fuerzas sensibles que inciden en el artista y generan afectaciones moleculares que lo deforman y lo recomponen; aqu\u00ed nos encontramos con el grito, la contorsi\u00f3n, la difuminar\u00edan, para al final llegar a la risa: el devenir ni\u00f1o. Buscamos la comunicaci\u00f3n entre el artista y la obra sin buscar mayores pretensiones que eso. De esta indagaci\u00f3n\/exploraci\u00f3n y un desnudo doloroso, pero luego aligerante, surge \u201cRisa\u201d.<\/p>\n","protected":false},"featured_media":0,"parent":0,"menu_order":0,"comment_status":"closed","ping_status":"closed","template":"","format":"standard","tnc_tax_2229":[240],"class_list":["post-3205","tnc_col_2162_item","type-tnc_col_2162_item","status-publish","format-standard","hentry","tnc_tax_2722-creativo","tnc_tax_2231-preliminar-4","tnc_tax_2229-docentes","tnc_tax_2227-affectation","tnc_tax_2227-becoming","tnc_tax_2227-child","tnc_tax_2227-intimate","tnc_tax_2227-laughter","tnc_tax_2227-recompose","tnc_tax_2225-afectacion","tnc_tax_2225-devenir","tnc_tax_2225-intimo","tnc_tax_2225-nino","tnc_tax_2225-recomponer","tnc_tax_2225-risa","tnc_tax_2223-richard-ubidia"],"uagb_featured_image_src":{"full":false,"thumbnail":false,"medium":false,"medium_large":false,"large":false,"1536x1536":false,"2048x2048":false,"tainacan-small":false,"tainacan-medium":false,"tainacan-medium-full":false,"tainacan-large-full":false,"layers-square-large":false,"layers-portrait-large":false,"layers-landscape-large":false,"layers-square-medium":false,"layers-portrait-medium":false,"layers-landscape-medium":false},"uagb_author_info":{"display_name":"Universidad de las Artes","author_link":"https:\/\/www.uartes.edu.ec\/sitio\/preliminar\/author\/"},"uagb_comment_info":0,"uagb_excerpt":"\u201cRisa\u201d una mini novela gr\u00e1fica que parte de un territorio \u00edntimo, vivencial y de autoexploraci\u00f3n, acerca del artista y su devenir ni\u00f1o. Para esto se indaga por el concepto mismo de devenir, teorizado por Deleuze y Guattari, como las fuerzas sensibles que inciden en el artista y generan afectaciones moleculares que lo deforman y lo&hellip;","distributor_meta":false,"distributor_terms":false,"distributor_media":false,"distributor_original_site_name":"Preliminar","distributor_original_site_url":"https:\/\/www.uartes.edu.ec\/sitio\/preliminar","push-errors":false,"_links":{"self":[{"href":"https:\/\/www.uartes.edu.ec\/sitio\/preliminar\/wp-json\/wp\/v2\/tnc_col_2162_item\/3205","targetHints":{"allow":["GET"]}}],"collection":[{"href":"https:\/\/www.uartes.edu.ec\/sitio\/preliminar\/wp-json\/wp\/v2\/tnc_col_2162_item"}],"about":[{"href":"https:\/\/www.uartes.edu.ec\/sitio\/preliminar\/wp-json\/wp\/v2\/types\/tnc_col_2162_item"}],"replies":[{"embeddable":true,"href":"https:\/\/www.uartes.edu.ec\/sitio\/preliminar\/wp-json\/wp\/v2\/comments?post=3205"}],"version-history":[{"count":1,"href":"https:\/\/www.uartes.edu.ec\/sitio\/preliminar\/wp-json\/wp\/v2\/tnc_col_2162_item\/3205\/revisions"}],"predecessor-version":[{"id":3354,"href":"https:\/\/www.uartes.edu.ec\/sitio\/preliminar\/wp-json\/wp\/v2\/tnc_col_2162_item\/3205\/revisions\/3354"}],"wp:attachment":[{"href":"https:\/\/www.uartes.edu.ec\/sitio\/preliminar\/wp-json\/wp\/v2\/media?parent=3205"}],"wp:term":[{"taxonomy":"tnc_tax_2229","embeddable":true,"href":"https:\/\/www.uartes.edu.ec\/sitio\/preliminar\/wp-json\/wp\/v2\/tnc_tax_2229?post=3205"}],"curies":[{"name":"wp","href":"https:\/\/api.w.org\/{rel}","templated":true}]}}

El artista y su devenir-niño: la risa

<p>“Risa” una mini novela gráfica que parte de un territorio íntimo, vivencial y de autoexploración, acerca del artista y su devenir niño. Para esto se indaga por el concepto mismo de devenir, teorizado por Deleuze y Guattari, como las fuerzas sensibles que inciden en el artista y generan afectaciones moleculares que lo deforman y lo recomponen; aquí nos encontramos con el grito, la contorsión, la difuminarían, para al final llegar a la risa: el devenir niño. Buscamos la comunicación entre el artista y la obra sin buscar mayores pretensiones que eso. De esta indagación/exploración y un desnudo doloroso, pero luego aligerante, surge “Risa”.</p>

“Risa” una mini novela gráfica que parte de un territorio íntimo, vivencial y de autoexploración, acerca del artista y su devenir niño. Para esto se indaga por el concepto mismo de devenir, teorizado por Deleuze y Guattari, como las fuerzas sensibles que inciden en el artista y generan afectaciones moleculares que lo deforman y lo&hellip;
