{"id":3207,"date":"2022-04-29T10:37:30","date_gmt":"2022-04-29T15:37:30","guid":{"rendered":"http:\/\/www.uartes.edu.ec\/sitio\/preliminar\/?post_type=tnc_col_2162_item&#038;p=3207"},"modified":"2022-05-03T15:47:59","modified_gmt":"2022-05-03T20:47:59","slug":"las-potencias-del-cuerpo-que-baila","status":"publish","type":"tnc_col_2162_item","link":"http:\/\/www.uartes.edu.ec\/sitio\/preliminar\/manuscritos\/las-potencias-del-cuerpo-que-baila\/","title":{"rendered":"Las potencias del cuerpo que baila"},"content":{"rendered":"<p>Este proyecto est\u00e1 basado en la creaci\u00f3n de un video-danza en la que daremos prioridad a ciertas partes de nuestro cuerpo como (manos, pies, cabeza, tronco, lengua, dientes,) estas se integrar\u00e1n al movimiento que ser\u00e1n en su mayor\u00eda movimientos cotidianos ejecutados de manera aislada, los cuales se relacionar\u00e1n en el video a trav\u00e9s de varios efectos visuales.<\/p>\n","protected":false},"featured_media":0,"parent":0,"menu_order":0,"comment_status":"closed","ping_status":"closed","template":"","format":"standard","tnc_tax_2229":[240],"class_list":["post-3207","tnc_col_2162_item","type-tnc_col_2162_item","status-publish","format-standard","hentry","tnc_tax_2722-creativo","tnc_tax_2231-preliminar-4","tnc_tax_2229-docentes","tnc_tax_2227-instinctive-movement","tnc_tax_2227-normalized-movement","tnc_tax_2225-movimiento-instintivo","tnc_tax_2225-movimiento-normado","tnc_tax_2223-kevin-santos","tnc_tax_2223-mayerling-leon","tnc_tax_2223-valquiria-barros"],"uagb_featured_image_src":{"full":false,"thumbnail":false,"medium":false,"medium_large":false,"large":false,"1536x1536":false,"2048x2048":false,"tainacan-small":false,"tainacan-medium":false,"tainacan-medium-full":false,"tainacan-large-full":false,"layers-square-large":false,"layers-portrait-large":false,"layers-landscape-large":false,"layers-square-medium":false,"layers-portrait-medium":false,"layers-landscape-medium":false},"uagb_author_info":{"display_name":"Universidad de las Artes","author_link":"https:\/\/www.uartes.edu.ec\/sitio\/preliminar\/author\/"},"uagb_comment_info":0,"uagb_excerpt":"Este proyecto est\u00e1 basado en la creaci\u00f3n de un video-danza en la que daremos prioridad a ciertas partes de nuestro cuerpo como (manos, pies, cabeza, tronco, lengua, dientes,) estas se integrar\u00e1n al movimiento que ser\u00e1n en su mayor\u00eda movimientos cotidianos ejecutados de manera aislada, los cuales se relacionar\u00e1n en el video a trav\u00e9s de varios&hellip;","distributor_meta":false,"distributor_terms":false,"distributor_media":false,"distributor_original_site_name":"Preliminar","distributor_original_site_url":"https:\/\/www.uartes.edu.ec\/sitio\/preliminar","push-errors":false,"_links":{"self":[{"href":"https:\/\/www.uartes.edu.ec\/sitio\/preliminar\/wp-json\/wp\/v2\/tnc_col_2162_item\/3207","targetHints":{"allow":["GET"]}}],"collection":[{"href":"https:\/\/www.uartes.edu.ec\/sitio\/preliminar\/wp-json\/wp\/v2\/tnc_col_2162_item"}],"about":[{"href":"https:\/\/www.uartes.edu.ec\/sitio\/preliminar\/wp-json\/wp\/v2\/types\/tnc_col_2162_item"}],"replies":[{"embeddable":true,"href":"https:\/\/www.uartes.edu.ec\/sitio\/preliminar\/wp-json\/wp\/v2\/comments?post=3207"}],"version-history":[{"count":1,"href":"https:\/\/www.uartes.edu.ec\/sitio\/preliminar\/wp-json\/wp\/v2\/tnc_col_2162_item\/3207\/revisions"}],"predecessor-version":[{"id":3362,"href":"https:\/\/www.uartes.edu.ec\/sitio\/preliminar\/wp-json\/wp\/v2\/tnc_col_2162_item\/3207\/revisions\/3362"}],"wp:attachment":[{"href":"https:\/\/www.uartes.edu.ec\/sitio\/preliminar\/wp-json\/wp\/v2\/media?parent=3207"}],"wp:term":[{"taxonomy":"tnc_tax_2229","embeddable":true,"href":"https:\/\/www.uartes.edu.ec\/sitio\/preliminar\/wp-json\/wp\/v2\/tnc_tax_2229?post=3207"}],"curies":[{"name":"wp","href":"https:\/\/api.w.org\/{rel}","templated":true}]}}

<p>Este proyecto está basado en la creación de un video-danza en la que daremos prioridad a ciertas partes de nuestro cuerpo como (manos, pies, cabeza, tronco, lengua, dientes,) estas se integrarán al movimiento que serán en su mayoría movimientos cotidianos ejecutados de manera aislada, los cuales se relacionarán en el video a través de varios efectos visuales.</p>

Este proyecto está basado en la creación de un video-danza en la que daremos prioridad a ciertas partes de nuestro cuerpo como (manos, pies, cabeza, tronco, lengua, dientes,) estas se integrarán al movimiento que serán en su mayoría movimientos cotidianos ejecutados de manera aislada, los cuales se relacionarán en el video a través de varios&hellip;
