{"id":3209,"date":"2022-04-29T10:37:52","date_gmt":"2022-04-29T15:37:52","guid":{"rendered":"http:\/\/www.uartes.edu.ec\/sitio\/preliminar\/?post_type=tnc_col_2162_item&#038;p=3209"},"modified":"2022-05-03T16:00:18","modified_gmt":"2022-05-03T21:00:18","slug":"sobre-la-deformacion-de-los-espacios","status":"publish","type":"tnc_col_2162_item","link":"http:\/\/www.uartes.edu.ec\/sitio\/preliminar\/manuscritos\/sobre-la-deformacion-de-los-espacios\/","title":{"rendered":"Sobre la (de)formaci\u00f3n de los espacios"},"content":{"rendered":"<p>\u201cSobre la (de)formaci\u00f3n de espacios\u201d es un proyecto audiovisual que busca entender las nuevas po\u00e9ticas de los espacios-casa concebidas por el confinamiento y las medidas de sanidad provocadas por el COVID-19. Ellas buscan relacionarse con las percepciones y comportamientos reaccionarios de quienes habitan aquellos espacios. As\u00ed, se realiza un acercamiento a las sensibilidades del cuerpo, la memoria y el pensamiento con el fin de responder ante un espacio intervelnido por otro: el espacio-interno (espacio de la privacidad, de la expresi\u00f3n \u00edntima, de los h\u00e1bitos de autorreconocimiento, de lo Uno) contaminado por el espacio-externo (espacio de los acontecimientos, de los encuentros, de lo ajeno, de lo Otro).<\/p>\n","protected":false},"featured_media":0,"parent":0,"menu_order":0,"comment_status":"closed","ping_status":"closed","template":"","format":"standard","tnc_tax_2229":[240],"class_list":["post-3209","tnc_col_2162_item","type-tnc_col_2162_item","status-publish","format-standard","hentry","tnc_tax_2722-creativo","tnc_tax_2231-preliminar-4","tnc_tax_2229-docentes","tnc_tax_2227-house","tnc_tax_2227-inhabit","tnc_tax_2227-perception","tnc_tax_2227-sensitivity","tnc_tax_2227-spaces","tnc_tax_2227-thought","tnc_tax_2225-casa","tnc_tax_2225-espacios","tnc_tax_2225-habitar","tnc_tax_2225-pensamiento","tnc_tax_2225-percepcion","tnc_tax_2225-sensibilidad","tnc_tax_2223-gabriel-avecilla"],"uagb_featured_image_src":{"full":false,"thumbnail":false,"medium":false,"medium_large":false,"large":false,"1536x1536":false,"2048x2048":false,"tainacan-small":false,"tainacan-medium":false,"tainacan-medium-full":false,"tainacan-large-full":false,"layers-square-large":false,"layers-portrait-large":false,"layers-landscape-large":false,"layers-square-medium":false,"layers-portrait-medium":false,"layers-landscape-medium":false},"uagb_author_info":{"display_name":"Universidad de las Artes","author_link":"https:\/\/www.uartes.edu.ec\/sitio\/preliminar\/author\/"},"uagb_comment_info":0,"uagb_excerpt":"\u201cSobre la (de)formaci\u00f3n de espacios\u201d es un proyecto audiovisual que busca entender las nuevas po\u00e9ticas de los espacios-casa concebidas por el confinamiento y las medidas de sanidad provocadas por el COVID-19. Ellas buscan relacionarse con las percepciones y comportamientos reaccionarios de quienes habitan aquellos espacios. As\u00ed, se realiza un acercamiento a las sensibilidades del cuerpo,&hellip;","distributor_meta":false,"distributor_terms":false,"distributor_media":false,"distributor_original_site_name":"Preliminar","distributor_original_site_url":"https:\/\/www.uartes.edu.ec\/sitio\/preliminar","push-errors":false,"_links":{"self":[{"href":"https:\/\/www.uartes.edu.ec\/sitio\/preliminar\/wp-json\/wp\/v2\/tnc_col_2162_item\/3209","targetHints":{"allow":["GET"]}}],"collection":[{"href":"https:\/\/www.uartes.edu.ec\/sitio\/preliminar\/wp-json\/wp\/v2\/tnc_col_2162_item"}],"about":[{"href":"https:\/\/www.uartes.edu.ec\/sitio\/preliminar\/wp-json\/wp\/v2\/types\/tnc_col_2162_item"}],"replies":[{"embeddable":true,"href":"https:\/\/www.uartes.edu.ec\/sitio\/preliminar\/wp-json\/wp\/v2\/comments?post=3209"}],"version-history":[{"count":1,"href":"https:\/\/www.uartes.edu.ec\/sitio\/preliminar\/wp-json\/wp\/v2\/tnc_col_2162_item\/3209\/revisions"}],"predecessor-version":[{"id":3370,"href":"https:\/\/www.uartes.edu.ec\/sitio\/preliminar\/wp-json\/wp\/v2\/tnc_col_2162_item\/3209\/revisions\/3370"}],"wp:attachment":[{"href":"https:\/\/www.uartes.edu.ec\/sitio\/preliminar\/wp-json\/wp\/v2\/media?parent=3209"}],"wp:term":[{"taxonomy":"tnc_tax_2229","embeddable":true,"href":"https:\/\/www.uartes.edu.ec\/sitio\/preliminar\/wp-json\/wp\/v2\/tnc_tax_2229?post=3209"}],"curies":[{"name":"wp","href":"https:\/\/api.w.org\/{rel}","templated":true}]}}

Sobre la (de)formación de los espacios

<p>“Sobre la (de)formación de espacios” es un proyecto audiovisual que busca entender las nuevas poéticas de los espacios-casa concebidas por el confinamiento y las medidas de sanidad provocadas por el COVID-19. Ellas buscan relacionarse con las percepciones y comportamientos reaccionarios de quienes habitan aquellos espacios. Así, se realiza un acercamiento a las sensibilidades del cuerpo, la memoria y el pensamiento con el fin de responder ante un espacio intervelnido por otro: el espacio-interno (espacio de la privacidad, de la expresión íntima, de los hábitos de autorreconocimiento, de lo Uno) contaminado por el espacio-externo (espacio de los acontecimientos, de los encuentros, de lo ajeno, de lo Otro).</p>

“Sobre la (de)formación de espacios” es un proyecto audiovisual que busca entender las nuevas poéticas de los espacios-casa concebidas por el confinamiento y las medidas de sanidad provocadas por el COVID-19. Ellas buscan relacionarse con las percepciones y comportamientos reaccionarios de quienes habitan aquellos espacios. Así, se realiza un acercamiento a las sensibilidades del cuerpo,&hellip;
