{"id":3210,"date":"2022-04-29T10:37:59","date_gmt":"2022-04-29T15:37:59","guid":{"rendered":"http:\/\/www.uartes.edu.ec\/sitio\/preliminar\/?post_type=tnc_col_2162_item&#038;p=3210"},"modified":"2022-05-03T16:07:48","modified_gmt":"2022-05-03T21:07:48","slug":"dossier-poetico-encuentro-intempestivo-con-doce-fabulas-urbanas","status":"publish","type":"tnc_col_2162_item","link":"http:\/\/www.uartes.edu.ec\/sitio\/preliminar\/manuscritos\/dossier-poetico-encuentro-intempestivo-con-doce-fabulas-urbanas\/","title":{"rendered":"Dossier po\u00e9tico: encuentro intempestivo con Doce f\u00e1bulas urbanas"},"content":{"rendered":"<p>\u201cDossier po\u00e9tico urbano\u201d, es un conjunto de doce poemas que fueron basados, trabajados e inspirados en la exposici\u00f3n Doce f\u00e1bulas urbanas realizada en Madrid entre finales del 2019 y enero del 2020. Esta presentaci\u00f3n en forma de galer\u00eda art\u00edstica presenta doce historias narrativas y audiovisuales que construyen ideas de ciudades ut\u00f3picas o ideales en las que cada uno de sus autores -entre arquitectos y artistas-, reconceptualizan y dan vida a ciudades que posiblemente sean reales en un futuro.<\/p>\n","protected":false},"featured_media":0,"parent":0,"menu_order":0,"comment_status":"closed","ping_status":"closed","template":"","format":"standard","tnc_tax_2229":[240],"class_list":["post-3210","tnc_col_2162_item","type-tnc_col_2162_item","status-publish","format-standard","hentry","tnc_tax_2722-creativo","tnc_tax_2231-preliminar-4","tnc_tax_2229-docentes","tnc_tax_2227-city","tnc_tax_2227-dossier","tnc_tax_2227-fable","tnc_tax_2227-poetry","tnc_tax_2225-ciudad","tnc_tax_2225-dossier","tnc_tax_2225-fabula","tnc_tax_2225-poesia","tnc_tax_2223-rosa-quiroz"],"uagb_featured_image_src":{"full":false,"thumbnail":false,"medium":false,"medium_large":false,"large":false,"1536x1536":false,"2048x2048":false,"tainacan-small":false,"tainacan-medium":false,"tainacan-medium-full":false,"tainacan-large-full":false,"layers-square-large":false,"layers-portrait-large":false,"layers-landscape-large":false,"layers-square-medium":false,"layers-portrait-medium":false,"layers-landscape-medium":false},"uagb_author_info":{"display_name":"Universidad de las Artes","author_link":"https:\/\/www.uartes.edu.ec\/sitio\/preliminar\/author\/"},"uagb_comment_info":0,"uagb_excerpt":"\u201cDossier po\u00e9tico urbano\u201d, es un conjunto de doce poemas que fueron basados, trabajados e inspirados en la exposici\u00f3n Doce f\u00e1bulas urbanas realizada en Madrid entre finales del 2019 y enero del 2020. Esta presentaci\u00f3n en forma de galer\u00eda art\u00edstica presenta doce historias narrativas y audiovisuales que construyen ideas de ciudades ut\u00f3picas o ideales en las&hellip;","distributor_meta":false,"distributor_terms":false,"distributor_media":false,"distributor_original_site_name":"Preliminar","distributor_original_site_url":"https:\/\/www.uartes.edu.ec\/sitio\/preliminar","push-errors":false,"_links":{"self":[{"href":"https:\/\/www.uartes.edu.ec\/sitio\/preliminar\/wp-json\/wp\/v2\/tnc_col_2162_item\/3210","targetHints":{"allow":["GET"]}}],"collection":[{"href":"https:\/\/www.uartes.edu.ec\/sitio\/preliminar\/wp-json\/wp\/v2\/tnc_col_2162_item"}],"about":[{"href":"https:\/\/www.uartes.edu.ec\/sitio\/preliminar\/wp-json\/wp\/v2\/types\/tnc_col_2162_item"}],"replies":[{"embeddable":true,"href":"https:\/\/www.uartes.edu.ec\/sitio\/preliminar\/wp-json\/wp\/v2\/comments?post=3210"}],"version-history":[{"count":1,"href":"https:\/\/www.uartes.edu.ec\/sitio\/preliminar\/wp-json\/wp\/v2\/tnc_col_2162_item\/3210\/revisions"}],"predecessor-version":[{"id":3374,"href":"https:\/\/www.uartes.edu.ec\/sitio\/preliminar\/wp-json\/wp\/v2\/tnc_col_2162_item\/3210\/revisions\/3374"}],"wp:attachment":[{"href":"https:\/\/www.uartes.edu.ec\/sitio\/preliminar\/wp-json\/wp\/v2\/media?parent=3210"}],"wp:term":[{"taxonomy":"tnc_tax_2229","embeddable":true,"href":"https:\/\/www.uartes.edu.ec\/sitio\/preliminar\/wp-json\/wp\/v2\/tnc_tax_2229?post=3210"}],"curies":[{"name":"wp","href":"https:\/\/api.w.org\/{rel}","templated":true}]}}

Dossier poético: encuentro intempestivo con Doce fábulas urbanas

<p>“Dossier poético urbano”, es un conjunto de doce poemas que fueron basados, trabajados e inspirados en la exposición Doce fábulas urbanas realizada en Madrid entre finales del 2019 y enero del 2020. Esta presentación en forma de galería artística presenta doce historias narrativas y audiovisuales que construyen ideas de ciudades utópicas o ideales en las que cada uno de sus autores -entre arquitectos y artistas-, reconceptualizan y dan vida a ciudades que posiblemente sean reales en un futuro.</p>

“Dossier poético urbano”, es un conjunto de doce poemas que fueron basados, trabajados e inspirados en la exposición Doce fábulas urbanas realizada en Madrid entre finales del 2019 y enero del 2020. Esta presentación en forma de galería artística presenta doce historias narrativas y audiovisuales que construyen ideas de ciudades utópicas o ideales en las&hellip;
