{"id":3214,"date":"2022-04-29T10:38:41","date_gmt":"2022-04-29T15:38:41","guid":{"rendered":"http:\/\/www.uartes.edu.ec\/sitio\/preliminar\/?post_type=tnc_col_2162_item&#038;p=3214"},"modified":"2022-05-03T16:15:33","modified_gmt":"2022-05-03T21:15:33","slug":"la-educacion-sin-libertad","status":"publish","type":"tnc_col_2162_item","link":"http:\/\/www.uartes.edu.ec\/sitio\/preliminar\/manuscritos\/la-educacion-sin-libertad\/","title":{"rendered":"La educaci\u00f3n sin libertad"},"content":{"rendered":"<p>En este art\u00edculo se hablar\u00e1 de la educaci\u00f3n como herramienta fundamental y las implementaciones que hace el gobierno para su ejecuci\u00f3n en los centros educativos. Adem\u00e1s, se busca reflexionar sobre el curr\u00edculo establecido para la educaci\u00f3n en Artes ECA (Educaci\u00f3n Cultural y Art\u00edstica), que tambi\u00e9n es materia minimizada, por lo cual se pretende trazar una propuesta para mejorar dicho curr\u00edculo.<\/p>\n","protected":false},"featured_media":0,"parent":0,"menu_order":0,"comment_status":"closed","ping_status":"closed","template":"","format":"standard","tnc_tax_2229":[240],"class_list":["post-3214","tnc_col_2162_item","type-tnc_col_2162_item","status-publish","format-standard","hentry","tnc_tax_2722-academico","tnc_tax_2231-preliminar-5","tnc_tax_2229-docentes","tnc_tax_2227-arts","tnc_tax_2227-country","tnc_tax_2227-curriculum","tnc_tax_2227-development","tnc_tax_2227-education","tnc_tax_2227-freedom","tnc_tax_2225-artes","tnc_tax_2225-curriculo","tnc_tax_2225-desarrollo","tnc_tax_2225-educacion","tnc_tax_2225-libertad","tnc_tax_2225-pais","tnc_tax_2223-pamela-avila"],"uagb_featured_image_src":{"full":false,"thumbnail":false,"medium":false,"medium_large":false,"large":false,"1536x1536":false,"2048x2048":false,"tainacan-small":false,"tainacan-medium":false,"tainacan-medium-full":false,"tainacan-large-full":false,"layers-square-large":false,"layers-portrait-large":false,"layers-landscape-large":false,"layers-square-medium":false,"layers-portrait-medium":false,"layers-landscape-medium":false},"uagb_author_info":{"display_name":"Universidad de las Artes","author_link":"https:\/\/www.uartes.edu.ec\/sitio\/preliminar\/author\/"},"uagb_comment_info":0,"uagb_excerpt":"En este art\u00edculo se hablar\u00e1 de la educaci\u00f3n como herramienta fundamental y las implementaciones que hace el gobierno para su ejecuci\u00f3n en los centros educativos. Adem\u00e1s, se busca reflexionar sobre el curr\u00edculo establecido para la educaci\u00f3n en Artes ECA (Educaci\u00f3n Cultural y Art\u00edstica), que tambi\u00e9n es materia minimizada, por lo cual se pretende trazar una&hellip;","distributor_meta":false,"distributor_terms":false,"distributor_media":false,"distributor_original_site_name":"Preliminar","distributor_original_site_url":"https:\/\/www.uartes.edu.ec\/sitio\/preliminar","push-errors":false,"_links":{"self":[{"href":"https:\/\/www.uartes.edu.ec\/sitio\/preliminar\/wp-json\/wp\/v2\/tnc_col_2162_item\/3214","targetHints":{"allow":["GET"]}}],"collection":[{"href":"https:\/\/www.uartes.edu.ec\/sitio\/preliminar\/wp-json\/wp\/v2\/tnc_col_2162_item"}],"about":[{"href":"https:\/\/www.uartes.edu.ec\/sitio\/preliminar\/wp-json\/wp\/v2\/types\/tnc_col_2162_item"}],"replies":[{"embeddable":true,"href":"https:\/\/www.uartes.edu.ec\/sitio\/preliminar\/wp-json\/wp\/v2\/comments?post=3214"}],"version-history":[{"count":1,"href":"https:\/\/www.uartes.edu.ec\/sitio\/preliminar\/wp-json\/wp\/v2\/tnc_col_2162_item\/3214\/revisions"}],"predecessor-version":[{"id":3378,"href":"https:\/\/www.uartes.edu.ec\/sitio\/preliminar\/wp-json\/wp\/v2\/tnc_col_2162_item\/3214\/revisions\/3378"}],"wp:attachment":[{"href":"https:\/\/www.uartes.edu.ec\/sitio\/preliminar\/wp-json\/wp\/v2\/media?parent=3214"}],"wp:term":[{"taxonomy":"tnc_tax_2229","embeddable":true,"href":"https:\/\/www.uartes.edu.ec\/sitio\/preliminar\/wp-json\/wp\/v2\/tnc_tax_2229?post=3214"}],"curies":[{"name":"wp","href":"https:\/\/api.w.org\/{rel}","templated":true}]}}

La educación sin libertad

<p>En este artículo se hablará de la educación como herramienta fundamental y las implementaciones que hace el gobierno para su ejecución en los centros educativos. Además, se busca reflexionar sobre el currículo establecido para la educación en Artes ECA (Educación Cultural y Artística), que también es materia minimizada, por lo cual se pretende trazar una propuesta para mejorar dicho currículo.</p>

En este artículo se hablará de la educación como herramienta fundamental y las implementaciones que hace el gobierno para su ejecución en los centros educativos. Además, se busca reflexionar sobre el currículo establecido para la educación en Artes ECA (Educación Cultural y Artística), que también es materia minimizada, por lo cual se pretende trazar una&hellip;
