{"id":3215,"date":"2022-04-29T10:38:48","date_gmt":"2022-04-29T15:38:48","guid":{"rendered":"http:\/\/www.uartes.edu.ec\/sitio\/preliminar\/?post_type=tnc_col_2162_item&#038;p=3215"},"modified":"2022-05-03T16:39:51","modified_gmt":"2022-05-03T21:39:51","slug":"el-sistema-de-ceques-la-forma-de-orientacion-de-los-incas","status":"publish","type":"tnc_col_2162_item","link":"http:\/\/www.uartes.edu.ec\/sitio\/preliminar\/manuscritos\/el-sistema-de-ceques-la-forma-de-orientacion-de-los-incas\/","title":{"rendered":"El sistema de ceques: la forma de orientaci\u00f3n de los incas"},"content":{"rendered":"<p>Durante la d\u00e9cada de los sesenta, Tom Zuidema (1927\u20132016), etnohistoriador holand\u00e9s, concentr\u00f3 sus estudios de antropolog\u00eda en el \u00e1rea andina, particularmente en la \u00e9poca del incario, y describi\u00f3 el llamado sistema de Ceques. Este sistema, a la vez geogr\u00e1fico, ritual y astrol\u00f3gico, serv\u00eda para ilustrar la organizaci\u00f3n en el espacio y las jerarqu\u00edas que gobernaban la Real Ciudad de Cusco y el imperio incaico antes de su destrucci\u00f3n en 1532, a\u00f1o en que llegaron los conquistadores espa\u00f1oles. Este ensayo realizar\u00e1 brevemente una descripci\u00f3n del sistema de Ceques y se preguntar\u00e1 si existe alg\u00fan vestigio en las comunidades ind\u00edgenas contempor\u00e1neas.<\/p>\n","protected":false},"featured_media":0,"parent":0,"menu_order":0,"comment_status":"closed","ping_status":"closed","template":"","format":"standard","tnc_tax_2229":[240],"class_list":["post-3215","tnc_col_2162_item","type-tnc_col_2162_item","status-publish","format-standard","hentry","tnc_tax_2722-academico","tnc_tax_2231-preliminar-6","tnc_tax_2229-docentes","tnc_tax_2227-ceques","tnc_tax_2227-community","tnc_tax_2227-indigenous","tnc_tax_2227-ritual","tnc_tax_2227-space","tnc_tax_2225-ceques","tnc_tax_2225-comunidad","tnc_tax_2225-espacio","tnc_tax_2225-indigena","tnc_tax_2225-ritual","tnc_tax_2223-andrea-torres"],"uagb_featured_image_src":{"full":false,"thumbnail":false,"medium":false,"medium_large":false,"large":false,"1536x1536":false,"2048x2048":false,"tainacan-small":false,"tainacan-medium":false,"tainacan-medium-full":false,"tainacan-large-full":false,"layers-square-large":false,"layers-portrait-large":false,"layers-landscape-large":false,"layers-square-medium":false,"layers-portrait-medium":false,"layers-landscape-medium":false},"uagb_author_info":{"display_name":"Universidad de las Artes","author_link":"https:\/\/www.uartes.edu.ec\/sitio\/preliminar\/author\/"},"uagb_comment_info":0,"uagb_excerpt":"Durante la d\u00e9cada de los sesenta, Tom Zuidema (1927\u20132016), etnohistoriador holand\u00e9s, concentr\u00f3 sus estudios de antropolog\u00eda en el \u00e1rea andina, particularmente en la \u00e9poca del incario, y describi\u00f3 el llamado sistema de Ceques. Este sistema, a la vez geogr\u00e1fico, ritual y astrol\u00f3gico, serv\u00eda para ilustrar la organizaci\u00f3n en el espacio y las jerarqu\u00edas que gobernaban&hellip;","distributor_meta":false,"distributor_terms":false,"distributor_media":false,"distributor_original_site_name":"Preliminar","distributor_original_site_url":"https:\/\/www.uartes.edu.ec\/sitio\/preliminar","push-errors":false,"_links":{"self":[{"href":"https:\/\/www.uartes.edu.ec\/sitio\/preliminar\/wp-json\/wp\/v2\/tnc_col_2162_item\/3215","targetHints":{"allow":["GET"]}}],"collection":[{"href":"https:\/\/www.uartes.edu.ec\/sitio\/preliminar\/wp-json\/wp\/v2\/tnc_col_2162_item"}],"about":[{"href":"https:\/\/www.uartes.edu.ec\/sitio\/preliminar\/wp-json\/wp\/v2\/types\/tnc_col_2162_item"}],"replies":[{"embeddable":true,"href":"https:\/\/www.uartes.edu.ec\/sitio\/preliminar\/wp-json\/wp\/v2\/comments?post=3215"}],"version-history":[{"count":1,"href":"https:\/\/www.uartes.edu.ec\/sitio\/preliminar\/wp-json\/wp\/v2\/tnc_col_2162_item\/3215\/revisions"}],"predecessor-version":[{"id":3391,"href":"https:\/\/www.uartes.edu.ec\/sitio\/preliminar\/wp-json\/wp\/v2\/tnc_col_2162_item\/3215\/revisions\/3391"}],"wp:attachment":[{"href":"https:\/\/www.uartes.edu.ec\/sitio\/preliminar\/wp-json\/wp\/v2\/media?parent=3215"}],"wp:term":[{"taxonomy":"tnc_tax_2229","embeddable":true,"href":"https:\/\/www.uartes.edu.ec\/sitio\/preliminar\/wp-json\/wp\/v2\/tnc_tax_2229?post=3215"}],"curies":[{"name":"wp","href":"https:\/\/api.w.org\/{rel}","templated":true}]}}

El sistema de ceques: la forma de orientación de los incas

<p>Durante la década de los sesenta, Tom Zuidema (1927–2016), etnohistoriador holandés, concentró sus estudios de antropología en el área andina, particularmente en la época del incario, y describió el llamado sistema de Ceques. Este sistema, a la vez geográfico, ritual y astrológico, servía para ilustrar la organización en el espacio y las jerarquías que gobernaban la Real Ciudad de Cusco y el imperio incaico antes de su destrucción en 1532, año en que llegaron los conquistadores españoles. Este ensayo realizará brevemente una descripción del sistema de Ceques y se preguntará si existe algún vestigio en las comunidades indígenas contemporáneas.</p>

Durante la década de los sesenta, Tom Zuidema (1927–2016), etnohistoriador holandés, concentró sus estudios de antropología en el área andina, particularmente en la época del incario, y describió el llamado sistema de Ceques. Este sistema, a la vez geográfico, ritual y astrológico, servía para ilustrar la organización en el espacio y las jerarquías que gobernaban&hellip;
