{"id":3216,"date":"2022-04-29T10:38:55","date_gmt":"2022-04-29T15:38:55","guid":{"rendered":"http:\/\/www.uartes.edu.ec\/sitio\/preliminar\/?post_type=tnc_col_2162_item&#038;p=3216"},"modified":"2022-05-03T16:47:13","modified_gmt":"2022-05-03T21:47:13","slug":"simbologia-de-la-naturaleza-en-el-mito-de-wa-kon-y-los-willkas","status":"publish","type":"tnc_col_2162_item","link":"http:\/\/www.uartes.edu.ec\/sitio\/preliminar\/manuscritos\/simbologia-de-la-naturaleza-en-el-mito-de-wa-kon-y-los-willkas\/","title":{"rendered":"Simbolog\u00eda de la naturaleza en el mito de Wa-kon y los Willkas"},"content":{"rendered":"<p>En el presente trabajo de investigaci\u00f3n buscaremos un an\u00e1lisis de los s\u00edmbolos del mito de Wa-kon y los Willkas, con el fin de enlazar este relato con las concepciones cosmog\u00f3nicas de la naturaleza incaria. Para esto utilizaremos el concepto de mitema de Claude L\u00e9viStrauss, junto a las consideraciones interpretativas de Roman Jakobson, y as\u00ed comentar su relaci\u00f3n con el campo (Pacha). Para los Kichwas, laextensi\u00f3n del territorio es sensible, es decir, forma parte fundamental de la vida y predispone una manera particular de ver el mundo, por lo que las creencias andinas poseen ense\u00f1anzas morales, vivenciales y filos\u00f3ficas que no se podr\u00edan sostener dentro de sus l\u00f3gicas sin una previa mirada a los s\u00edmbolos sensibles del medio ambiente.<\/p>\n","protected":false},"featured_media":0,"parent":0,"menu_order":0,"comment_status":"closed","ping_status":"closed","template":"","format":"standard","tnc_tax_2229":[240],"class_list":["post-3216","tnc_col_2162_item","type-tnc_col_2162_item","status-publish","format-standard","hentry","tnc_tax_2722-academico","tnc_tax_2231-preliminar-6","tnc_tax_2229-docentes","tnc_tax_2227-ecuador","tnc_tax_2227-kichwa","tnc_tax_2227-myths","tnc_tax_2227-nature","tnc_tax_2227-symbology","tnc_tax_2225-ecuador","tnc_tax_2225-kichwa","tnc_tax_2225-mitos","tnc_tax_2225-naturaleza","tnc_tax_2225-simbologia","tnc_tax_2223-juan-beckmann"],"uagb_featured_image_src":{"full":false,"thumbnail":false,"medium":false,"medium_large":false,"large":false,"1536x1536":false,"2048x2048":false,"tainacan-small":false,"tainacan-medium":false,"tainacan-medium-full":false,"tainacan-large-full":false,"layers-square-large":false,"layers-portrait-large":false,"layers-landscape-large":false,"layers-square-medium":false,"layers-portrait-medium":false,"layers-landscape-medium":false},"uagb_author_info":{"display_name":"Universidad de las Artes","author_link":"https:\/\/www.uartes.edu.ec\/sitio\/preliminar\/author\/"},"uagb_comment_info":0,"uagb_excerpt":"En el presente trabajo de investigaci\u00f3n buscaremos un an\u00e1lisis de los s\u00edmbolos del mito de Wa-kon y los Willkas, con el fin de enlazar este relato con las concepciones cosmog\u00f3nicas de la naturaleza incaria. Para esto utilizaremos el concepto de mitema de Claude L\u00e9viStrauss, junto a las consideraciones interpretativas de Roman Jakobson, y as\u00ed comentar&hellip;","distributor_meta":false,"distributor_terms":false,"distributor_media":false,"distributor_original_site_name":"Preliminar","distributor_original_site_url":"https:\/\/www.uartes.edu.ec\/sitio\/preliminar","push-errors":false,"_links":{"self":[{"href":"https:\/\/www.uartes.edu.ec\/sitio\/preliminar\/wp-json\/wp\/v2\/tnc_col_2162_item\/3216","targetHints":{"allow":["GET"]}}],"collection":[{"href":"https:\/\/www.uartes.edu.ec\/sitio\/preliminar\/wp-json\/wp\/v2\/tnc_col_2162_item"}],"about":[{"href":"https:\/\/www.uartes.edu.ec\/sitio\/preliminar\/wp-json\/wp\/v2\/types\/tnc_col_2162_item"}],"replies":[{"embeddable":true,"href":"https:\/\/www.uartes.edu.ec\/sitio\/preliminar\/wp-json\/wp\/v2\/comments?post=3216"}],"version-history":[{"count":1,"href":"https:\/\/www.uartes.edu.ec\/sitio\/preliminar\/wp-json\/wp\/v2\/tnc_col_2162_item\/3216\/revisions"}],"predecessor-version":[{"id":3395,"href":"https:\/\/www.uartes.edu.ec\/sitio\/preliminar\/wp-json\/wp\/v2\/tnc_col_2162_item\/3216\/revisions\/3395"}],"wp:attachment":[{"href":"https:\/\/www.uartes.edu.ec\/sitio\/preliminar\/wp-json\/wp\/v2\/media?parent=3216"}],"wp:term":[{"taxonomy":"tnc_tax_2229","embeddable":true,"href":"https:\/\/www.uartes.edu.ec\/sitio\/preliminar\/wp-json\/wp\/v2\/tnc_tax_2229?post=3216"}],"curies":[{"name":"wp","href":"https:\/\/api.w.org\/{rel}","templated":true}]}}

Simbología de la naturaleza en el mito de Wa-kon y los Willkas

<p>En el presente trabajo de investigación buscaremos un análisis de los símbolos del mito de Wa-kon y los Willkas, con el fin de enlazar este relato con las concepciones cosmogónicas de la naturaleza incaria. Para esto utilizaremos el concepto de mitema de Claude LéviStrauss, junto a las consideraciones interpretativas de Roman Jakobson, y así comentar su relación con el campo (Pacha). Para los Kichwas, laextensión del territorio es sensible, es decir, forma parte fundamental de la vida y predispone una manera particular de ver el mundo, por lo que las creencias andinas poseen enseñanzas morales, vivenciales y filosóficas que no se podrían sostener dentro de sus lógicas sin una previa mirada a los símbolos sensibles del medio ambiente.</p>

En el presente trabajo de investigación buscaremos un análisis de los símbolos del mito de Wa-kon y los Willkas, con el fin de enlazar este relato con las concepciones cosmogónicas de la naturaleza incaria. Para esto utilizaremos el concepto de mitema de Claude LéviStrauss, junto a las consideraciones interpretativas de Roman Jakobson, y así comentar&hellip;
