{"id":3217,"date":"2022-04-29T10:39:14","date_gmt":"2022-04-29T15:39:14","guid":{"rendered":"http:\/\/www.uartes.edu.ec\/sitio\/preliminar\/?post_type=tnc_col_2162_item&#038;p=3217"},"modified":"2022-05-03T16:53:56","modified_gmt":"2022-05-03T21:53:56","slug":"el-problema-de-el-otro-desterritorializacion-del-imaginario-colectivo-precolombino-azteca-segun-tzvetan-todorov","status":"publish","type":"tnc_col_2162_item","link":"http:\/\/www.uartes.edu.ec\/sitio\/preliminar\/manuscritos\/el-problema-de-el-otro-desterritorializacion-del-imaginario-colectivo-precolombino-azteca-segun-tzvetan-todorov\/","title":{"rendered":"El problema de el otro: desterritorializaci\u00f3n del imaginario colectivo precolombino azteca seg\u00fan Tzvetan Todorov"},"content":{"rendered":"<p>Este ensayo busca revisar el contexto de desterritorializaci\u00f3n del imaginario colectivo azteca durante la conquista de Am\u00e9rica y la consecuente instauraci\u00f3n de la Colonia espa\u00f1ola. La cultura espa\u00f1ola y cristiana, al ser impuesta de una forma tan violenta en el territorio que hoy comprende toda Latinoam\u00e9rica, desterritorializ\u00f3 el imaginario cultural, social y colectivo que ya exist\u00eda all\u00ed, y dio como resultado su p\u00e9rdida y su relegaci\u00f3n a un estado inferior en relaci\u00f3n a la cultura ahora impuesta. De esta manera, surge la cuesti\u00f3n que, hasta la actualidad, parece no tener respuesta: \u00bfa qu\u00e9 nos referimos cuando hablamos de cultura latinoamericana? y \u00bfen qu\u00e9 medida este proceso colonial nos afect\u00f3 como para querer distinguirnos de un otro al que asociamos con este imaginario aniquilado y al que consideramos diferente e inferior?<\/p>\n","protected":false},"featured_media":0,"parent":0,"menu_order":0,"comment_status":"closed","ping_status":"closed","template":"","format":"standard","tnc_tax_2229":[240],"class_list":["post-3217","tnc_col_2162_item","type-tnc_col_2162_item","status-publish","format-standard","hentry","tnc_tax_2722-academico","tnc_tax_2231-preliminar-6","tnc_tax_2229-docentes","tnc_tax_2227-collective-imaginary","tnc_tax_2227-colony","tnc_tax_2227-deterritorialization","tnc_tax_2227-other","tnc_tax_2227-pre-columbian-america","tnc_tax_2225-america-precolombina","tnc_tax_2225-colonia","tnc_tax_2225-desterritorializacion","tnc_tax_2225-imaginario-colectivo","tnc_tax_2225-otro","tnc_tax_2223-melanie-moreira"],"uagb_featured_image_src":{"full":false,"thumbnail":false,"medium":false,"medium_large":false,"large":false,"1536x1536":false,"2048x2048":false,"tainacan-small":false,"tainacan-medium":false,"tainacan-medium-full":false,"tainacan-large-full":false,"layers-square-large":false,"layers-portrait-large":false,"layers-landscape-large":false,"layers-square-medium":false,"layers-portrait-medium":false,"layers-landscape-medium":false},"uagb_author_info":{"display_name":"Universidad de las Artes","author_link":"https:\/\/www.uartes.edu.ec\/sitio\/preliminar\/author\/"},"uagb_comment_info":0,"uagb_excerpt":"Este ensayo busca revisar el contexto de desterritorializaci\u00f3n del imaginario colectivo azteca durante la conquista de Am\u00e9rica y la consecuente instauraci\u00f3n de la Colonia espa\u00f1ola. La cultura espa\u00f1ola y cristiana, al ser impuesta de una forma tan violenta en el territorio que hoy comprende toda Latinoam\u00e9rica, desterritorializ\u00f3 el imaginario cultural, social y colectivo que ya&hellip;","distributor_meta":false,"distributor_terms":false,"distributor_media":false,"distributor_original_site_name":"Preliminar","distributor_original_site_url":"https:\/\/www.uartes.edu.ec\/sitio\/preliminar","push-errors":false,"_links":{"self":[{"href":"https:\/\/www.uartes.edu.ec\/sitio\/preliminar\/wp-json\/wp\/v2\/tnc_col_2162_item\/3217","targetHints":{"allow":["GET"]}}],"collection":[{"href":"https:\/\/www.uartes.edu.ec\/sitio\/preliminar\/wp-json\/wp\/v2\/tnc_col_2162_item"}],"about":[{"href":"https:\/\/www.uartes.edu.ec\/sitio\/preliminar\/wp-json\/wp\/v2\/types\/tnc_col_2162_item"}],"replies":[{"embeddable":true,"href":"https:\/\/www.uartes.edu.ec\/sitio\/preliminar\/wp-json\/wp\/v2\/comments?post=3217"}],"version-history":[{"count":1,"href":"https:\/\/www.uartes.edu.ec\/sitio\/preliminar\/wp-json\/wp\/v2\/tnc_col_2162_item\/3217\/revisions"}],"predecessor-version":[{"id":3398,"href":"https:\/\/www.uartes.edu.ec\/sitio\/preliminar\/wp-json\/wp\/v2\/tnc_col_2162_item\/3217\/revisions\/3398"}],"wp:attachment":[{"href":"https:\/\/www.uartes.edu.ec\/sitio\/preliminar\/wp-json\/wp\/v2\/media?parent=3217"}],"wp:term":[{"taxonomy":"tnc_tax_2229","embeddable":true,"href":"https:\/\/www.uartes.edu.ec\/sitio\/preliminar\/wp-json\/wp\/v2\/tnc_tax_2229?post=3217"}],"curies":[{"name":"wp","href":"https:\/\/api.w.org\/{rel}","templated":true}]}}

El problema de el otro: desterritorialización del imaginario colectivo precolombino azteca según Tzvetan Todorov

<p>Este ensayo busca revisar el contexto de desterritorialización del imaginario colectivo azteca durante la conquista de América y la consecuente instauración de la Colonia española. La cultura española y cristiana, al ser impuesta de una forma tan violenta en el territorio que hoy comprende toda Latinoamérica, desterritorializó el imaginario cultural, social y colectivo que ya existía allí, y dio como resultado su pérdida y su relegación a un estado inferior en relación a la cultura ahora impuesta. De esta manera, surge la cuestión que, hasta la actualidad, parece no tener respuesta: ¿a qué nos referimos cuando hablamos de cultura latinoamericana? y ¿en qué medida este proceso colonial nos afectó como para querer distinguirnos de un otro al que asociamos con este imaginario aniquilado y al que consideramos diferente e inferior?</p>

Este ensayo busca revisar el contexto de desterritorialización del imaginario colectivo azteca durante la conquista de América y la consecuente instauración de la Colonia española. La cultura española y cristiana, al ser impuesta de una forma tan violenta en el territorio que hoy comprende toda Latinoamérica, desterritorializó el imaginario cultural, social y colectivo que ya&hellip;
