{"id":3628,"date":"2022-05-24T15:39:37","date_gmt":"2022-05-24T20:39:37","guid":{"rendered":"http:\/\/www.uartes.edu.ec\/sitio\/preliminar\/?post_type=tnc_col_2162_item&#038;p=3628"},"modified":"2022-05-26T10:11:23","modified_gmt":"2022-05-26T15:11:23","slug":"la-prosa-de-straub-huillet","status":"publish","type":"tnc_col_2162_item","link":"http:\/\/www.uartes.edu.ec\/sitio\/preliminar\/manuscritos\/la-prosa-de-straub-huillet\/","title":{"rendered":"La prosa de Straub-Huillet"},"content":{"rendered":"<p>Este ensayo parte de las concepciones del cine durante la ebu-llici\u00f3n  de  la  Nouvelle  Vague;  estrictamente  con  el  texto  Cam\u00e9-ra-Stylo de Alexandre Astruc (1923-2016) y su respectiva analo-g\u00eda: \u00abEl autor escribe con su c\u00e1mara de la misma manera que el escritor escribe con una estilogr\u00e1fica\u00bb (1948). Sin inclinaciones al \u00abcine de autor\u00bb o ahondamientos en la pr\u00e1ctica est\u00e9tica del cine franc\u00e9s de los a\u00f1os 50, pretendo una anal\u00edtica de la escritura y su (re)estructuraci\u00f3n semi\u00f3tica, bas\u00e1ndome en la pertinencia compa-rativa del cine como expresi\u00f3n del lenguaje, impulsado por algu-nos escritos de Roland Barthes como El grado cero de la escritura(1953), en la filmograf\u00eda de la pareja cineasta francesa: Dani\u00e8le Huillet y Jean-Marie Straub.<\/p>\n","protected":false},"featured_media":0,"parent":0,"menu_order":0,"comment_status":"closed","ping_status":"closed","template":"","format":"standard","tnc_tax_2229":[140],"class_list":["post-3628","tnc_col_2162_item","type-tnc_col_2162_item","status-publish","format-standard","hentry","tnc_tax_2722-academico","tnc_tax_2231-preliminar-7","tnc_tax_2229-estudiantes","tnc_tax_2227-cinema","tnc_tax_2227-language","tnc_tax_2227-roland-barthes","tnc_tax_2227-semiotics","tnc_tax_2227-straub-huillet","tnc_tax_2225-cine","tnc_tax_2225-lenguaje","tnc_tax_2225-roland-barthes","tnc_tax_2225-semiotica","tnc_tax_2225-straub-huillet","tnc_tax_2223-gabriel-alfonso-avecilla-camargo"],"uagb_featured_image_src":{"full":false,"thumbnail":false,"medium":false,"medium_large":false,"large":false,"1536x1536":false,"2048x2048":false,"tainacan-small":false,"tainacan-medium":false,"tainacan-medium-full":false,"tainacan-large-full":false,"layers-square-large":false,"layers-portrait-large":false,"layers-landscape-large":false,"layers-square-medium":false,"layers-portrait-medium":false,"layers-landscape-medium":false},"uagb_author_info":{"display_name":"Universidad de las Artes","author_link":"https:\/\/www.uartes.edu.ec\/sitio\/preliminar\/author\/"},"uagb_comment_info":0,"uagb_excerpt":"Este ensayo parte de las concepciones del cine durante la ebu-llici\u00f3n de la Nouvelle Vague; estrictamente con el texto Cam\u00e9-ra-Stylo de Alexandre Astruc (1923-2016) y su respectiva analo-g\u00eda: \u00abEl autor escribe con su c\u00e1mara de la misma manera que el escritor escribe con una estilogr\u00e1fica\u00bb (1948). Sin inclinaciones al \u00abcine de autor\u00bb o ahondamientos en&hellip;","distributor_meta":false,"distributor_terms":false,"distributor_media":false,"distributor_original_site_name":"Preliminar","distributor_original_site_url":"https:\/\/www.uartes.edu.ec\/sitio\/preliminar","push-errors":false,"_links":{"self":[{"href":"https:\/\/www.uartes.edu.ec\/sitio\/preliminar\/wp-json\/wp\/v2\/tnc_col_2162_item\/3628","targetHints":{"allow":["GET"]}}],"collection":[{"href":"https:\/\/www.uartes.edu.ec\/sitio\/preliminar\/wp-json\/wp\/v2\/tnc_col_2162_item"}],"about":[{"href":"https:\/\/www.uartes.edu.ec\/sitio\/preliminar\/wp-json\/wp\/v2\/types\/tnc_col_2162_item"}],"replies":[{"embeddable":true,"href":"https:\/\/www.uartes.edu.ec\/sitio\/preliminar\/wp-json\/wp\/v2\/comments?post=3628"}],"version-history":[{"count":1,"href":"https:\/\/www.uartes.edu.ec\/sitio\/preliminar\/wp-json\/wp\/v2\/tnc_col_2162_item\/3628\/revisions"}],"predecessor-version":[{"id":3830,"href":"https:\/\/www.uartes.edu.ec\/sitio\/preliminar\/wp-json\/wp\/v2\/tnc_col_2162_item\/3628\/revisions\/3830"}],"wp:attachment":[{"href":"https:\/\/www.uartes.edu.ec\/sitio\/preliminar\/wp-json\/wp\/v2\/media?parent=3628"}],"wp:term":[{"taxonomy":"tnc_tax_2229","embeddable":true,"href":"https:\/\/www.uartes.edu.ec\/sitio\/preliminar\/wp-json\/wp\/v2\/tnc_tax_2229?post=3628"}],"curies":[{"name":"wp","href":"https:\/\/api.w.org\/{rel}","templated":true}]}}

<p>Este ensayo parte de las concepciones del cine durante la ebu-llición  de  la  Nouvelle  Vague;  estrictamente  con  el  texto  Camé-ra-Stylo de Alexandre Astruc (1923-2016) y su respectiva analo-gía: «El autor escribe con su cámara de la misma manera que el escritor escribe con una estilográfica» (1948). Sin inclinaciones al «cine de autor» o ahondamientos en la práctica estética del cine francés de los años 50, pretendo una analítica de la escritura y su (re)estructuración semiótica, basándome en la pertinencia compa-rativa del cine como expresión del lenguaje, impulsado por algu-nos escritos de Roland Barthes como El grado cero de la escritura(1953), en la filmografía de la pareja cineasta francesa: Danièle Huillet y Jean-Marie Straub.</p>

Este ensayo parte de las concepciones del cine durante la ebu-llición de la Nouvelle Vague; estrictamente con el texto Camé-ra-Stylo de Alexandre Astruc (1923-2016) y su respectiva analo-gía: «El autor escribe con su cámara de la misma manera que el escritor escribe con una estilográfica» (1948). Sin inclinaciones al «cine de autor» o ahondamientos en&hellip;
