{"id":3636,"date":"2022-05-24T15:39:53","date_gmt":"2022-05-24T20:39:53","guid":{"rendered":"http:\/\/www.uartes.edu.ec\/sitio\/preliminar\/?post_type=tnc_col_2162_item&#038;p=3636"},"modified":"2022-05-26T10:31:43","modified_gmt":"2022-05-26T15:31:43","slug":"amanecer","status":"publish","type":"tnc_col_2162_item","link":"http:\/\/www.uartes.edu.ec\/sitio\/preliminar\/manuscritos\/amanecer\/","title":{"rendered":"Amanecer"},"content":{"rendered":"<p>Amanecer es una obra para formato de Big Band que fue compuesta como  un  homenaje  a  las  personas  que  han  sido  v\u00edctimas  del  CO-VID-19. Est\u00e1 inspirada en la obra Sputnik de la compositora Mar\u00eda Sch-neider. Este proceso creacional nace desde peque\u00f1os motivos y pen-samientos musicales que a medida que avanza la madrugada (obra) van desarroll\u00e1ndose hasta que llega el amanecer y con \u00e9l un \u00e9xtasis y reposo. Usa diversas t\u00e9cnicas de composici\u00f3n contempor\u00e1nea y se encuentra constituida en ocho secciones.<\/p>\n","protected":false},"featured_media":0,"parent":0,"menu_order":0,"comment_status":"closed","ping_status":"closed","template":"","format":"standard","tnc_tax_2229":[140],"class_list":["post-3636","tnc_col_2162_item","type-tnc_col_2162_item","status-publish","format-standard","hentry","tnc_tax_2722-academico","tnc_tax_2231-preliminar-7","tnc_tax_2229-estudiantes","tnc_tax_2227-big-band","tnc_tax_2227-con-temporary-composition","tnc_tax_2227-eclecticism-in-music","tnc_tax_2227-instrumental-music","tnc_tax_2227-jazz-arrangin","tnc_tax_2227-musical-composition","tnc_tax_2225-big-band","tnc_tax_2225-compo-sicion-contemporanea","tnc_tax_2225-composicion-musical","tnc_tax_2225-jazz-arranging","tnc_tax_2225-musica-instrumental","tnc_tax_2225-poliestilismo","tnc_tax_2223-hugo-jefferson-gomez-rodriguez"],"uagb_featured_image_src":{"full":false,"thumbnail":false,"medium":false,"medium_large":false,"large":false,"1536x1536":false,"2048x2048":false,"tainacan-small":false,"tainacan-medium":false,"tainacan-medium-full":false,"tainacan-large-full":false,"layers-square-large":false,"layers-portrait-large":false,"layers-landscape-large":false,"layers-square-medium":false,"layers-portrait-medium":false,"layers-landscape-medium":false},"uagb_author_info":{"display_name":"Universidad de las Artes","author_link":"https:\/\/www.uartes.edu.ec\/sitio\/preliminar\/author\/"},"uagb_comment_info":0,"uagb_excerpt":"Amanecer es una obra para formato de Big Band que fue compuesta como un homenaje a las personas que han sido v\u00edctimas del CO-VID-19. Est\u00e1 inspirada en la obra Sputnik de la compositora Mar\u00eda Sch-neider. Este proceso creacional nace desde peque\u00f1os motivos y pen-samientos musicales que a medida que avanza la madrugada (obra) van desarroll\u00e1ndose&hellip;","distributor_meta":false,"distributor_terms":false,"distributor_media":false,"distributor_original_site_name":"Preliminar","distributor_original_site_url":"https:\/\/www.uartes.edu.ec\/sitio\/preliminar","push-errors":false,"_links":{"self":[{"href":"https:\/\/www.uartes.edu.ec\/sitio\/preliminar\/wp-json\/wp\/v2\/tnc_col_2162_item\/3636","targetHints":{"allow":["GET"]}}],"collection":[{"href":"https:\/\/www.uartes.edu.ec\/sitio\/preliminar\/wp-json\/wp\/v2\/tnc_col_2162_item"}],"about":[{"href":"https:\/\/www.uartes.edu.ec\/sitio\/preliminar\/wp-json\/wp\/v2\/types\/tnc_col_2162_item"}],"replies":[{"embeddable":true,"href":"https:\/\/www.uartes.edu.ec\/sitio\/preliminar\/wp-json\/wp\/v2\/comments?post=3636"}],"version-history":[{"count":1,"href":"https:\/\/www.uartes.edu.ec\/sitio\/preliminar\/wp-json\/wp\/v2\/tnc_col_2162_item\/3636\/revisions"}],"predecessor-version":[{"id":3842,"href":"https:\/\/www.uartes.edu.ec\/sitio\/preliminar\/wp-json\/wp\/v2\/tnc_col_2162_item\/3636\/revisions\/3842"}],"wp:attachment":[{"href":"https:\/\/www.uartes.edu.ec\/sitio\/preliminar\/wp-json\/wp\/v2\/media?parent=3636"}],"wp:term":[{"taxonomy":"tnc_tax_2229","embeddable":true,"href":"https:\/\/www.uartes.edu.ec\/sitio\/preliminar\/wp-json\/wp\/v2\/tnc_tax_2229?post=3636"}],"curies":[{"name":"wp","href":"https:\/\/api.w.org\/{rel}","templated":true}]}}

<p>Amanecer es una obra para formato de Big Band que fue compuesta como  un  homenaje  a  las  personas  que  han  sido  víctimas  del  CO-VID-19. Está inspirada en la obra Sputnik de la compositora María Sch-neider. Este proceso creacional nace desde pequeños motivos y pen-samientos musicales que a medida que avanza la madrugada (obra) van desarrollándose hasta que llega el amanecer y con él un éxtasis y reposo. Usa diversas técnicas de composición contemporánea y se encuentra constituida en ocho secciones.</p>

Amanecer es una obra para formato de Big Band que fue compuesta como un homenaje a las personas que han sido víctimas del CO-VID-19. Está inspirada en la obra Sputnik de la compositora María Sch-neider. Este proceso creacional nace desde pequeños motivos y pen-samientos musicales que a medida que avanza la madrugada (obra) van desarrollándose&hellip;
