{"id":3648,"date":"2022-05-24T15:40:28","date_gmt":"2022-05-24T20:40:28","guid":{"rendered":"http:\/\/www.uartes.edu.ec\/sitio\/preliminar\/?post_type=tnc_col_2162_item&#038;p=3648"},"modified":"2022-05-26T10:37:30","modified_gmt":"2022-05-26T15:37:30","slug":"el-lleve-en-le-pandemiun","status":"publish","type":"tnc_col_2162_item","link":"http:\/\/www.uartes.edu.ec\/sitio\/preliminar\/manuscritos\/el-lleve-en-le-pandemiun\/","title":{"rendered":"El lleve en le Pandemiun"},"content":{"rendered":"<p>El presente proyecto es un grabado con la t\u00e9cnica de xilograf\u00eda en alto relieve y pintura digital. Los ejes tem\u00e1ticos sobresalientes para su realizaci\u00f3n fueron: la corrupci\u00f3n y la situaci\u00f3n econ\u00f3mica en medio de la emergencia sanitaria atravesada en el Ecuador, la  pol\u00edtica  y  la  vulnerabilidad  de  derechos  humanos,  los  tab\u00faes sexuales y la vulnerabilidad del ser humano. As\u00ed mismo, intento establecer un di\u00e1logo entre las im\u00e1genes y el espectador para evocar reflexiones emocionales. El  lleve  en  Le  Pandemiun colo-ca a la cabeza humana como central protagonista, donde puede apreciarse el grito de indignaci\u00f3n social; y su vez, las im\u00e1genes que danzan a su alrededor retratan una suerte de soluci\u00f3n inme-diata. \u00abLe Pandemiun\u00bb es el pretexto imperfecto que nos puede guiar a la curaci\u00f3n como sociedad ecuatoriana. Este grabado se llev\u00f3 a cabo en un tiempo de cincuenta y dos d\u00edas y se compone de tres placas.<\/p>\n","protected":false},"featured_media":0,"parent":0,"menu_order":0,"comment_status":"closed","ping_status":"closed","template":"","format":"standard","tnc_tax_2229":[140],"class_list":["post-3648","tnc_col_2162_item","type-tnc_col_2162_item","status-publish","format-standard","hentry","tnc_tax_2722-academico","tnc_tax_2231-preliminar-7","tnc_tax_2229-estudiantes","tnc_tax_2227-corruption","tnc_tax_2227-ink-art","tnc_tax_2227-poem","tnc_tax_2227-political","tnc_tax_2227-the-pandemic","tnc_tax_2227-woodcut","tnc_tax_2225-arte-en-tinta","tnc_tax_2225-corrupcion","tnc_tax_2225-la-pandemia","tnc_tax_2225-poema","tnc_tax_2225-politico","tnc_tax_2225-xilografia","tnc_tax_2223-wladimir-jimenez-murillo"],"uagb_featured_image_src":{"full":false,"thumbnail":false,"medium":false,"medium_large":false,"large":false,"1536x1536":false,"2048x2048":false,"tainacan-small":false,"tainacan-medium":false,"tainacan-medium-full":false,"tainacan-large-full":false,"layers-square-large":false,"layers-portrait-large":false,"layers-landscape-large":false,"layers-square-medium":false,"layers-portrait-medium":false,"layers-landscape-medium":false},"uagb_author_info":{"display_name":"Universidad de las Artes","author_link":"https:\/\/www.uartes.edu.ec\/sitio\/preliminar\/author\/"},"uagb_comment_info":0,"uagb_excerpt":"El presente proyecto es un grabado con la t\u00e9cnica de xilograf\u00eda en alto relieve y pintura digital. Los ejes tem\u00e1ticos sobresalientes para su realizaci\u00f3n fueron: la corrupci\u00f3n y la situaci\u00f3n econ\u00f3mica en medio de la emergencia sanitaria atravesada en el Ecuador, la pol\u00edtica y la vulnerabilidad de derechos humanos, los tab\u00faes sexuales y la vulnerabilidad&hellip;","distributor_meta":false,"distributor_terms":false,"distributor_media":false,"distributor_original_site_name":"Preliminar","distributor_original_site_url":"https:\/\/www.uartes.edu.ec\/sitio\/preliminar","push-errors":false,"_links":{"self":[{"href":"https:\/\/www.uartes.edu.ec\/sitio\/preliminar\/wp-json\/wp\/v2\/tnc_col_2162_item\/3648","targetHints":{"allow":["GET"]}}],"collection":[{"href":"https:\/\/www.uartes.edu.ec\/sitio\/preliminar\/wp-json\/wp\/v2\/tnc_col_2162_item"}],"about":[{"href":"https:\/\/www.uartes.edu.ec\/sitio\/preliminar\/wp-json\/wp\/v2\/types\/tnc_col_2162_item"}],"replies":[{"embeddable":true,"href":"https:\/\/www.uartes.edu.ec\/sitio\/preliminar\/wp-json\/wp\/v2\/comments?post=3648"}],"version-history":[{"count":1,"href":"https:\/\/www.uartes.edu.ec\/sitio\/preliminar\/wp-json\/wp\/v2\/tnc_col_2162_item\/3648\/revisions"}],"predecessor-version":[{"id":3846,"href":"https:\/\/www.uartes.edu.ec\/sitio\/preliminar\/wp-json\/wp\/v2\/tnc_col_2162_item\/3648\/revisions\/3846"}],"wp:attachment":[{"href":"https:\/\/www.uartes.edu.ec\/sitio\/preliminar\/wp-json\/wp\/v2\/media?parent=3648"}],"wp:term":[{"taxonomy":"tnc_tax_2229","embeddable":true,"href":"https:\/\/www.uartes.edu.ec\/sitio\/preliminar\/wp-json\/wp\/v2\/tnc_tax_2229?post=3648"}],"curies":[{"name":"wp","href":"https:\/\/api.w.org\/{rel}","templated":true}]}}

<p>El presente proyecto es un grabado con la técnica de xilografía en alto relieve y pintura digital. Los ejes temáticos sobresalientes para su realización fueron: la corrupción y la situación económica en medio de la emergencia sanitaria atravesada en el Ecuador, la  política  y  la  vulnerabilidad  de  derechos  humanos,  los  tabúes sexuales y la vulnerabilidad del ser humano. Así mismo, intento establecer un diálogo entre las imágenes y el espectador para evocar reflexiones emocionales. El  lleve  en  Le  Pandemiun colo-ca a la cabeza humana como central protagonista, donde puede apreciarse el grito de indignación social; y su vez, las imágenes que danzan a su alrededor retratan una suerte de solución inme-diata. «Le Pandemiun» es el pretexto imperfecto que nos puede guiar a la curación como sociedad ecuatoriana. Este grabado se llevó a cabo en un tiempo de cincuenta y dos días y se compone de tres placas.</p>

El presente proyecto es un grabado con la técnica de xilografía en alto relieve y pintura digital. Los ejes temáticos sobresalientes para su realización fueron: la corrupción y la situación económica en medio de la emergencia sanitaria atravesada en el Ecuador, la política y la vulnerabilidad de derechos humanos, los tabúes sexuales y la vulnerabilidad&hellip;
