{"id":3722,"date":"2022-05-24T16:13:24","date_gmt":"2022-05-24T21:13:24","guid":{"rendered":"http:\/\/www.uartes.edu.ec\/sitio\/preliminar\/?post_type=tnc_col_2162_item&#038;p=3722"},"modified":"2022-05-24T16:35:06","modified_gmt":"2022-05-24T21:35:06","slug":"el-diario-audiovisual-el-video-digital-como-soporte-del-mosaico-de-la-memoria-y-la-experiencia","status":"publish","type":"tnc_col_2162_item","link":"http:\/\/www.uartes.edu.ec\/sitio\/preliminar\/manuscritos\/el-diario-audiovisual-el-video-digital-como-soporte-del-mosaico-de-la-memoria-y-la-experiencia\/","title":{"rendered":"El diario audiovisual: el video digital como soporte del mosaico de la memoria y la experiencia"},"content":{"rendered":"<p>Este art\u00edculo busca explicar los procesos te\u00f3ricos y pr\u00e1cticos que desencadenaron la creaci\u00f3n del cortometraje Lo que veo (mientras me muevo), partiendo de la idea de explorar y presentar a la memoria y experiencia humana como un mosaico. El enfoque de la investigaci\u00f3n se basa en la experiencia pr\u00e1ctica de realizaci\u00f3n y edici\u00f3n del cortometraje, la cual trae consigo el descubrimiento de fragmentos de momentos documentados bajo una tecnolog\u00eda en desuso. La misma que trae consigo limitaciones est\u00e9ticas y t\u00e9cnicas autoimpuestas, fundamentales para el desarrollo del film. El art\u00edculo tiene como puntos de relevancia e innovaci\u00f3n el inter\u00e9s por desarrollar ideas sobre la memoria, la experiencia y el tiempo a partir de la investigaci\u00f3n de g\u00e9neros cinematogr\u00e1ficos, autores y formas de producci\u00f3n no hegem\u00f3nicas, la autoexploraci\u00f3n con el proceso de montaje y fundamentalmente desde el uso de tecnolog\u00edas obsoletas.<\/p>\n","protected":false},"featured_media":0,"parent":0,"menu_order":0,"comment_status":"closed","ping_status":"closed","template":"","format":"standard","tnc_tax_2229":[240],"class_list":["post-3722","tnc_col_2162_item","type-tnc_col_2162_item","status-publish","format-standard","hentry","tnc_tax_2722-academico","tnc_tax_2231-preliminar-8","tnc_tax_2229-docentes","tnc_tax_2227-diary-film","tnc_tax_2227-digital-technology","tnc_tax_2227-fragment","tnc_tax_2227-memory","tnc_tax_2227-montage","tnc_tax_2227-mosaic","tnc_tax_2225-diario-audiovisual","tnc_tax_2225-fragmento","tnc_tax_2225-memoria","tnc_tax_2225-montaje","tnc_tax_2225-mosaico","tnc_tax_2225-tecnologia-digital","tnc_tax_2223-domenica-palma-h"],"uagb_featured_image_src":{"full":false,"thumbnail":false,"medium":false,"medium_large":false,"large":false,"1536x1536":false,"2048x2048":false,"tainacan-small":false,"tainacan-medium":false,"tainacan-medium-full":false,"tainacan-large-full":false,"layers-square-large":false,"layers-portrait-large":false,"layers-landscape-large":false,"layers-square-medium":false,"layers-portrait-medium":false,"layers-landscape-medium":false},"uagb_author_info":{"display_name":"Universidad de las Artes","author_link":"https:\/\/www.uartes.edu.ec\/sitio\/preliminar\/author\/"},"uagb_comment_info":0,"uagb_excerpt":"Este art\u00edculo busca explicar los procesos te\u00f3ricos y pr\u00e1cticos que desencadenaron la creaci\u00f3n del cortometraje Lo que veo (mientras me muevo), partiendo de la idea de explorar y presentar a la memoria y experiencia humana como un mosaico. El enfoque de la investigaci\u00f3n se basa en la experiencia pr\u00e1ctica de realizaci\u00f3n y edici\u00f3n del cortometraje,&hellip;","distributor_meta":false,"distributor_terms":false,"distributor_media":false,"distributor_original_site_name":"Preliminar","distributor_original_site_url":"https:\/\/www.uartes.edu.ec\/sitio\/preliminar","push-errors":false,"_links":{"self":[{"href":"https:\/\/www.uartes.edu.ec\/sitio\/preliminar\/wp-json\/wp\/v2\/tnc_col_2162_item\/3722","targetHints":{"allow":["GET"]}}],"collection":[{"href":"https:\/\/www.uartes.edu.ec\/sitio\/preliminar\/wp-json\/wp\/v2\/tnc_col_2162_item"}],"about":[{"href":"https:\/\/www.uartes.edu.ec\/sitio\/preliminar\/wp-json\/wp\/v2\/types\/tnc_col_2162_item"}],"replies":[{"embeddable":true,"href":"https:\/\/www.uartes.edu.ec\/sitio\/preliminar\/wp-json\/wp\/v2\/comments?post=3722"}],"version-history":[{"count":1,"href":"https:\/\/www.uartes.edu.ec\/sitio\/preliminar\/wp-json\/wp\/v2\/tnc_col_2162_item\/3722\/revisions"}],"predecessor-version":[{"id":3786,"href":"https:\/\/www.uartes.edu.ec\/sitio\/preliminar\/wp-json\/wp\/v2\/tnc_col_2162_item\/3722\/revisions\/3786"}],"wp:attachment":[{"href":"https:\/\/www.uartes.edu.ec\/sitio\/preliminar\/wp-json\/wp\/v2\/media?parent=3722"}],"wp:term":[{"taxonomy":"tnc_tax_2229","embeddable":true,"href":"https:\/\/www.uartes.edu.ec\/sitio\/preliminar\/wp-json\/wp\/v2\/tnc_tax_2229?post=3722"}],"curies":[{"name":"wp","href":"https:\/\/api.w.org\/{rel}","templated":true}]}}

<p>Este artículo busca explicar los procesos teóricos y prácticos que desencadenaron la creación del cortometraje Lo que veo (mientras me muevo), partiendo de la idea de explorar y presentar a la memoria y experiencia humana como un mosaico. El enfoque de la investigación se basa en la experiencia práctica de realización y edición del cortometraje, la cual trae consigo el descubrimiento de fragmentos de momentos documentados bajo una tecnología en desuso. La misma que trae consigo limitaciones estéticas y técnicas autoimpuestas, fundamentales para el desarrollo del film. El artículo tiene como puntos de relevancia e innovación el interés por desarrollar ideas sobre la memoria, la experiencia y el tiempo a partir de la investigación de géneros cinematográficos, autores y formas de producción no hegemónicas, la autoexploración con el proceso de montaje y fundamentalmente desde el uso de tecnologías obsoletas.</p>

Este artículo busca explicar los procesos teóricos y prácticos que desencadenaron la creación del cortometraje Lo que veo (mientras me muevo), partiendo de la idea de explorar y presentar a la memoria y experiencia humana como un mosaico. El enfoque de la investigación se basa en la experiencia práctica de realización y edición del cortometraje,&hellip;
