{"id":3734,"date":"2022-05-24T16:13:56","date_gmt":"2022-05-24T21:13:56","guid":{"rendered":"http:\/\/www.uartes.edu.ec\/sitio\/preliminar\/?post_type=tnc_col_2162_item&#038;p=3734"},"modified":"2022-05-24T16:39:07","modified_gmt":"2022-05-24T21:39:07","slug":"entre-mangles-y-derivas-nocion-de-viaje-como-proceso-etnografico-en-la-construccion-de-una-narrativa-cinematografica","status":"publish","type":"tnc_col_2162_item","link":"http:\/\/www.uartes.edu.ec\/sitio\/preliminar\/manuscritos\/entre-mangles-y-derivas-nocion-de-viaje-como-proceso-etnografico-en-la-construccion-de-una-narrativa-cinematografica\/","title":{"rendered":"Entre Mangles y Derivas. Noci\u00f3n de Viaje como proceso etnogr\u00e1fico en la construcci\u00f3n de una narrativa cinematogr\u00e1fica"},"content":{"rendered":"<p>En el extenso Golfo de Guayaquil en la comunidad de Bellavista la vida de sus habitantes est\u00e1 fuertemente ligada a la pesca artesanal, el agua y las mareas. Su historia no es diferente a la de otras peque\u00f1as comunidades que han tenido problemas de despojo. Una de las m\u00e1s grandes empresas camaroneras del Ecuador desaloj\u00f3 a las personas de esta comunidad para instalar piscinas de reproducci\u00f3n, cortando el manglar y alterando el ecosistema de la isla, provocando que la poblaci\u00f3n se traslade a otro espacio. Este proyecto documenta la memoria de lo ocurrido a trav\u00e9s de la experiencia del viaje como un proceso etnogr\u00e1fico en la construcci\u00f3n cinematogr\u00e1fica.<\/p>\n","protected":false},"featured_media":0,"parent":0,"menu_order":0,"comment_status":"closed","ping_status":"closed","template":"","format":"standard","tnc_tax_2229":[240],"class_list":["post-3734","tnc_col_2162_item","type-tnc_col_2162_item","status-publish","format-standard","hentry","tnc_tax_2722-academico","tnc_tax_2231-preliminar-8","tnc_tax_2229-docentes","tnc_tax_2227-anthropology","tnc_tax_2227-dispossession","tnc_tax_2227-documentary","tnc_tax_2227-ethnography","tnc_tax_2227-travel","tnc_tax_2225-antropologia","tnc_tax_2225-despojo","tnc_tax_2225-documental","tnc_tax_2225-etnografia","tnc_tax_2225-viaje","tnc_tax_2223-camille-anais-enriquez-males"],"uagb_featured_image_src":{"full":false,"thumbnail":false,"medium":false,"medium_large":false,"large":false,"1536x1536":false,"2048x2048":false,"tainacan-small":false,"tainacan-medium":false,"tainacan-medium-full":false,"tainacan-large-full":false,"layers-square-large":false,"layers-portrait-large":false,"layers-landscape-large":false,"layers-square-medium":false,"layers-portrait-medium":false,"layers-landscape-medium":false},"uagb_author_info":{"display_name":"Universidad de las Artes","author_link":"https:\/\/www.uartes.edu.ec\/sitio\/preliminar\/author\/"},"uagb_comment_info":0,"uagb_excerpt":"En el extenso Golfo de Guayaquil en la comunidad de Bellavista la vida de sus habitantes est\u00e1 fuertemente ligada a la pesca artesanal, el agua y las mareas. Su historia no es diferente a la de otras peque\u00f1as comunidades que han tenido problemas de despojo. Una de las m\u00e1s grandes empresas camaroneras del Ecuador desaloj\u00f3&hellip;","distributor_meta":false,"distributor_terms":false,"distributor_media":false,"distributor_original_site_name":"Preliminar","distributor_original_site_url":"https:\/\/www.uartes.edu.ec\/sitio\/preliminar","push-errors":false,"_links":{"self":[{"href":"https:\/\/www.uartes.edu.ec\/sitio\/preliminar\/wp-json\/wp\/v2\/tnc_col_2162_item\/3734","targetHints":{"allow":["GET"]}}],"collection":[{"href":"https:\/\/www.uartes.edu.ec\/sitio\/preliminar\/wp-json\/wp\/v2\/tnc_col_2162_item"}],"about":[{"href":"https:\/\/www.uartes.edu.ec\/sitio\/preliminar\/wp-json\/wp\/v2\/types\/tnc_col_2162_item"}],"replies":[{"embeddable":true,"href":"https:\/\/www.uartes.edu.ec\/sitio\/preliminar\/wp-json\/wp\/v2\/comments?post=3734"}],"version-history":[{"count":1,"href":"https:\/\/www.uartes.edu.ec\/sitio\/preliminar\/wp-json\/wp\/v2\/tnc_col_2162_item\/3734\/revisions"}],"predecessor-version":[{"id":3790,"href":"https:\/\/www.uartes.edu.ec\/sitio\/preliminar\/wp-json\/wp\/v2\/tnc_col_2162_item\/3734\/revisions\/3790"}],"wp:attachment":[{"href":"https:\/\/www.uartes.edu.ec\/sitio\/preliminar\/wp-json\/wp\/v2\/media?parent=3734"}],"wp:term":[{"taxonomy":"tnc_tax_2229","embeddable":true,"href":"https:\/\/www.uartes.edu.ec\/sitio\/preliminar\/wp-json\/wp\/v2\/tnc_tax_2229?post=3734"}],"curies":[{"name":"wp","href":"https:\/\/api.w.org\/{rel}","templated":true}]}}

Entre Mangles y Derivas. Noción de Viaje como proceso etnográfico en la construcción de una narrativa cinematográfica

<p>En el extenso Golfo de Guayaquil en la comunidad de Bellavista la vida de sus habitantes está fuertemente ligada a la pesca artesanal, el agua y las mareas. Su historia no es diferente a la de otras pequeñas comunidades que han tenido problemas de despojo. Una de las más grandes empresas camaroneras del Ecuador desalojó a las personas de esta comunidad para instalar piscinas de reproducción, cortando el manglar y alterando el ecosistema de la isla, provocando que la población se traslade a otro espacio. Este proyecto documenta la memoria de lo ocurrido a través de la experiencia del viaje como un proceso etnográfico en la construcción cinematográfica.</p>

En el extenso Golfo de Guayaquil en la comunidad de Bellavista la vida de sus habitantes está fuertemente ligada a la pesca artesanal, el agua y las mareas. Su historia no es diferente a la de otras pequeñas comunidades que han tenido problemas de despojo. Una de las más grandes empresas camaroneras del Ecuador desalojó&hellip;
