{"id":521,"date":"2024-04-09T21:53:17","date_gmt":"2024-04-09T19:53:17","guid":{"rendered":"https:\/\/www.uartes.edu.ec\/sitio\/proyectos-titulacion\/?page_id=521"},"modified":"2024-05-21T17:38:35","modified_gmt":"2024-05-21T15:38:35","slug":"damian-rosero","status":"publish","type":"page","link":"https:\/\/www.uartes.edu.ec\/sitio\/proyectos-titulacion\/damian-rosero\/","title":{"rendered":"Damian Rosero"},"content":{"rendered":"\t\t<div data-elementor-type=\"wp-page\" data-elementor-id=\"521\" class=\"elementor elementor-521\" data-elementor-post-type=\"page\">\n\t\t\t\t<div class=\"elementor-element elementor-element-1c4348b e-flex e-con-boxed e-con e-parent\" data-id=\"1c4348b\" data-element_type=\"container\" data-e-type=\"container\">\n\t\t\t\t\t<div class=\"e-con-inner\">\n\t\t<div class=\"elementor-element elementor-element-841a67c e-con-full e-flex e-con e-child\" data-id=\"841a67c\" data-element_type=\"container\" data-e-type=\"container\">\n\t\t\t\t<div class=\"elementor-element elementor-element-6e20756 elementor-widget__width-initial elementor-widget elementor-widget-image\" data-id=\"6e20756\" data-element_type=\"widget\" data-e-type=\"widget\" data-widget_type=\"image.default\">\n\t\t\t\t<div class=\"elementor-widget-container\">\n\t\t\t\t\t\t\t\t\t\t\t\t\t\t\t<img fetchpriority=\"high\" decoding=\"async\" width=\"300\" height=\"174\" src=\"https:\/\/www.uartes.edu.ec\/sitio\/proyectos-titulacion\/wp-content\/uploads\/sites\/33\/2024\/04\/damian-300x174.png\" class=\"attachment-medium size-medium wp-image-834\" alt=\"\" srcset=\"https:\/\/www.uartes.edu.ec\/sitio\/proyectos-titulacion\/wp-content\/uploads\/sites\/33\/2024\/04\/damian-300x174.png 300w, https:\/\/www.uartes.edu.ec\/sitio\/proyectos-titulacion\/wp-content\/uploads\/sites\/33\/2024\/04\/damian-644x374.png 644w, https:\/\/www.uartes.edu.ec\/sitio\/proyectos-titulacion\/wp-content\/uploads\/sites\/33\/2024\/04\/damian-768x446.png 768w, https:\/\/www.uartes.edu.ec\/sitio\/proyectos-titulacion\/wp-content\/uploads\/sites\/33\/2024\/04\/damian-600x349.png 600w, https:\/\/www.uartes.edu.ec\/sitio\/proyectos-titulacion\/wp-content\/uploads\/sites\/33\/2024\/04\/damian.png 795w\" sizes=\"(max-width: 300px) 100vw, 300px\" \/>\t\t\t\t\t\t\t\t\t\t\t\t\t\t\t<\/div>\n\t\t\t\t<\/div>\n\t\t\t\t<div class=\"elementor-element elementor-element-8bd18c6 elementor-shape-circle elementor-widget__width-initial elementor-grid-0 e-grid-align-center elementor-widget elementor-widget-social-icons\" data-id=\"8bd18c6\" data-element_type=\"widget\" data-e-type=\"widget\" data-widget_type=\"social-icons.default\">\n\t\t\t\t<div class=\"elementor-widget-container\">\n\t\t\t\t\t\t\t<div class=\"elementor-social-icons-wrapper elementor-grid\" role=\"list\">\n\t\t\t\t\t\t\t<span class=\"elementor-grid-item\" role=\"listitem\">\n\t\t\t\t\t<a class=\"elementor-icon elementor-social-icon elementor-social-icon-facebook elementor-repeater-item-d59daa4\" href=\"https:\/\/www.facebook.com\/damian.roserocazar\/\" target=\"_blank\">\n\t\t\t\t\t\t<span class=\"elementor-screen-only\">Facebook<\/span>\n\t\t\t\t\t\t<svg aria-hidden=\"true\" class=\"e-font-icon-svg e-fab-facebook\" viewBox=\"0 0 512 512\" xmlns=\"http:\/\/www.w3.org\/2000\/svg\"><path d=\"M504 256C504 119 393 8 256 8S8 119 8 256c0 123.78 90.69 226.38 209.25 245V327.69h-63V256h63v-54.64c0-62.15 37-96.48 93.67-96.48 27.14 0 55.52 4.84 55.52 4.84v61h-31.28c-30.8 0-40.41 19.12-40.41 38.73V256h68.78l-11 71.69h-57.78V501C413.31 482.38 504 379.78 504 256z\"><\/path><\/svg>\t\t\t\t\t<\/a>\n\t\t\t\t<\/span>\n\t\t\t\t\t\t\t<span class=\"elementor-grid-item\" role=\"listitem\">\n\t\t\t\t\t<a class=\"elementor-icon elementor-social-icon elementor-social-icon-instagram elementor-repeater-item-f188996\" href=\"https:\/\/www.instagram.com\/damianroserocazar%20%20\" target=\"_blank\">\n\t\t\t\t\t\t<span class=\"elementor-screen-only\">Instagram<\/span>\n\t\t\t\t\t\t<svg aria-hidden=\"true\" class=\"e-font-icon-svg e-fab-instagram\" viewBox=\"0 0 448 512\" xmlns=\"http:\/\/www.w3.org\/2000\/svg\"><path d=\"M224.1 141c-63.6 0-114.9 51.3-114.9 114.9s51.3 114.9 114.9 114.9S339 319.5 339 255.9 287.7 141 224.1 141zm0 189.6c-41.1 0-74.7-33.5-74.7-74.7s33.5-74.7 74.7-74.7 74.7 33.5 74.7 74.7-33.6 74.7-74.7 74.7zm146.4-194.3c0 14.9-12 26.8-26.8 26.8-14.9 0-26.8-12-26.8-26.8s12-26.8 26.8-26.8 26.8 12 26.8 26.8zm76.1 27.2c-1.7-35.9-9.9-67.7-36.2-93.9-26.2-26.2-58-34.4-93.9-36.2-37-2.1-147.9-2.1-184.9 0-35.8 1.7-67.6 9.9-93.9 36.1s-34.4 58-36.2 93.9c-2.1 37-2.1 147.9 0 184.9 1.7 35.9 9.9 67.7 36.2 93.9s58 34.4 93.9 36.2c37 2.1 147.9 2.1 184.9 0 35.9-1.7 67.7-9.9 93.9-36.2 26.2-26.2 34.4-58 36.2-93.9 2.1-37 2.1-147.8 0-184.8zM398.8 388c-7.8 19.6-22.9 34.7-42.6 42.6-29.5 11.7-99.5 9-132.1 9s-102.7 2.6-132.1-9c-19.6-7.8-34.7-22.9-42.6-42.6-11.7-29.5-9-99.5-9-132.1s-2.6-102.7 9-132.1c7.8-19.6 22.9-34.7 42.6-42.6 29.5-11.7 99.5-9 132.1-9s102.7-2.6 132.1 9c19.6 7.8 34.7 22.9 42.6 42.6 11.7 29.5 9 99.5 9 132.1s2.7 102.7-9 132.1z\"><\/path><\/svg>\t\t\t\t\t<\/a>\n\t\t\t\t<\/span>\n\t\t\t\t\t\t\t<span class=\"elementor-grid-item\" role=\"listitem\">\n\t\t\t\t\t<a class=\"elementor-icon elementor-social-icon elementor-social-icon-youtube elementor-repeater-item-7c0d102\" href=\"https:\/\/www.youtube.com\/damianroserocazar\" target=\"_blank\">\n\t\t\t\t\t\t<span class=\"elementor-screen-only\">Youtube<\/span>\n\t\t\t\t\t\t<svg aria-hidden=\"true\" class=\"e-font-icon-svg e-fab-youtube\" viewBox=\"0 0 576 512\" xmlns=\"http:\/\/www.w3.org\/2000\/svg\"><path d=\"M549.655 124.083c-6.281-23.65-24.787-42.276-48.284-48.597C458.781 64 288 64 288 64S117.22 64 74.629 75.486c-23.497 6.322-42.003 24.947-48.284 48.597-11.412 42.867-11.412 132.305-11.412 132.305s0 89.438 11.412 132.305c6.281 23.65 24.787 41.5 48.284 47.821C117.22 448 288 448 288 448s170.78 0 213.371-11.486c23.497-6.321 42.003-24.171 48.284-47.821 11.412-42.867 11.412-132.305 11.412-132.305s0-89.438-11.412-132.305zm-317.51 213.508V175.185l142.739 81.205-142.739 81.201z\"><\/path><\/svg>\t\t\t\t\t<\/a>\n\t\t\t\t<\/span>\n\t\t\t\t\t<\/div>\n\t\t\t\t\t\t<\/div>\n\t\t\t\t<\/div>\n\t\t\t\t<\/div>\n\t\t<div class=\"elementor-element elementor-element-30f89b5 e-con-full e-flex e-con e-child\" data-id=\"30f89b5\" data-element_type=\"container\" data-e-type=\"container\">\n\t\t\t\t<div class=\"elementor-element elementor-element-e2068aa elementor-widget elementor-widget-text-editor\" data-id=\"e2068aa\" data-element_type=\"widget\" data-e-type=\"widget\" data-widget_type=\"text-editor.default\">\n\t\t\t\t<div class=\"elementor-widget-container\">\n\t\t\t\t\t\t\t\t\t<p><span style=\"color: #0ca4a4\"><strong>B\u00cdO:<\/strong> <span style=\"color: #000000\"><span class=\"TextRun Highlight SCXW18410864 BCX0\" lang=\"ES-ES\" xml:lang=\"ES-ES\" data-contrast=\"none\"><span class=\"NormalTextRun SCXW18410864 BCX0\">Compositor, productor y arreglista. Su campo de acci\u00f3n se enfoca en la m\u00fasica electroac\u00fastica<\/span><span class=\"NormalTextRun SCXW18410864 BCX0\">, la m\u00fasica popular<\/span><span class=\"NormalTextRun SCXW18410864 BCX0\">, y la creaci\u00f3n musical interdisciplinar. <\/span><span class=\"NormalTextRun SCXW18410864 BCX0\">Ha realizado composici\u00f3n para cortometrajes, ambientaciones sonoras para exposiciones de arte urbano, y m\u00fasica para teatro y danza.\u00a0<\/span><\/span><span class=\"EOP SCXW18410864 BCX0\" data-ccp-props=\"{}\">\u00a0<\/span><\/span><\/span><\/p><p class=\"zfr3Q CDt4Ke \" dir=\"ltr\"><strong><span class=\"C9DxTc \"><span style=\"color: #0ca4a4\">DESCRIPCI\u00d3N DE LA\u00a0 OBRA: <\/span><\/span><\/strong><span data-contrast=\"auto\">Lo primario es la composici\u00f3n musical realizada para las escenas de la obra de danza \u201cLo primario\u201d, de la core\u00f3grafa Sof\u00eda Mera. Este trabajo busca proveer de un acompa\u00f1amiento musical y sonoro a este suceso esc\u00e9nico.\u00a0<\/span><span data-ccp-props=\"{}\">\u00a0<\/span><\/p><p><span data-ccp-props=\"{}\">\u00a0<\/span><span data-contrast=\"auto\">&#8220;Lo primario&#8221;, una coreograf\u00eda que explora el profundo universo emocional de los primeros afectos y al mismo tiempo que planta el deseo de incentivar procesos creativos esc\u00e9nicos accesibles para artistas con y sin discapacidad.\u00a0<\/span><span data-ccp-props=\"{}\">\u00a0<\/span><\/p><p><span data-ccp-props=\"{}\">\u00a0<\/span><span data-contrast=\"auto\">Es una obra en la que la convergencia de la m\u00fasica y la danza, se vuelve fundamental para el desarrollo de la puesta en escena. La creaci\u00f3n musical y sonora de \u201cLo primario\u201d, no solo busca plasmar la visi\u00f3n est\u00e9tica de su directora, sino tambi\u00e9n dialogar con la propuesta esc\u00e9nica.<\/span><span data-ccp-props=\"{}\">\u00a0<\/span><\/p><p><span class=\"TextRun SCXW127007176 BCX0\" lang=\"ES-EC\" xml:lang=\"ES-EC\" data-contrast=\"auto\"><span class=\"NormalTextRun SCXW127007176 BCX0\">El trabajo<\/span><span class=\"NormalTextRun SCXW127007176 BCX0\"> musical<\/span><span class=\"NormalTextRun SCXW127007176 BCX0\"> se realiz\u00f3 acorde a las necesidades y especificidades de la obra a partir del trabajo corporal y esc\u00e9nico propuesto por la core\u00f3grafa y a trav\u00e9s de un trabajo colaborativo y retroalimentado<\/span><span class=\"NormalTextRun SCXW127007176 BCX0\">.<\/span><\/span><span class=\"EOP SCXW127007176 BCX0\" data-ccp-props=\"{}\">\u00a0<\/span><\/p>\t\t\t\t\t\t\t\t<\/div>\n\t\t\t\t<\/div>\n\t\t\t\t<\/div>\n\t\t\t\t\t<\/div>\n\t\t\t\t<\/div>\n\t\t<div class=\"elementor-element elementor-element-412ab9b e-flex e-con-boxed e-con e-parent\" data-id=\"412ab9b\" data-element_type=\"container\" data-e-type=\"container\">\n\t\t\t\t\t<div class=\"e-con-inner\">\n\t\t\t\t<div class=\"elementor-element elementor-element-3fa4df8 elementor-align-right elementor-widget elementor-widget-button\" data-id=\"3fa4df8\" data-element_type=\"widget\" data-e-type=\"widget\" data-widget_type=\"button.default\">\n\t\t\t\t<div class=\"elementor-widget-container\">\n\t\t\t\t\t\t\t\t\t<div class=\"elementor-button-wrapper\">\n\t\t\t\t\t<a class=\"elementor-button elementor-button-link elementor-size-sm\" href=\"https:\/\/www.uartes.edu.ec\/sitio\/proyectos-titulacion\/\">\n\t\t\t\t\t\t<span class=\"elementor-button-content-wrapper\">\n\t\t\t\t\t\t\t\t\t<span class=\"elementor-button-text\">Regresar<\/span>\n\t\t\t\t\t<\/span>\n\t\t\t\t\t<\/a>\n\t\t\t\t<\/div>\n\t\t\t\t\t\t\t\t<\/div>\n\t\t\t\t<\/div>\n\t\t\t\t\t<\/div>\n\t\t\t\t<\/div>\n\t\t\t\t<\/div>\n\t\t","protected":false},"excerpt":{"rendered":"<p>Facebook Instagram Youtube B\u00cdO: Compositor, productor y arreglista. Su campo de acci\u00f3n se enfoca en la m\u00fasica electroac\u00fastica, la m\u00fasica popular, y la creaci\u00f3n musical interdisciplinar. Ha realizado composici\u00f3n para cortometrajes, ambientaciones sonoras para exposiciones de arte urbano, y m\u00fasica para teatro y danza.\u00a0\u00a0 DESCRIPCI\u00d3N DE LA\u00a0 OBRA: Lo primario es la composici\u00f3n musical realizada [&hellip;]<\/p>\n","protected":false},"author":1,"featured_media":0,"parent":0,"menu_order":0,"comment_status":"closed","ping_status":"closed","template":"","meta":{"_uag_custom_page_level_css":"","_monsterinsights_skip_tracking":false,"_monsterinsights_sitenote_active":false,"_monsterinsights_sitenote_note":"","_monsterinsights_sitenote_category":0,"cybocfi_hide_featured_image":"","footnotes":""},"class_list":["post-521","page","type-page","status-publish","hentry"],"uagb_featured_image_src":{"full":false,"thumbnail":false,"medium":false,"medium_large":false,"large":false,"1536x1536":false,"2048x2048":false},"uagb_author_info":{"display_name":"Universidad de las Artes","author_link":"https:\/\/www.uartes.edu.ec\/sitio\/proyectos-titulacion\/author\/dircomadm\/"},"uagb_comment_info":0,"uagb_excerpt":"Facebook Instagram Youtube B\u00cdO: Compositor, productor y arreglista. Su campo de acci\u00f3n se enfoca en la m\u00fasica electroac\u00fastica, la m\u00fasica popular, y la creaci\u00f3n musical interdisciplinar. Ha realizado composici\u00f3n para cortometrajes, ambientaciones sonoras para exposiciones de arte urbano, y m\u00fasica para teatro y danza.\u00a0\u00a0 DESCRIPCI\u00d3N DE LA\u00a0 OBRA: Lo primario es la composici\u00f3n musical realizada&hellip;","distributor_meta":false,"distributor_terms":false,"distributor_media":false,"distributor_original_site_name":"Proyectos de Titulaci\u00f3n - Posgrados UArtes","distributor_original_site_url":"https:\/\/www.uartes.edu.ec\/sitio\/proyectos-titulacion","push-errors":false,"_links":{"self":[{"href":"https:\/\/www.uartes.edu.ec\/sitio\/proyectos-titulacion\/wp-json\/wp\/v2\/pages\/521","targetHints":{"allow":["GET"]}}],"collection":[{"href":"https:\/\/www.uartes.edu.ec\/sitio\/proyectos-titulacion\/wp-json\/wp\/v2\/pages"}],"about":[{"href":"https:\/\/www.uartes.edu.ec\/sitio\/proyectos-titulacion\/wp-json\/wp\/v2\/types\/page"}],"author":[{"embeddable":true,"href":"https:\/\/www.uartes.edu.ec\/sitio\/proyectos-titulacion\/wp-json\/wp\/v2\/users\/1"}],"replies":[{"embeddable":true,"href":"https:\/\/www.uartes.edu.ec\/sitio\/proyectos-titulacion\/wp-json\/wp\/v2\/comments?post=521"}],"version-history":[{"count":20,"href":"https:\/\/www.uartes.edu.ec\/sitio\/proyectos-titulacion\/wp-json\/wp\/v2\/pages\/521\/revisions"}],"predecessor-version":[{"id":1047,"href":"https:\/\/www.uartes.edu.ec\/sitio\/proyectos-titulacion\/wp-json\/wp\/v2\/pages\/521\/revisions\/1047"}],"wp:attachment":[{"href":"https:\/\/www.uartes.edu.ec\/sitio\/proyectos-titulacion\/wp-json\/wp\/v2\/media?parent=521"}],"curies":[{"name":"wp","href":"https:\/\/api.w.org\/{rel}","templated":true}]}}

<div data-elementor-type="wp-page" data-elementor-id="521" class="elementor elementor-521" data-elementor-post-type="page">
				<div class="elementor-element elementor-element-1c4348b e-flex e-con-boxed e-con e-parent" data-id="1c4348b" data-element_type="container" data-e-type="container">
					<div class="e-con-inner">
		<div class="elementor-element elementor-element-841a67c e-con-full e-flex e-con e-child" data-id="841a67c" data-element_type="container" data-e-type="container">
				<div class="elementor-element elementor-element-6e20756 elementor-widget__width-initial elementor-widget elementor-widget-image" data-id="6e20756" data-element_type="widget" data-e-type="widget" data-widget_type="image.default">
				<div class="elementor-widget-container">
															<img fetchpriority="high" decoding="async" width="300" height="174" src="https://www.uartes.edu.ec/sitio/proyectos-titulacion/wp-content/uploads/sites/33/2024/04/damian-300x174.png" class="attachment-medium size-medium wp-image-834" alt="" srcset="https://www.uartes.edu.ec/sitio/proyectos-titulacion/wp-content/uploads/sites/33/2024/04/damian-300x174.png 300w, https://www.uartes.edu.ec/sitio/proyectos-titulacion/wp-content/uploads/sites/33/2024/04/damian-644x374.png 644w, https://www.uartes.edu.ec/sitio/proyectos-titulacion/wp-content/uploads/sites/33/2024/04/damian-768x446.png 768w, https://www.uartes.edu.ec/sitio/proyectos-titulacion/wp-content/uploads/sites/33/2024/04/damian-600x349.png 600w, https://www.uartes.edu.ec/sitio/proyectos-titulacion/wp-content/uploads/sites/33/2024/04/damian.png 795w" sizes="(max-width: 300px) 100vw, 300px" />															</div>
				</div>
				<div class="elementor-element elementor-element-8bd18c6 elementor-shape-circle elementor-widget__width-initial elementor-grid-0 e-grid-align-center elementor-widget elementor-widget-social-icons" data-id="8bd18c6" data-element_type="widget" data-e-type="widget" data-widget_type="social-icons.default">
				<div class="elementor-widget-container">
							<div class="elementor-social-icons-wrapper elementor-grid" role="list">
							<span class="elementor-grid-item" role="listitem">
					<a class="elementor-icon elementor-social-icon elementor-social-icon-facebook elementor-repeater-item-d59daa4" href="https://www.facebook.com/damian.roserocazar/" target="_blank">
						<span class="elementor-screen-only">Facebook</span>
						<svg aria-hidden="true" class="e-font-icon-svg e-fab-facebook" viewBox="0 0 512 512" xmlns="http://www.w3.org/2000/svg"><path d="M504 256C504 119 393 8 256 8S8 119 8 256c0 123.78 90.69 226.38 209.25 245V327.69h-63V256h63v-54.64c0-62.15 37-96.48 93.67-96.48 27.14 0 55.52 4.84 55.52 4.84v61h-31.28c-30.8 0-40.41 19.12-40.41 38.73V256h68.78l-11 71.69h-57.78V501C413.31 482.38 504 379.78 504 256z"></path></svg>					</a>
				</span>
							<span class="elementor-grid-item" role="listitem">
					<a class="elementor-icon elementor-social-icon elementor-social-icon-instagram elementor-repeater-item-f188996" href="https://www.instagram.com/damianroserocazar%20%20" target="_blank">
						<span class="elementor-screen-only">Instagram</span>
						<svg aria-hidden="true" class="e-font-icon-svg e-fab-instagram" viewBox="0 0 448 512" xmlns="http://www.w3.org/2000/svg"><path d="M224.1 141c-63.6 0-114.9 51.3-114.9 114.9s51.3 114.9 114.9 114.9S339 319.5 339 255.9 287.7 141 224.1 141zm0 189.6c-41.1 0-74.7-33.5-74.7-74.7s33.5-74.7 74.7-74.7 74.7 33.5 74.7 74.7-33.6 74.7-74.7 74.7zm146.4-194.3c0 14.9-12 26.8-26.8 26.8-14.9 0-26.8-12-26.8-26.8s12-26.8 26.8-26.8 26.8 12 26.8 26.8zm76.1 27.2c-1.7-35.9-9.9-67.7-36.2-93.9-26.2-26.2-58-34.4-93.9-36.2-37-2.1-147.9-2.1-184.9 0-35.8 1.7-67.6 9.9-93.9 36.1s-34.4 58-36.2 93.9c-2.1 37-2.1 147.9 0 184.9 1.7 35.9 9.9 67.7 36.2 93.9s58 34.4 93.9 36.2c37 2.1 147.9 2.1 184.9 0 35.9-1.7 67.7-9.9 93.9-36.2 26.2-26.2 34.4-58 36.2-93.9 2.1-37 2.1-147.8 0-184.8zM398.8 388c-7.8 19.6-22.9 34.7-42.6 42.6-29.5 11.7-99.5 9-132.1 9s-102.7 2.6-132.1-9c-19.6-7.8-34.7-22.9-42.6-42.6-11.7-29.5-9-99.5-9-132.1s-2.6-102.7 9-132.1c7.8-19.6 22.9-34.7 42.6-42.6 29.5-11.7 99.5-9 132.1-9s102.7-2.6 132.1 9c19.6 7.8 34.7 22.9 42.6 42.6 11.7 29.5 9 99.5 9 132.1s2.7 102.7-9 132.1z"></path></svg>					</a>
				</span>
							<span class="elementor-grid-item" role="listitem">
					<a class="elementor-icon elementor-social-icon elementor-social-icon-youtube elementor-repeater-item-7c0d102" href="https://www.youtube.com/damianroserocazar" target="_blank">
						<span class="elementor-screen-only">Youtube</span>
						<svg aria-hidden="true" class="e-font-icon-svg e-fab-youtube" viewBox="0 0 576 512" xmlns="http://www.w3.org/2000/svg"><path d="M549.655 124.083c-6.281-23.65-24.787-42.276-48.284-48.597C458.781 64 288 64 288 64S117.22 64 74.629 75.486c-23.497 6.322-42.003 24.947-48.284 48.597-11.412 42.867-11.412 132.305-11.412 132.305s0 89.438 11.412 132.305c6.281 23.65 24.787 41.5 48.284 47.821C117.22 448 288 448 288 448s170.78 0 213.371-11.486c23.497-6.321 42.003-24.171 48.284-47.821 11.412-42.867 11.412-132.305 11.412-132.305s0-89.438-11.412-132.305zm-317.51 213.508V175.185l142.739 81.205-142.739 81.201z"></path></svg>					</a>
				</span>
					</div>
						</div>
				</div>
				</div>
		<div class="elementor-element elementor-element-30f89b5 e-con-full e-flex e-con e-child" data-id="30f89b5" data-element_type="container" data-e-type="container">
				<div class="elementor-element elementor-element-e2068aa elementor-widget elementor-widget-text-editor" data-id="e2068aa" data-element_type="widget" data-e-type="widget" data-widget_type="text-editor.default">
				<div class="elementor-widget-container">
									<p><span style="color: #0ca4a4"><strong>BÍO:</strong> <span style="color: #000000"><span class="TextRun Highlight SCXW18410864 BCX0" lang="ES-ES" xml:lang="ES-ES" data-contrast="none"><span class="NormalTextRun SCXW18410864 BCX0">Compositor, productor y arreglista. Su campo de acción se enfoca en la música electroacústica</span><span class="NormalTextRun SCXW18410864 BCX0">, la música popular</span><span class="NormalTextRun SCXW18410864 BCX0">, y la creación musical interdisciplinar. </span><span class="NormalTextRun SCXW18410864 BCX0">Ha realizado composición para cortometrajes, ambientaciones sonoras para exposiciones de arte urbano, y música para teatro y danza. </span></span><span class="EOP SCXW18410864 BCX0" data-ccp-props="{}"> </span></span></span></p><p class="zfr3Q CDt4Ke " dir="ltr"><strong><span class="C9DxTc "><span style="color: #0ca4a4">DESCRIPCIÓN DE LA  OBRA: </span></span></strong><span data-contrast="auto">Lo primario es la composición musical realizada para las escenas de la obra de danza “Lo primario”, de la coreógrafa Sofía Mera. Este trabajo busca proveer de un acompañamiento musical y sonoro a este suceso escénico. </span><span data-ccp-props="{}"> </span></p><p><span data-ccp-props="{}"> </span><span data-contrast="auto">&#8220;Lo primario&#8221;, una coreografía que explora el profundo universo emocional de los primeros afectos y al mismo tiempo que planta el deseo de incentivar procesos creativos escénicos accesibles para artistas con y sin discapacidad. </span><span data-ccp-props="{}"> </span></p><p><span data-ccp-props="{}"> </span><span data-contrast="auto">Es una obra en la que la convergencia de la música y la danza, se vuelve fundamental para el desarrollo de la puesta en escena. La creación musical y sonora de “Lo primario”, no solo busca plasmar la visión estética de su directora, sino también dialogar con la propuesta escénica.</span><span data-ccp-props="{}"> </span></p><p><span class="TextRun SCXW127007176 BCX0" lang="ES-EC" xml:lang="ES-EC" data-contrast="auto"><span class="NormalTextRun SCXW127007176 BCX0">El trabajo</span><span class="NormalTextRun SCXW127007176 BCX0"> musical</span><span class="NormalTextRun SCXW127007176 BCX0"> se realizó acorde a las necesidades y especificidades de la obra a partir del trabajo corporal y escénico propuesto por la coreógrafa y a través de un trabajo colaborativo y retroalimentado</span><span class="NormalTextRun SCXW127007176 BCX0">.</span></span><span class="EOP SCXW127007176 BCX0" data-ccp-props="{}"> </span></p>								</div>
				</div>
				</div>
					</div>
				</div>
		<div class="elementor-element elementor-element-412ab9b e-flex e-con-boxed e-con e-parent" data-id="412ab9b" data-element_type="container" data-e-type="container">
					<div class="e-con-inner">
				<div class="elementor-element elementor-element-3fa4df8 elementor-align-right elementor-widget elementor-widget-button" data-id="3fa4df8" data-element_type="widget" data-e-type="widget" data-widget_type="button.default">
				<div class="elementor-widget-container">
									<div class="elementor-button-wrapper">
					<a class="elementor-button elementor-button-link elementor-size-sm" href="https://www.uartes.edu.ec/sitio/proyectos-titulacion/">
						<span class="elementor-button-content-wrapper">
									<span class="elementor-button-text">Regresar</span>
					</span>
					</a>
				</div>
								</div>
				</div>
					</div>
				</div>
				</div>

<p>Facebook Instagram Youtube BÍO: Compositor, productor y arreglista. Su campo de acción se enfoca en la música electroacústica, la música popular, y la creación musical interdisciplinar. Ha realizado composición para cortometrajes, ambientaciones sonoras para exposiciones de arte urbano, y música para teatro y danza.   DESCRIPCIÓN DE LA  OBRA: Lo primario es la composición musical realizada [&hellip;]</p>

Facebook Instagram Youtube BÍO: Compositor, productor y arreglista. Su campo de acción se enfoca en la música electroacústica, la música popular, y la creación musical interdisciplinar. Ha realizado composición para cortometrajes, ambientaciones sonoras para exposiciones de arte urbano, y música para teatro y danza.   DESCRIPCIÓN DE LA  OBRA: Lo primario es la composición musical realizada&hellip;

Proyectos de Titulación - Posgrados UArtes
