{"id":111,"date":"2022-06-03T09:03:54","date_gmt":"2022-06-03T14:03:54","guid":{"rendered":"http:\/\/www.uartes.edu.ec\/sitio\/sonocordia\/equipo-editorial\/"},"modified":"2026-01-05T11:35:17","modified_gmt":"2026-01-05T16:35:17","slug":"equipo-editorial","status":"publish","type":"page","link":"http:\/\/www.uartes.edu.ec\/sitio\/sonocordia\/equipo-editorial\/","title":{"rendered":"Equipo editorial"},"content":{"rendered":"\n<h3 class=\"wp-block-heading\">Universidad de las Artes<\/h3>\n\n\n\n<h5 class=\"wp-block-heading\">Rector<\/h5>\n\n\n\n<p>Saidel Brito Santiago<\/p>\n\n\n\n<h5 class=\"wp-block-heading\">Vicerrectora Acad\u00e9mica<\/h5>\n\n\n\n<p>Yulianela L\u00f3pez Garc\u00eda<\/p>\n\n\n\n<h5 class=\"wp-block-heading\">Vicerrector de Investigaci\u00f3n y Postgrado<\/h5>\n\n\n\n<p>Andrey Mijail Astaiza Vallejo<\/p>\n\n\n\n<div style=\"height:50px\" aria-hidden=\"true\" class=\"wp-block-spacer\"><\/div>\n\n\n\n\n\n\n\n\n\n\n\n\n\n<div style=\"height:50px\" aria-hidden=\"true\" class=\"wp-block-spacer\"><\/div>\n\n\n\n<h3 class=\"wp-block-heading\">Revista Sonocordia<\/h3>\n\n\n\n<h5 class=\"wp-block-heading\">Direcci\u00f3n editorial<\/h5>\n\n\n\n<p><a href=\"mailto:luis.perez@uartes.edu.ec\">Luis P\u00e9rez-Valero <i class=\"icon fa fa-envelope\" aria-hidden=\"true\"> <\/i><\/a><\/p>\n\n\n\n<h5 class=\"wp-block-heading\">Coordinaci\u00f3n editorial<\/h5>\n\n\n\n<p><a href=\"mailto:omar.dominguez@uartes.edu.ec\">Omar Dom\u00ednguez <i class=\"icon fa fa-envelope\" aria-hidden=\"true\"> <\/i><\/a><\/p>\n\n\n\n<h5 class=\"wp-block-heading\">Editora asociada<\/h5>\n\n\n\n<p><a href=\"mailto:bernarda.ubidia@uartes.edu.ec\">Bernarda Ubidia <i class=\"icon fa fa-envelope\" aria-hidden=\"true\"> <\/i><\/a><\/p>\n\n\n\n<h5 class=\"wp-block-heading\">Dise\u00f1o y soporte<\/h5>\n\n\n\n<p><a href=\"mailto:direccion.comunicacion@uartes.edu.ec\">Direcci\u00f3n de Comunicaci\u00f3n <i class=\"icon fa fa-envelope\" aria-hidden=\"true\"> <\/i><\/a><\/p>\n\n\n\n<h5 class=\"wp-block-heading\">Comit\u00e9 Cient\u00edfico Editorial de Sonocordia<\/h5>\n\n\n\n<p>Johanna Abril, Universidad de las Am\u00e9ricas (Ecuador)<br>Jannet Alvarado, Universidad de Cuenca (Ecuador)<br>Claudia Fallallero, Gabinete de Patrimonio Musical Esteban Salas (Cuba)<br>Pablo Freiberg, Universidad de las Artes (Argentina)<br><a href=\"mailto:adina.izarra@uartes.edu.ec\">Adina Izarra, Universidad de las Artes (Ecuador) <i class=\"icon fa fa-envelope\" aria-hidden=\"true\"> <\/i><\/a><br><a href=\"mailto:david.delosreyes@uartes.edu.ec\">David de los Reyes, Universidad de las Artes (Ecuador) <i class=\"icon fa fa-envelope\" aria-hidden=\"true\"> <\/i><\/a><br>Ketty Wong, Universidad de Kansas (Estados Unidos)<\/p>\n\n\n\n<h5 class=\"wp-block-heading\">Consejo Asesor<\/h5>\n\n\n\n<p>Miguel \u00c1lvarez-Fern\u00e1ndez, Ars Sonora &#8211; Radio Nacional de Espa\u00f1a (Espa\u00f1a)&nbsp;<br><a href=\"mailto:andrey.astaiza@uartes.edu.ec\">Andrey Astaiza, Universidad de las Artes (Ecuador) <i class=\"icon fa fa-envelope\" aria-hidden=\"true\"> <\/i><\/a><br>Susana Campos-Fonseca, Universidad de Costa Rica (Costa Rica)<br>Miriam Escudero Su\u00e1stegui, Gabinete de Patrimonio Musical Esteban Salas (Cuba)<br>Ana Mar\u00eda Ochoa, Universidad de Columbia (Estados Unidos)<br>Carmen Pardo, Universidad de Girona (Espa\u00f1a)<br>Rodrigo Sigal, Centro Mexicano para la M\u00fasica y las Artes Sonoras (M\u00e9xico)<\/p>\n\n\n\n<h5 class=\"wp-block-heading\">Socios Editoriales<\/h5>\n\n\n\n<p><a href=\"http:\/\/mz14.uartes.edu.ec\/editorial\/\">UArtes Ediciones <i class=\"icon fa fa-link\" aria-hidden=\"true\"> <\/i><\/a><\/p>\n\n\n\n<p><\/p>\n","protected":false},"excerpt":{"rendered":"<p>Universidad de las Artes Rector Saidel Brito Santiago Vicerrectora Acad\u00e9mica Yulianela L\u00f3pez Garc\u00eda Vicerrector de Investigaci\u00f3n y Postgrado Andrey Mijail Astaiza Vallejo Revista Sonocordia Direcci\u00f3n editorial Luis P\u00e9rez-Valero Coordinaci\u00f3n editorial Omar Dom\u00ednguez Editora asociada Bernarda Ubidia Dise\u00f1o y soporte Direcci\u00f3n <a class=\"more-link\" href=\"http:\/\/www.uartes.edu.ec\/sitio\/sonocordia\/equipo-editorial\/\">Seguir leyendo <span class=\"screen-reader-text\">  Equipo editorial<\/span><span class=\"meta-nav\">&rarr;<\/span><\/a><\/p>\n","protected":false},"author":1,"featured_media":0,"parent":0,"menu_order":5,"comment_status":"closed","ping_status":"closed","template":"","meta":{"_uag_custom_page_level_css":"","_monsterinsights_skip_tracking":false,"_monsterinsights_sitenote_active":false,"_monsterinsights_sitenote_note":"","_monsterinsights_sitenote_category":0,"cybocfi_hide_featured_image":"","footnotes":""},"class_list":["post-111","page","type-page","status-publish","hentry"],"uagb_featured_image_src":{"full":false,"thumbnail":false,"medium":false,"medium_large":false,"large":false,"1536x1536":false,"2048x2048":false,"gb-block-post-grid-landscape":false,"gb-block-post-grid-square":false,"featured-slider-larger":false,"featured-slider":false},"uagb_author_info":{"display_name":"Universidad de las Artes","author_link":"https:\/\/www.uartes.edu.ec\/sitio\/sonocordia\/author\/dircomadm\/"},"uagb_comment_info":0,"uagb_excerpt":"Universidad de las Artes Rector Saidel Brito Santiago Vicerrectora Acad\u00e9mica Yulianela L\u00f3pez Garc\u00eda Vicerrector de Investigaci\u00f3n y Postgrado Andrey Mijail Astaiza Vallejo Revista Sonocordia Direcci\u00f3n editorial Luis P\u00e9rez-Valero Coordinaci\u00f3n editorial Omar Dom\u00ednguez Editora asociada Bernarda Ubidia Dise\u00f1o y soporte Direcci\u00f3n Seguir leyendo Equipo editorial&rarr;","featured_image_src":null,"featured_image_src_square":null,"distributor_meta":false,"distributor_terms":false,"distributor_media":false,"distributor_original_site_name":"Sonocordia","distributor_original_site_url":"https:\/\/www.uartes.edu.ec\/sitio\/sonocordia","push-errors":false,"_links":{"self":[{"href":"https:\/\/www.uartes.edu.ec\/sitio\/sonocordia\/wp-json\/wp\/v2\/pages\/111","targetHints":{"allow":["GET"]}}],"collection":[{"href":"https:\/\/www.uartes.edu.ec\/sitio\/sonocordia\/wp-json\/wp\/v2\/pages"}],"about":[{"href":"https:\/\/www.uartes.edu.ec\/sitio\/sonocordia\/wp-json\/wp\/v2\/types\/page"}],"author":[{"embeddable":true,"href":"https:\/\/www.uartes.edu.ec\/sitio\/sonocordia\/wp-json\/wp\/v2\/users\/1"}],"replies":[{"embeddable":true,"href":"https:\/\/www.uartes.edu.ec\/sitio\/sonocordia\/wp-json\/wp\/v2\/comments?post=111"}],"version-history":[{"count":9,"href":"https:\/\/www.uartes.edu.ec\/sitio\/sonocordia\/wp-json\/wp\/v2\/pages\/111\/revisions"}],"predecessor-version":[{"id":442,"href":"https:\/\/www.uartes.edu.ec\/sitio\/sonocordia\/wp-json\/wp\/v2\/pages\/111\/revisions\/442"}],"wp:attachment":[{"href":"https:\/\/www.uartes.edu.ec\/sitio\/sonocordia\/wp-json\/wp\/v2\/media?parent=111"}],"curies":[{"name":"wp","href":"https:\/\/api.w.org\/{rel}","templated":true}]}}

<h3 class="wp-block-heading">Universidad de las Artes</h3>



<h5 class="wp-block-heading">Rector</h5>



<p>Saidel Brito Santiago</p>



<h5 class="wp-block-heading">Vicerrectora Académica</h5>



<p>Yulianela López García</p>



<h5 class="wp-block-heading">Vicerrector de Investigación y Postgrado</h5>



<p>Andrey Mijail Astaiza Vallejo</p>



<div style="height:50px" aria-hidden="true" class="wp-block-spacer"></div>













<div style="height:50px" aria-hidden="true" class="wp-block-spacer"></div>



<h3 class="wp-block-heading">Revista Sonocordia</h3>



<h5 class="wp-block-heading">Dirección editorial</h5>



<p><a href="mailto:luis.perez@uartes.edu.ec">Luis Pérez-Valero <i class="icon fa fa-envelope" aria-hidden="true"> </i></a></p>



<h5 class="wp-block-heading">Coordinación editorial</h5>



<p><a href="mailto:omar.dominguez@uartes.edu.ec">Omar Domínguez <i class="icon fa fa-envelope" aria-hidden="true"> </i></a></p>



<h5 class="wp-block-heading">Editora asociada</h5>



<p><a href="mailto:bernarda.ubidia@uartes.edu.ec">Bernarda Ubidia <i class="icon fa fa-envelope" aria-hidden="true"> </i></a></p>



<h5 class="wp-block-heading">Diseño y soporte</h5>



<p><a href="mailto:direccion.comunicacion@uartes.edu.ec">Dirección de Comunicación <i class="icon fa fa-envelope" aria-hidden="true"> </i></a></p>



<h5 class="wp-block-heading">Comité Científico Editorial de Sonocordia</h5>



<p>Johanna Abril, Universidad de las Américas (Ecuador)<br>Jannet Alvarado, Universidad de Cuenca (Ecuador)<br>Claudia Fallallero, Gabinete de Patrimonio Musical Esteban Salas (Cuba)<br>Pablo Freiberg, Universidad de las Artes (Argentina)<br><a href="mailto:adina.izarra@uartes.edu.ec">Adina Izarra, Universidad de las Artes (Ecuador) <i class="icon fa fa-envelope" aria-hidden="true"> </i></a><br><a href="mailto:david.delosreyes@uartes.edu.ec">David de los Reyes, Universidad de las Artes (Ecuador) <i class="icon fa fa-envelope" aria-hidden="true"> </i></a><br>Ketty Wong, Universidad de Kansas (Estados Unidos)</p>



<h5 class="wp-block-heading">Consejo Asesor</h5>



<p>Miguel Álvarez-Fernández, Ars Sonora &#8211; Radio Nacional de España (España)&nbsp;<br><a href="mailto:andrey.astaiza@uartes.edu.ec">Andrey Astaiza, Universidad de las Artes (Ecuador) <i class="icon fa fa-envelope" aria-hidden="true"> </i></a><br>Susana Campos-Fonseca, Universidad de Costa Rica (Costa Rica)<br>Miriam Escudero Suástegui, Gabinete de Patrimonio Musical Esteban Salas (Cuba)<br>Ana María Ochoa, Universidad de Columbia (Estados Unidos)<br>Carmen Pardo, Universidad de Girona (España)<br>Rodrigo Sigal, Centro Mexicano para la Música y las Artes Sonoras (México)</p>



<h5 class="wp-block-heading">Socios Editoriales</h5>



<p><a href="http://mz14.uartes.edu.ec/editorial/">UArtes Ediciones <i class="icon fa fa-link" aria-hidden="true"> </i></a></p>



<p></p>

<p>Universidad de las Artes Rector Saidel Brito Santiago Vicerrectora Académica Yulianela López García Vicerrector de Investigación y Postgrado Andrey Mijail Astaiza Vallejo Revista Sonocordia Dirección editorial Luis Pérez-Valero Coordinación editorial Omar Domínguez Editora asociada Bernarda Ubidia Diseño y soporte Dirección <a class="more-link" href="http://www.uartes.edu.ec/sitio/sonocordia/equipo-editorial/">Seguir leyendo <span class="screen-reader-text">  Equipo editorial</span><span class="meta-nav">&rarr;</span></a></p>

Universidad de las Artes Rector Saidel Brito Santiago Vicerrectora Académica Yulianela López García Vicerrector de Investigación y Postgrado Andrey Mijail Astaiza Vallejo Revista Sonocordia Dirección editorial Luis Pérez-Valero Coordinación editorial Omar Domínguez Editora asociada Bernarda Ubidia Diseño y soporte Dirección Seguir leyendo Equipo editorial&rarr;
